{"id":51134,"guid":{"rendered":"https:\/\/graf.cat\/?post_type=event&#038;p=51134"},"modified":"2025-09-29T12:39:25","modified_gmt":"2025-09-29T10:39:25","slug":"dimecres-de-so-i-cos-cos-a-cos-de-sol-pico","status":"publish","type":"event","link":"https:\/\/graf.cat\/es\/events\/event\/dimecres-de-so-i-cos-cos-a-cos-de-sol-pico\/","title":{"rendered":"Dimecres de so i cos &#8211; COS A COS, DE SOL PIC\u00d3"},"content":{"rendered":"","protected":false},"excerpt":{"rendered":"","protected":false},"author":19,"featured_media":51125,"template":"","meta":{"_acf_changed":false,"_monsterinsights_skip_tracking":false,"_monsterinsights_sitenote_active":false,"_monsterinsights_sitenote_note":"","_monsterinsights_sitenote_category":0},"event-venues":[],"event-tags":[],"class_list":["post-51134","event","type-event","status-publish","has-post-thumbnail","hentry","event-category-arts-in-viu"],"acf":{"title_ca":"Dimecres de so i cos - COS A COS, DE SOL PIC\u00d3 ","title_es":"Mi\u00e9rcoles de sonido y cuerpo - Cos a cos, de Sol Pic\u00f3","title_en":"Wednesdays of sound and body - Cos a cos, by Sol Pic\u00f3","desc_ca":"DIMECRES DE SO I COS - SALA BAR\r\nAmb Sol Pic\u00f3\r\n\r\nUn cos en pres\u00e8ncia. Una respiraci\u00f3 compartida. Una dansa sense artificis.\r\n\r\nSol Pic\u00f3 proposa un solo improvisat que neix del silenci i s\u2019acompanya del so captivador de la flauta shakuhachi de Miquel Jord\u00e1. Junts obren un espai \u00edntim i espiritual on el moviment esdev\u00e9 canal i pres\u00e8ncia.\r\n\r\nUna conversa sense paraules entre el cos i el p\u00fablic.\r\n\r\nUn intent de suspendre el pensament i convidar-nos a sentir. A reconnectar amb el nostre propi moviment. Amb l\u2019ess\u00e8ncia. No es tracta de mirar, sin\u00f3 d\u2019habitar l\u2019experi\u00e8ncia.\r\n\r\nUna trobada ef\u00edmera que convida a l\u2019escolta profunda i a la connexi\u00f3.\r\n\r\nUna improvisaci\u00f3 de dansa i so que obre un espai de pres\u00e8ncia compartida, on el p\u00fablic \u00e9s convidat a escoltar, sentir i reconnectar amb el propi cos.","desc_es":"https:\/\/www.santamonica.cat\/es\/exposicions-i-activitats\/dimecres-de-so-i-cos\/2025\/cos-a-cos-de-sol-pico","desc_en":"https:\/\/www.santamonica.cat\/en\/exposicions-i-activitats\/dimecres-de-so-i-cos\/2025\/cos-a-cos-de-sol-pico","event_category":440,"event_show_only_own_date":false,"_event_confirmed":true,"_event_public":true,"_event_free":true,"_event_price-min":"","_event_price-max":"","_event_web_ca":"https:\/\/www.santamonica.cat\/ca\/exposicions-i-activitats\/dimecres-de-so-i-cos\/2025\/cos-a-cos-de-sol-pico","_event_web_es":"","_event_web_en":"","event_contact_email":"","event_apply_email":"","is_online_event":false,"is_art_nou_event":false,"is_bgw_event":false,"date_text":"","register_deadline":null,"altres_organitzadors":""},"abe_event_venue":null,"abe_event_category":"Arts en Viu","start":"2025-10-08 19:00:00","end":"2025-10-08 20:00:00","schedule":"once","schedule_meta":"","frequency":1,"all_day":0,"until":"2025-10-08 19:00:00","include":[],"exclude":[],"_links":{"self":[{"href":"https:\/\/graf.cat\/es\/wp-json\/wp\/v2\/events\/51134","targetHints":{"allow":["GET"]}}],"collection":[{"href":"https:\/\/graf.cat\/es\/wp-json\/wp\/v2\/events"}],"about":[{"href":"https:\/\/graf.cat\/es\/wp-json\/wp\/v2\/types\/event"}],"author":[{"embeddable":true,"href":"https:\/\/graf.cat\/es\/wp-json\/wp\/v2\/users\/19"}],"occurrences":[{"embeddable":true,"href":"https:\/\/graf.cat\/es\/wp-json\/wp\/v2\/events\/51134\/occurrences"}],"acf:term":[{"embeddable":true,"taxonomy":"event-category","href":"https:\/\/graf.cat\/es\/wp-json\/wp\/v2\/event-category\/440"}],"wp:featuredmedia":[{"embeddable":true,"href":"https:\/\/graf.cat\/es\/wp-json\/wp\/v2\/media\/51125"}],"wp:attachment":[{"href":"https:\/\/graf.cat\/es\/wp-json\/wp\/v2\/media?parent=51134"}],"wp:term":[{"taxonomy":"event-venue","embeddable":true,"href":"https:\/\/graf.cat\/es\/wp-json\/wp\/v2\/event-venues?post=51134"},{"taxonomy":"event-tag","embeddable":true,"href":"https:\/\/graf.cat\/es\/wp-json\/wp\/v2\/event-tags?post=51134"}],"curies":[{"name":"wp","href":"https:\/\/api.w.org\/{rel}","templated":true}]}}

Dimecres de so i cos &#8211; COS A COS, DE SOL PICÓ

Dimecres de so i cos - COS A COS, DE SOL PICÓ

Miércoles de sonido y cuerpo - Cos a cos, de Sol Picó

Wednesdays of sound and body - Cos a cos, by Sol Picó

DIMECRES DE SO I COS - SALA BAR
Amb Sol Picó

Un cos en presència. Una respiració compartida. Una dansa sense artificis.

Sol Picó proposa un solo improvisat que neix del silenci i s’acompanya del so captivador de la flauta shakuhachi de Miquel Jordá. Junts obren un espai íntim i espiritual on el moviment esdevé canal i presència.

Una conversa sense paraules entre el cos i el públic.

Un intent de suspendre el pensament i convidar-nos a sentir. A reconnectar amb el nostre propi moviment. Amb l’essència. No es tracta de mirar, sinó d’habitar l’experiència.

Una trobada efímera que convida a l’escolta profunda i a la connexió.

Una improvisació de dansa i so que obre un espai de presència compartida, on el públic és convidat a escoltar, sentir i reconnectar amb el propi cos.
