{"id":51419,"guid":{"rendered":"https:\/\/graf.cat\/?post_type=event&#038;p=51419"},"modified":"2025-10-17T19:52:10","modified_gmt":"2025-10-17T17:52:10","slug":"laura-llaneli-llindar-lleu-a-cura-de-rosa-lleo-25-10-2025-01-02-2026","status":"publish","type":"event","link":"https:\/\/graf.cat\/es\/events\/event\/laura-llaneli-llindar-lleu-a-cura-de-rosa-lleo-25-10-2025-01-02-2026\/","title":{"rendered":"Laura Llaneli. Llindar lleu A cura de Rosa Lle\u00f3."},"content":{"rendered":"","protected":false},"excerpt":{"rendered":"","protected":false},"author":5,"featured_media":51437,"template":"","meta":{"_acf_changed":false,"_monsterinsights_skip_tracking":false,"_monsterinsights_sitenote_active":false,"_monsterinsights_sitenote_note":"","_monsterinsights_sitenote_category":0},"event-venues":[67],"event-tags":[],"class_list":["post-51419","event","type-event","status-publish","has-post-thumbnail","hentry","event-venue-centre-dart-la-panera","event-category-exposicio"],"acf":{"title_ca":"Laura Llaneli. Llindar lleu A cura de Rosa Lle\u00f3.  ","title_es":"Laura Llaneli. Llindar lleu A cargo de Rosa Lle\u00f3","title_en":"Laura Llaneli. Llindar lleu. Curated by Rosa Lle\u00f3\u201d","desc_ca":"\u00abLlindar lleu\u00bb \u00e9s una exposici\u00f3 per ser escoltada. Per\u00f2 quines s\u00f3n les pautes, la predisposici\u00f3, els llocs on hem de parar atenci\u00f3?\r\n\r\n&nbsp;\r\n\r\nActivem l\u2019escolta volunt\u00e0riament. Emergir\u00e0 en l\u2019espai all\u00f2 gaireb\u00e9 imperceptible, el xiuxiueig, la reverberaci\u00f3 o el silenci. Quins efectes emocionals ens genera?\r\n\r\n&nbsp;\r\n\r\nCaminant per l\u2019exposici\u00f3, apareixer\u00e0 una altra mena de so, aquell sobre el qual llegim les obres, que prov\u00e9 de la imaginaci\u00f3, de la mem\u00f2ria, d\u2019un concepte, de quelcom oblidat. Pot ser el so de fons, el soroll silenciat, un crit ja sentit.\r\n\r\n&nbsp;\r\n\r\nEscoltem la vibraci\u00f3 que ens interconnecta. Com sonen els cossos i els objectes? Hi ha una freq\u00fc\u00e8ncia comuna a totes les coses?\r\n\r\n&nbsp;\r\n\r\nPartint del treball de pensadores com Pauline Oliveros o Laurie Anderson, les obres de Laura Llaneli ens conviden a una escolta atenta, a exercitar aquest sentit tant en el conjunt de la mostra com en cada una de les seves obres de manera selectiva, per poder-ne pensar aix\u00ed tamb\u00e9 les implicacions conceptuals i pol\u00edtiques. La relaci\u00f3 que tenim amb el m\u00f3n \u00e9s fonamentalment visual \u2014en el m\u00f3n occidental urb\u00e0. Tradicionalment, l\u2019art contemporani, visitat en cubs m\u00e9s o menys blancs, incorpora el so amb un cert recel o pensat com a acompanyament o mera \u00abactivaci\u00f3\u00bb temporal. Amb obres fetes durant m\u00e9s d\u2019una d\u00e8cada de treball en aquestes l\u00ednies, l\u2019exposici\u00f3 proposa, de manera individual o col\u00b7lectiva, aprofundir en l\u2019escolta per entendre la riquesa i els matisos del so com a camp po\u00e8tic i art\u00edstic. Una diverg\u00e8ncia al soroll i a la tirania incessant d\u2019un m\u00f3n visual hipersaturat.\r\n\r\n&nbsp;","desc_es":"\u00abUmbral leve\u00bb es una exposici\u00f3n para ser escuchada. \u00bfPero cu\u00e1les son las pautas, la predisposici\u00f3n, los lugares donde debemos poner atenci\u00f3n?\r\n\r\nActivemos la escucha voluntariamente. Emerger\u00e1 en el espacio aquello casi imperceptible, el susurro, la reverberaci\u00f3n o el silencio. \u00bfQu\u00e9 efectos emocionales nos genera?\r\n\r\nAndando por la exposici\u00f3n, aparecer\u00e1 otro tipo de sonido, aquel sobre el que leemos las obras, que proviene de la imaginaci\u00f3n, de la memoria, de un concepto, de algo olvidado. Puede ser el sonido de fondo, el ruido silenciado, un grito ya o\u00eddo.\r\n\r\n&nbsp;\r\n\r\nEscuchemos la vibraci\u00f3n que nos interconecta. \u00bfC\u00f3mo suenan los cuerpos y los objetos? \u00bfExiste una frecuencia com\u00fan a todas las cosas?\r\n\r\n&nbsp;\r\n\r\nPartiendo del trabajo de pensadoras como Pauline Oliveros o Laurie Anderson, las obras de Laura Llaneli nos invitan a una escucha atenta, a ejercitar este sentido tanto en el conjunto de la muestra como en cada una de sus obras de manera selectiva, para poder pensar as\u00ed tambi\u00e9n sus implicaciones conceptuales y pol\u00edticas. La relaci\u00f3n que tenemos con el mundo es fundamentalmente visual \u2014en el mundo occidental urbano\u2014. Tradicionalmente, el arte contempor\u00e1neo, visitado en cubos m\u00e1s o menos blancos, incorpora el sonido con cierto recelo o pensado como acompa\u00f1amiento o mera \u00abactivaci\u00f3n\u00bb temporal. Con obras realizadas durante m\u00e1s de una d\u00e9cada de trabajo en estas l\u00edneas, la exposici\u00f3n propone, de manera individual o colectiva, profundizar en la escucha para entender la riqueza y los matices del sonido como campo po\u00e9tico y art\u00edstico. Una divergencia al ruido y a la incesante tiran\u00eda de un mundo visual hipersaturado.","desc_en":"<p data-start=\"60\" data-end=\"219\"><strong data-start=\"60\" data-end=\"77\">\u201cUmbral leve\u201d<\/strong> is an exhibition meant to be listened to. But what are the guidelines, the predispositions, the places where we should focus our attention?<\/p>\r\n<p data-start=\"221\" data-end=\"412\">Let us activate our listening voluntarily. In the space, the almost imperceptible will emerge \u2014 the whisper, the reverberation, or the silence. What emotional effects do they produce in us?<\/p>\r\n<p data-start=\"414\" data-end=\"694\">As we walk through the exhibition, another kind of sound will appear \u2014 the one through which we read the works \u2014 a sound that comes from imagination, from memory, from a concept, from something forgotten. It may be the background noise, the silenced murmur, or a cry once heard.<\/p>\r\n<p data-start=\"696\" data-end=\"827\">Let us listen to the vibration that interconnects us. How do bodies and objects sound? Is there a frequency common to all things?<\/p>\r\n<p data-start=\"829\" data-end=\"1146\">Drawing from the work of thinkers such as Pauline Oliveros and Laurie Anderson, Laura Llaneli\u2019s pieces invite us to attentive listening \u2014 to exercise this sense throughout the exhibition as a whole and within each individual work selectively, in order to also reflect on their conceptual and political implications.<\/p>\r\n<p data-start=\"1148\" data-end=\"1428\">Our relationship with the world is primarily visual \u2014 especially within the urban Western context. Traditionally, contemporary art, displayed in more or less white cubes, incorporates sound somewhat reluctantly, often treating it as accompaniment or mere temporary \u201cactivation.\u201d<\/p>\r\n<p data-start=\"1430\" data-end=\"1751\">With works created over more than a decade of exploration along these lines, the exhibition proposes \u2014 individually and collectively \u2014 to deepen our listening, to grasp the richness and nuances of sound as a poetic and artistic field. A divergence from noise and the relentless tyranny of an oversaturated visual world.<\/p>","event_category":103,"event_show_only_own_date":false,"_event_confirmed":true,"_event_public":true,"_event_free":true,"_event_price-min":"","_event_price-max":"","_event_web_ca":"https:\/\/www.lapanera.cat\/ca\/programacio\/exposicions\/laura-llanel-mic-check","_event_web_es":"","_event_web_en":"","event_contact_email":"","event_apply_email":"","is_online_event":false,"is_art_nou_event":false,"is_bgw_event":false,"date_text":"","register_deadline":null,"altres_organitzadors":""},"abe_event_venue":"Centre d'art la Panera","abe_event_category":"Exposici\u00f3","start":"2025-10-25 12:00:00","end":"2026-02-01 14:00:00","schedule":"once","schedule_meta":"","frequency":1,"all_day":0,"until":"2025-10-25 12:00:00","include":[],"exclude":[],"_links":{"self":[{"href":"https:\/\/graf.cat\/es\/wp-json\/wp\/v2\/events\/51419","targetHints":{"allow":["GET"]}}],"collection":[{"href":"https:\/\/graf.cat\/es\/wp-json\/wp\/v2\/events"}],"about":[{"href":"https:\/\/graf.cat\/es\/wp-json\/wp\/v2\/types\/event"}],"author":[{"embeddable":true,"href":"https:\/\/graf.cat\/es\/wp-json\/wp\/v2\/users\/5"}],"occurrences":[{"embeddable":true,"href":"https:\/\/graf.cat\/es\/wp-json\/wp\/v2\/events\/51419\/occurrences"}],"acf:term":[{"embeddable":true,"taxonomy":"event-category","href":"https:\/\/graf.cat\/es\/wp-json\/wp\/v2\/event-category\/103"}],"wp:featuredmedia":[{"embeddable":true,"href":"https:\/\/graf.cat\/es\/wp-json\/wp\/v2\/media\/51437"}],"wp:attachment":[{"href":"https:\/\/graf.cat\/es\/wp-json\/wp\/v2\/media?parent=51419"}],"wp:term":[{"taxonomy":"event-venue","embeddable":true,"href":"https:\/\/graf.cat\/es\/wp-json\/wp\/v2\/event-venues?post=51419"},{"taxonomy":"event-tag","embeddable":true,"href":"https:\/\/graf.cat\/es\/wp-json\/wp\/v2\/event-tags?post=51419"}],"curies":[{"name":"wp","href":"https:\/\/api.w.org\/{rel}","templated":true}]}}

Laura Llaneli. Llindar lleu A cura de Rosa Lleó.

Laura Llaneli. Llindar lleu A cargo de Rosa Lleó

Laura Llaneli. Llindar lleu. Curated by Rosa Lleó”

«Llindar lleu» és una exposició per ser escoltada. Però quines són les pautes, la predisposició, els llocs on hem de parar atenció?

&nbsp;

Activem l’escolta voluntàriament. Emergirà en l’espai allò gairebé imperceptible, el xiuxiueig, la reverberació o el silenci. Quins efectes emocionals ens genera?

&nbsp;

Caminant per l’exposició, apareixerà una altra mena de so, aquell sobre el qual llegim les obres, que prové de la imaginació, de la memòria, d’un concepte, de quelcom oblidat. Pot ser el so de fons, el soroll silenciat, un crit ja sentit.

&nbsp;

Escoltem la vibració que ens interconnecta. Com sonen els cossos i els objectes? Hi ha una freqüència comuna a totes les coses?

&nbsp;

Partint del treball de pensadores com Pauline Oliveros o Laurie Anderson, les obres de Laura Llaneli ens conviden a una escolta atenta, a exercitar aquest sentit tant en el conjunt de la mostra com en cada una de les seves obres de manera selectiva, per poder-ne pensar així també les implicacions conceptuals i polítiques. La relació que tenim amb el món és fonamentalment visual —en el món occidental urbà. Tradicionalment, l’art contemporani, visitat en cubs més o menys blancs, incorpora el so amb un cert recel o pensat com a acompanyament o mera «activació» temporal. Amb obres fetes durant més d’una dècada de treball en aquestes línies, l’exposició proposa, de manera individual o col·lectiva, aprofundir en l’escolta per entendre la riquesa i els matisos del so com a camp poètic i artístic. Una divergència al soroll i a la tirania incessant d’un món visual hipersaturat.

&nbsp;

«Umbral leve» es una exposición para ser escuchada. ¿Pero cuáles son las pautas, la predisposición, los lugares donde debemos poner atención?

Activemos la escucha voluntariamente. Emergerá en el espacio aquello casi imperceptible, el susurro, la reverberación o el silencio. ¿Qué efectos emocionales nos genera?

Andando por la exposición, aparecerá otro tipo de sonido, aquel sobre el que leemos las obras, que proviene de la imaginación, de la memoria, de un concepto, de algo olvidado. Puede ser el sonido de fondo, el ruido silenciado, un grito ya oído.

&nbsp;

Escuchemos la vibración que nos interconecta. ¿Cómo suenan los cuerpos y los objetos? ¿Existe una frecuencia común a todas las cosas?

&nbsp;

Partiendo del trabajo de pensadoras como Pauline Oliveros o Laurie Anderson, las obras de Laura Llaneli nos invitan a una escucha atenta, a ejercitar este sentido tanto en el conjunto de la muestra como en cada una de sus obras de manera selectiva, para poder pensar así también sus implicaciones conceptuales y políticas. La relación que tenemos con el mundo es fundamentalmente visual —en el mundo occidental urbano—. Tradicionalmente, el arte contemporáneo, visitado en cubos más o menos blancos, incorpora el sonido con cierto recelo o pensado como acompañamiento o mera «activación» temporal. Con obras realizadas durante más de una década de trabajo en estas líneas, la exposición propone, de manera individual o colectiva, profundizar en la escucha para entender la riqueza y los matices del sonido como campo poético y artístico. Una divergencia al ruido y a la incesante tiranía de un mundo visual hipersaturado.

Exposició
