{"id":51447,"guid":{"rendered":"https:\/\/graf.cat\/?post_type=event&#038;p=51447"},"modified":"2025-10-18T13:32:17","modified_gmt":"2025-10-18T11:32:17","slug":"nobody-puts-baby-in-the-corner","status":"publish","type":"event","link":"https:\/\/graf.cat\/es\/events\/event\/nobody-puts-baby-in-the-corner\/","title":{"rendered":"NOBODY PUTS BABY IN A CORNER"},"content":{"rendered":"","protected":false},"excerpt":{"rendered":"","protected":false},"author":151,"featured_media":51575,"template":"","meta":{"_acf_changed":false,"_monsterinsights_skip_tracking":false,"_monsterinsights_sitenote_active":false,"_monsterinsights_sitenote_note":"","_monsterinsights_sitenote_category":0},"event-venues":[613],"event-tags":[],"class_list":["post-51447","event","type-event","status-publish","has-post-thumbnail","hentry","event-venue-lab36","event-category-exposicio"],"acf":{"title_ca":"NOBODY PUTS BABY IN A CORNER","title_es":"NOBODY PUTS BABY IN A CORNER","title_en":"NOBODY PUTS BABY IN A CORNER","desc_ca":"LAB 36 presenta \"<em>Nobody puts baby in a corner<\/em>\" coincidint amb l\u2019inci de una nova edici\u00f3 del Barcelona Design Week.\r\n\r\nL'artista\u00a0<strong>Maja Michaelsdotter<\/strong>\u00a0transforma l'espai amb escultures t\u00e8xtils i una escenografia audiovisual immersiva que convida a reflexionar sobre l'autonomia reproductiva de la dona.\r\n\r\nLa plataforma sueca d'art feminista\u00a0<strong>Misschiefs<\/strong>, fundada i dirigida per la comiss\u00e0ria sueca\u00a0<strong>Paola Bj\u00e4ringer<\/strong>, debuta a Espanya amb aquesta proposta que s'emmarca dins de la programaci\u00f3\u00a0<strong>OFF BDW<\/strong>\u00a0abans d'iniciar la seva gira per Europa i els EU.UU.\r\n\r\nL'exposici\u00f3, que combina escultura t\u00e8xtil, so, llum i v\u00eddeo en un entorn escenogr\u00e0fic envolupant.\r\n\r\n&nbsp;\r\n\r\n<span style=\"font-family: verdana, sans-serif;\"><b>Entrada libre<\/b><\/span>\r\n\r\n<span style=\"font-family: verdana, sans-serif;\"><b>Horario de apertura<\/b>: Martes-viernes 16:00\u201319:00 hrs \/ S\u00e1bado 11:30\u201314:00 hrs.<\/span>\r\n\r\n&nbsp;\r\n<div class=\"gmail_default\">\r\n<ul>\r\n \t<li><span style=\"font-family: verdana, sans-serif;\">Cr\u00e9dito fotograf\u00eda:\u00a0<b>\u00a9 Ketevan\u00a0<\/b><\/span><span style=\"font-family: verdana, sans-serif;\"><b>Gvinepadze<\/b><\/span><\/li>\r\n<\/ul>\r\n<\/div>","desc_es":"LAB 36 presenta \"<em>Nobody puts baby in a corner<\/em>\" coincidiendo con el inicio de una nueva edici\u00f3n del Barcelona Design Week.\r\n\r\nLa artista\u00a0<strong>Maja Michaelsdotter<\/strong>\u00a0transforma el espacio con esculturas textiles y una escenograf\u00eda\u00a0<strong>audiovisual inmersiva<\/strong>\u00a0que invita a reflexionar sobre la autonom\u00eda reproductiva de la mujer.\r\n\r\nLa plataforma sueca de arte feminista\u00a0<strong>Misschiefs<\/strong>, fundada y dirigida por la comisaria sueca\u00a0<strong>Paola Bj\u00e4ringer<\/strong>,\u00a0debuta en Espa\u00f1a con esta propuesta que se enmarca dentro de la programaci\u00f3n\u00a0<strong>OFF BDW<\/strong>\u00a0antes de iniciar su gira por Europa y EE.UU.\r\n\r\nLa exposici\u00f3n, que combina escultura textil, sonido, luz y video en un entorno escenogr\u00e1fico envolvente.\r\n\r\n&nbsp;\r\n\r\n<span style=\"font-family: verdana, sans-serif;\"><b>Entrada libre<\/b><\/span>\r\n\r\n<span style=\"font-family: verdana, sans-serif;\"><b>Horario de apertura<\/b>: Martes-viernes 16:00\u201319:00 hrs \/ S\u00e1bado 11:30\u201314:00 hrs.<\/span>\r\n\r\n&nbsp;\r\n<div class=\"gmail_default\">\r\n<ul>\r\n \t<li><span style=\"font-family: verdana, sans-serif;\">Cr\u00e9dito fotograf\u00eda:\u00a0<b>\u00a9 Ketevan\u00a0<\/b><\/span><span style=\"font-family: verdana, sans-serif;\"><b>Gvinepadze<\/b><\/span><\/li>\r\n<\/ul>\r\n<\/div>","desc_en":"LAB 36 presents \"<em>Nobody puts baby in a corner<\/em>\" coinciding with the launch of a new edition of\u00a0<strong>Barcelona Design Week<\/strong>.\r\n\r\nArtist\u00a0<strong>Maja Michaelsdotter<\/strong>\u00a0transforms the space with textile sculptures and an immersive audiovisual scenography that invites reflection on women's reproductive autonomy.\r\n\r\nThe feminist Swedish art platform\u00a0<strong>Misschiefs<\/strong>, founded and directed by Swedish curator\u00a0<strong>Paola Bj\u00e4ringer<\/strong>, makes its Spanish debut with this exhibition, part of the\u00a0<strong>OFF BDW<\/strong>\u00a0program before beginning its European and U.S. tour.\r\n\r\nThe exhibition, which combines textile sculpture, sound, light, and video in an enveloping scenographic environment.\r\n\r\n&nbsp;\r\n\r\n<span style=\"font-family: verdana, sans-serif;\"><b>Entrada libre<\/b><\/span>\r\n\r\n<span style=\"font-family: verdana, sans-serif;\"><b>Horario de apertura<\/b>: Martes-viernes 16:00\u201319:00 hrs \/ S\u00e1bado 11:30\u201314:00 hrs.<\/span>\r\n\r\n&nbsp;\r\n<div class=\"gmail_default\">\r\n<ul>\r\n \t<li><span style=\"font-family: verdana, sans-serif;\">Cr\u00e9dito fotograf\u00eda:\u00a0<b>\u00a9 Ketevan\u00a0<\/b><\/span><span style=\"font-family: verdana, sans-serif;\"><b>Gvinepadze<\/b><\/span><\/li>\r\n<\/ul>\r\n<\/div>","event_category":103,"event_show_only_own_date":true,"_event_confirmed":true,"_event_public":true,"_event_free":true,"_event_price-min":"","_event_price-max":"","_event_web_ca":"https:\/\/misschiefs.se\/exhibition\/barcelona\/","_event_web_es":"https:\/\/misschiefs.se\/exhibition\/barcelona\/","_event_web_en":"https:\/\/misschiefs.se\/exhibition\/barcelona\/","event_contact_email":"","event_apply_email":"","is_online_event":false,"is_art_nou_event":false,"is_bgw_event":false,"date_text":"","register_deadline":null,"altres_organitzadors":""},"abe_event_venue":"LAB36","abe_event_category":"Exposici\u00f3","start":"2025-10-14 00:00:00","end":"2025-10-31 23:59:00","schedule":"once","schedule_meta":"","frequency":1,"all_day":1,"until":"2025-10-14 00:00:00","include":[],"exclude":[],"_links":{"self":[{"href":"https:\/\/graf.cat\/es\/wp-json\/wp\/v2\/events\/51447","targetHints":{"allow":["GET"]}}],"collection":[{"href":"https:\/\/graf.cat\/es\/wp-json\/wp\/v2\/events"}],"about":[{"href":"https:\/\/graf.cat\/es\/wp-json\/wp\/v2\/types\/event"}],"author":[{"embeddable":true,"href":"https:\/\/graf.cat\/es\/wp-json\/wp\/v2\/users\/151"}],"occurrences":[{"embeddable":true,"href":"https:\/\/graf.cat\/es\/wp-json\/wp\/v2\/events\/51447\/occurrences"}],"acf:term":[{"embeddable":true,"taxonomy":"event-category","href":"https:\/\/graf.cat\/es\/wp-json\/wp\/v2\/event-category\/103"}],"wp:featuredmedia":[{"embeddable":true,"href":"https:\/\/graf.cat\/es\/wp-json\/wp\/v2\/media\/51575"}],"wp:attachment":[{"href":"https:\/\/graf.cat\/es\/wp-json\/wp\/v2\/media?parent=51447"}],"wp:term":[{"taxonomy":"event-venue","embeddable":true,"href":"https:\/\/graf.cat\/es\/wp-json\/wp\/v2\/event-venues?post=51447"},{"taxonomy":"event-tag","embeddable":true,"href":"https:\/\/graf.cat\/es\/wp-json\/wp\/v2\/event-tags?post=51447"}],"curies":[{"name":"wp","href":"https:\/\/api.w.org\/{rel}","templated":true}]}}

LAB 36 presenta "<em>Nobody puts baby in a corner</em>" coincidint amb l’inci de una nova edició del Barcelona Design Week.

L'artista <strong>Maja Michaelsdotter</strong> transforma l'espai amb escultures tèxtils i una escenografia audiovisual immersiva que convida a reflexionar sobre l'autonomia reproductiva de la dona.

La plataforma sueca d'art feminista <strong>Misschiefs</strong>, fundada i dirigida per la comissària sueca <strong>Paola Bjäringer</strong>, debuta a Espanya amb aquesta proposta que s'emmarca dins de la programació <strong>OFF BDW</strong> abans d'iniciar la seva gira per Europa i els EU.UU.

L'exposició, que combina escultura tèxtil, so, llum i vídeo en un entorn escenogràfic envolupant.

&nbsp;

<span style="font-family: verdana, sans-serif;"><b>Entrada libre</b></span>

<span style="font-family: verdana, sans-serif;"><b>Horario de apertura</b>: Martes-viernes 16:00–19:00 hrs / Sábado 11:30–14:00 hrs.</span>

&nbsp;
<div class="gmail_default">
<ul>
 	<li><span style="font-family: verdana, sans-serif;">Crédito fotografía: <b>© Ketevan </b></span><span style="font-family: verdana, sans-serif;"><b>Gvinepadze</b></span></li>
</ul>
</div>

LAB 36 presenta "<em>Nobody puts baby in a corner</em>" coincidiendo con el inicio de una nueva edición del Barcelona Design Week.

La artista <strong>Maja Michaelsdotter</strong> transforma el espacio con esculturas textiles y una escenografía <strong>audiovisual inmersiva</strong> que invita a reflexionar sobre la autonomía reproductiva de la mujer.

La plataforma sueca de arte feminista <strong>Misschiefs</strong>, fundada y dirigida por la comisaria sueca <strong>Paola Bjäringer</strong>, debuta en España con esta propuesta que se enmarca dentro de la programación <strong>OFF BDW</strong> antes de iniciar su gira por Europa y EE.UU.

La exposición, que combina escultura textil, sonido, luz y video en un entorno escenográfico envolvente.

&nbsp;

<span style="font-family: verdana, sans-serif;"><b>Entrada libre</b></span>

<span style="font-family: verdana, sans-serif;"><b>Horario de apertura</b>: Martes-viernes 16:00–19:00 hrs / Sábado 11:30–14:00 hrs.</span>

&nbsp;
<div class="gmail_default">
<ul>
 	<li><span style="font-family: verdana, sans-serif;">Crédito fotografía: <b>© Ketevan </b></span><span style="font-family: verdana, sans-serif;"><b>Gvinepadze</b></span></li>
</ul>
</div>

LAB 36 presents "<em>Nobody puts baby in a corner</em>" coinciding with the launch of a new edition of <strong>Barcelona Design Week</strong>.

Artist <strong>Maja Michaelsdotter</strong> transforms the space with textile sculptures and an immersive audiovisual scenography that invites reflection on women's reproductive autonomy.

The feminist Swedish art platform <strong>Misschiefs</strong>, founded and directed by Swedish curator <strong>Paola Bjäringer</strong>, makes its Spanish debut with this exhibition, part of the <strong>OFF BDW</strong> program before beginning its European and U.S. tour.

The exhibition, which combines textile sculpture, sound, light, and video in an enveloping scenographic environment.

&nbsp;

<span style="font-family: verdana, sans-serif;"><b>Entrada libre</b></span>

<span style="font-family: verdana, sans-serif;"><b>Horario de apertura</b>: Martes-viernes 16:00–19:00 hrs / Sábado 11:30–14:00 hrs.</span>

&nbsp;
<div class="gmail_default">
<ul>
 	<li><span style="font-family: verdana, sans-serif;">Crédito fotografía: <b>© Ketevan </b></span><span style="font-family: verdana, sans-serif;"><b>Gvinepadze</b></span></li>
</ul>
</div>

Exposició
