{"id":52268,"guid":{"rendered":"https:\/\/graf.cat\/?post_type=event&#038;p=52268"},"modified":"2025-10-31T13:58:46","modified_gmt":"2025-10-31T11:58:46","slug":"espai-cad-espai-obert","status":"publish","type":"event","link":"https:\/\/graf.cat\/es\/events\/event\/espai-cad-espai-obert\/","title":{"rendered":"ESPAI CAD, ESPAI OBERT"},"content":{"rendered":"","protected":false},"excerpt":{"rendered":"","protected":false},"author":172,"featured_media":52269,"template":"","meta":{"_acf_changed":false,"_monsterinsights_skip_tracking":false,"_monsterinsights_sitenote_active":false,"_monsterinsights_sitenote_note":"","_monsterinsights_sitenote_category":0},"event-venues":[750],"event-tags":[],"class_list":["post-52268","event","type-event","status-publish","has-post-thumbnail","hentry","event-venue-acvic","event-category-exposicio"],"acf":{"title_ca":"ESPAI CAD, ESPAI OBERT","title_es":"ESPAI CAD, ESPAI OBERT (ESPACIO CAD, ESPACIO ABIERTO)","title_en":"ESPAI CAD, ESPAI OBERT (CAD SPACE, OPEN SPACE)","desc_ca":"07\/11\/2025 - 29\/11\/2025\r\n\r\nExposici\u00f3 de<strong> Laia Blasco<\/strong>,<strong> Jonathan Chac\u00f3n<\/strong>,<strong> Andr\u00e9s Costa<\/strong>,<strong> Tim Cowlishaw<\/strong>,<strong> Enric Mor<\/strong>,<strong> Bernat Romagosa<\/strong>,<strong> Marta Royo<\/strong>,<strong> Eugenio Tisselli <\/strong>i els participants del<strong>\u00a0<em>Laboratori Cr\u00edtic de creaci\u00f3 digital i Intel\u00b7lig\u00e8ncia Artificial<\/em><\/strong>.\r\n\r\nA cura de <strong>Joan Soler-Adillon<\/strong>\r\n\r\n<strong>Inauguraci\u00f3<\/strong>, 7 de novembre a les 19.00 h\r\n\r\n<em><strong>Art de prop, art viu<\/strong><\/em>. El Cicle d\u2019Arts Digitals de Vic (CADVic) celebra la seva tercera edici\u00f3 consolidant la mirada cr\u00edtica i no conformista de les tecnologies digitals. Aquest cicle no busca ser un mer aparador d\u2019art basat en la tecnologia, sin\u00f3 un espai de di\u00e0leg i creativitat on l\u2019accent \u00e9s en l\u2019art i no en el digital. El lema d\u2019aquest any, art de prop, art viu, cerca una mirada a l\u2019art digital que defuig de les grans produccions i s\u2019acosta a l\u2019artista com a artes\u00e0, i a l\u2019obra que vol dir-nos coses i fer-nos moure.\r\n\r\nSeguint aquesta l\u00ednia, el CAD25 presenta l\u2019espai obert com una proposta expositiva viva en diversos sentits alhora. D\u2019una banda, perqu\u00e8 hi ha peces no necess\u00e0riament acabades, sin\u00f3 que s\u2019hi presenten b\u00e9 en un estadi germinal de creaci\u00f3, b\u00e9 com a propostes sempre canviants. En s\u00f3n exemples la pe\u00e7a sense t\u00edtol de Marta Royo, o ECIL, del grup DARTS i Bernat Romagosa. \u00c9s tamb\u00e9 viva perqu\u00e8 dues de les peces s\u00f3n resultat del cicle mateix, i estan encara en fase de creaci\u00f3 mentre l\u2019exposici\u00f3 va agafant forma. Guiats pels artistes Tim Cowlishaw, Enric Mor i Andr\u00e9s Costa, els participants del Laboratori Cr\u00edtic d'Intel\u00b7lig\u00e8ncia Artificial i Arts Digitals han fet un treball col\u00b7lectiu el resultat del qual es mostra en dues de les peces exposades. I finalment, pel clam a la vida que \u00e9s el Manifest de l\u2019art anti-modern de l\u2019artista Eugenio Tisselli, presentat aqu\u00ed com un mirall que posa de manifest moltes de les contradiccions actuals de l\u2019art digital.\r\n\r\nAquest conjunt de propostes vol ser una representaci\u00f3 coral de mirades i maneres de fer. \u00c9s art de prop perqu\u00e8 s\u00f3n peces en proc\u00e9s constant, fetes per ser vistes amb detall, que es poden tocar i que en alguns casos conviden a modificar-les, alterar-les i fer-les pr\u00f2pies. El CADVic vol convidar a mantenir aquesta proximitat i, tamb\u00e9, aquesta vida.","desc_es":"07\/11\/2025 - 29\/11\/2025\r\n\r\nExposici\u00f3n de <strong>Laia Blasco<\/strong>,<strong> Jonathan Chac\u00f3n<\/strong>,<strong> Andr\u00e9s Costa<\/strong>,<strong> Tim Cowlishaw<\/strong>,<strong> Enric Mor<\/strong>,<strong> Bernat Romagosa<\/strong>,<strong> Marta Royo<\/strong>,<strong> Eugenio Tisselli <\/strong>y los participantes del\u00a0<em><strong>Laboratori Cr\u00edtic de creaci\u00f3 digital i Intel\u00b7lig\u00e8ncia Artificial<\/strong><\/em>.\r\n\r\nA cargo de <strong>Joan Soler-Adillon<\/strong>\r\n\r\n<strong>Inauguraci\u00f3n<\/strong>, 7 de noviembre a las 19.00 h\r\n\r\n<em><strong>Art de prop, art viu.<\/strong><\/em> El Ciclo de Artes Digitales de Vic (CADVic) celebra su tercera edici\u00f3n consolidando la mirada cr\u00edtica y no conformista de las tecnolog\u00edas digitales. Este ciclo no busca ser un simple escaparate de arte basado en la tecnolog\u00eda, sino un espacio de di\u00e1logo y creatividad donde el acento est\u00e1 en el arte y no en lo digital. El lema de este a\u00f1o, art de cerca, arte vivo, busca una mirada al arte digital que huye de las grandes producciones y se acerca al artista como artesano y a la obra que quiere decirnos cosas y hacernos mover.\r\n\r\nSiguiendo esta l\u00ednea, el CAD25 presenta el espacio abierto como una propuesta expositiva viva en diversos sentidos al mismo tiempo. Por un lado, porque hay piezas no necesariamente acabadas, sino que se presentan bien en un estadio germinal de creaci\u00f3n, bien como propuestas siempre cambiantes. Son ejemplos la pieza sin t\u00edtulo de Marta Royo o ECIL, del grupo DARTS y Bernat Romagosa. Es tambi\u00e9n viva porque dos de las piezas son resultado del ciclo mismo, y est\u00e1n a\u00fan en fase de creaci\u00f3n mientras la exposici\u00f3n va cogiendo forma. Guiados por los artistas Tim Cowlishaw, Enric Mor t Andr\u00e9s Costa, los participantes del Laboratorio Cr\u00edtico de Inteligencia Artificial y Artes Digitales han hecho un trabajo colectivo el resultado del cual se muestra en dos de las piezas expuestas. Y finalmente, por el grito a la vida que es el Manifiesto del arte anti-moderno del artista Eugenio Tisselli, presentado aqu\u00ed como un espejo que pone de manifiesto muchas de las contradicciones actuales del arte digital.\r\n\r\nEste conjunto de propuestas quiere ser una representaci\u00f3n coral de miradas y maneras de hacer. Es arte de cerca porque son piezas en proceso constante, hechas para ser vistas con detalle, que se pueden tocar y que en algunos casos invitan a modificarlas alterarlas y hacerlas propias. El CADVic quiere invitar a mantener esa proximidad y, tambi\u00e9n, esta vida.","desc_en":"07\/11\/2025 - 29\/11\/2025\r\n\r\nExhibition by<strong> Laia Blasco<\/strong>,<strong> Jonathan Chac\u00f3n<\/strong>,<strong> Andr\u00e9s Costa<\/strong>,<strong> Tim Cowlishaw<\/strong>,<strong> Enric Mor<\/strong>,<strong> Bernat Romagosa<\/strong>,<strong> Marta Royo<\/strong>,<strong> Eugenio Tisselli <\/strong>and<strong> <em>Laboratori Cr\u00edtic de creaci\u00f3 digital i Intel\u00b7lig\u00e8ncia Artificial<\/em><\/strong> participants.\r\n\r\nCurated by <strong>Joan Soler-Adillon<\/strong>\r\n\r\n<strong>Opening, <\/strong>November 7 at 7:00 p.m.\r\n\r\n<em><strong>Art up close, living art<\/strong><\/em>. Cicle d\u2019Arts Digitals de Vic (CADVic) celebrates its third edition consolidating the critical and non-conformist views of digital technologies. This annual meeting does not attempt to be a mere showcase of art based on technology, but rather a space for dialogue and creativity in which the emphasis is on art and not on the digital. This year's motto, Art up close, living art, examines digital art which avoids large productions, approaching the artist as an artisan, and the artwork as that which communicates to us and moves us.\r\n\r\nFollowing this line, CAD25 introduces L\u2019espai obert ( The open space) as a living exhibition proposal in more than one sense. First of all, because there are artworks which are not necessarily finished, but which are presented either in an embryonic stage of creation, or as ever-changing proposals. Examples of these works are the Untitled artwork by Marta Royo, or ECIL from the DARTS group and Bernat Romagosa. Secondly, it is also living because two of the artworks originated in the CAD25 meeting itself, and are presently in the creation phase while the exhibition is taking shape. Guided by artists Tim Cowlishaw, Enric Mor, and Andr\u00e9s Costa, the participants in the Laboratori Cr\u00edtic d'Intel\u00b7lig\u00e8ncia Artificial i Arts Digital(Critical Laboratory of Artificial Intelligence and Digital Arts) present two of their collective artworks in the exhibition. And finally, because of Eugenio Tisselli\u2019s Manifest de l\u2019art anti-modern (Manifesto of Anti-modern Art) which is an appeal to life, presented in the exhibition as a mirror that highlights many of the current contradictions of digital art.\r\n\r\nThis project showcase aims to be a choral representation of diverse perspectives. It is close-up art because these are artworks in constant process, made to be seen in detail, to be touched, and in some cases intended to invite the viewer to modify, alter, and make their own. CADVic invites you to maintain this proximity and, also, this life.","event_category":103,"event_show_only_own_date":true,"_event_confirmed":true,"_event_public":true,"_event_free":true,"_event_price-min":"","_event_price-max":"","_event_web_ca":"https:\/\/www.acvic.org\/ca\/projectes-expositius\/4336-espai-cad,-espai-obert","_event_web_es":"","_event_web_en":"","event_contact_email":"","event_apply_email":"","is_online_event":false,"is_art_nou_event":false,"is_bgw_event":false,"date_text":"","register_deadline":null,"altres_organitzadors":""},"abe_event_venue":"ACVIC","abe_event_category":"Exposici\u00f3","start":"2025-11-07 00:00:00","end":"2025-11-29 23:59:00","schedule":"once","schedule_meta":"","frequency":1,"all_day":1,"until":"2025-11-07 00:00:00","include":[],"exclude":[],"_links":{"self":[{"href":"https:\/\/graf.cat\/es\/wp-json\/wp\/v2\/events\/52268","targetHints":{"allow":["GET"]}}],"collection":[{"href":"https:\/\/graf.cat\/es\/wp-json\/wp\/v2\/events"}],"about":[{"href":"https:\/\/graf.cat\/es\/wp-json\/wp\/v2\/types\/event"}],"author":[{"embeddable":true,"href":"https:\/\/graf.cat\/es\/wp-json\/wp\/v2\/users\/172"}],"occurrences":[{"embeddable":true,"href":"https:\/\/graf.cat\/es\/wp-json\/wp\/v2\/events\/52268\/occurrences"}],"acf:term":[{"embeddable":true,"taxonomy":"event-category","href":"https:\/\/graf.cat\/es\/wp-json\/wp\/v2\/event-category\/103"}],"wp:featuredmedia":[{"embeddable":true,"href":"https:\/\/graf.cat\/es\/wp-json\/wp\/v2\/media\/52269"}],"wp:attachment":[{"href":"https:\/\/graf.cat\/es\/wp-json\/wp\/v2\/media?parent=52268"}],"wp:term":[{"taxonomy":"event-venue","embeddable":true,"href":"https:\/\/graf.cat\/es\/wp-json\/wp\/v2\/event-venues?post=52268"},{"taxonomy":"event-tag","embeddable":true,"href":"https:\/\/graf.cat\/es\/wp-json\/wp\/v2\/event-tags?post=52268"}],"curies":[{"name":"wp","href":"https:\/\/api.w.org\/{rel}","templated":true}]}}

07/11/2025 - 29/11/2025

Exposició de<strong> Laia Blasco</strong>,<strong> Jonathan Chacón</strong>,<strong> Andrés Costa</strong>,<strong> Tim Cowlishaw</strong>,<strong> Enric Mor</strong>,<strong> Bernat Romagosa</strong>,<strong> Marta Royo</strong>,<strong> Eugenio Tisselli </strong>i els participants del<strong> <em>Laboratori Crític de creació digital i Intel·ligència Artificial</em></strong>.

A cura de <strong>Joan Soler-Adillon</strong>

<strong>Inauguració</strong>, 7 de novembre a les 19.00 h

<em><strong>Art de prop, art viu</strong></em>. El Cicle d’Arts Digitals de Vic (CADVic) celebra la seva tercera edició consolidant la mirada crítica i no conformista de les tecnologies digitals. Aquest cicle no busca ser un mer aparador d’art basat en la tecnologia, sinó un espai de diàleg i creativitat on l’accent és en l’art i no en el digital. El lema d’aquest any, art de prop, art viu, cerca una mirada a l’art digital que defuig de les grans produccions i s’acosta a l’artista com a artesà, i a l’obra que vol dir-nos coses i fer-nos moure.

Seguint aquesta línia, el CAD25 presenta l’espai obert com una proposta expositiva viva en diversos sentits alhora. D’una banda, perquè hi ha peces no necessàriament acabades, sinó que s’hi presenten bé en un estadi germinal de creació, bé com a propostes sempre canviants. En són exemples la peça sense títol de Marta Royo, o ECIL, del grup DARTS i Bernat Romagosa. És també viva perquè dues de les peces són resultat del cicle mateix, i estan encara en fase de creació mentre l’exposició va agafant forma. Guiats pels artistes Tim Cowlishaw, Enric Mor i Andrés Costa, els participants del Laboratori Crític d'Intel·ligència Artificial i Arts Digitals han fet un treball col·lectiu el resultat del qual es mostra en dues de les peces exposades. I finalment, pel clam a la vida que és el Manifest de l’art anti-modern de l’artista Eugenio Tisselli, presentat aquí com un mirall que posa de manifest moltes de les contradiccions actuals de l’art digital.

Aquest conjunt de propostes vol ser una representació coral de mirades i maneres de fer. És art de prop perquè són peces en procés constant, fetes per ser vistes amb detall, que es poden tocar i que en alguns casos conviden a modificar-les, alterar-les i fer-les pròpies. El CADVic vol convidar a mantenir aquesta proximitat i, també, aquesta vida.

07/11/2025 - 29/11/2025

Exposición de <strong>Laia Blasco</strong>,<strong> Jonathan Chacón</strong>,<strong> Andrés Costa</strong>,<strong> Tim Cowlishaw</strong>,<strong> Enric Mor</strong>,<strong> Bernat Romagosa</strong>,<strong> Marta Royo</strong>,<strong> Eugenio Tisselli </strong>y los participantes del <em><strong>Laboratori Crític de creació digital i Intel·ligència Artificial</strong></em>.

A cargo de <strong>Joan Soler-Adillon</strong>

<strong>Inauguración</strong>, 7 de noviembre a las 19.00 h

<em><strong>Art de prop, art viu.</strong></em> El Ciclo de Artes Digitales de Vic (CADVic) celebra su tercera edición consolidando la mirada crítica y no conformista de las tecnologías digitales. Este ciclo no busca ser un simple escaparate de arte basado en la tecnología, sino un espacio de diálogo y creatividad donde el acento está en el arte y no en lo digital. El lema de este año, art de cerca, arte vivo, busca una mirada al arte digital que huye de las grandes producciones y se acerca al artista como artesano y a la obra que quiere decirnos cosas y hacernos mover.

Siguiendo esta línea, el CAD25 presenta el espacio abierto como una propuesta expositiva viva en diversos sentidos al mismo tiempo. Por un lado, porque hay piezas no necesariamente acabadas, sino que se presentan bien en un estadio germinal de creación, bien como propuestas siempre cambiantes. Son ejemplos la pieza sin título de Marta Royo o ECIL, del grupo DARTS y Bernat Romagosa. Es también viva porque dos de las piezas son resultado del ciclo mismo, y están aún en fase de creación mientras la exposición va cogiendo forma. Guiados por los artistas Tim Cowlishaw, Enric Mor t Andrés Costa, los participantes del Laboratorio Crítico de Inteligencia Artificial y Artes Digitales han hecho un trabajo colectivo el resultado del cual se muestra en dos de las piezas expuestas. Y finalmente, por el grito a la vida que es el Manifiesto del arte anti-moderno del artista Eugenio Tisselli, presentado aquí como un espejo que pone de manifiesto muchas de las contradicciones actuales del arte digital.

Este conjunto de propuestas quiere ser una representación coral de miradas y maneras de hacer. Es arte de cerca porque son piezas en proceso constante, hechas para ser vistas con detalle, que se pueden tocar y que en algunos casos invitan a modificarlas alterarlas y hacerlas propias. El CADVic quiere invitar a mantener esa proximidad y, también, esta vida.

07/11/2025 - 29/11/2025

Exhibition by<strong> Laia Blasco</strong>,<strong> Jonathan Chacón</strong>,<strong> Andrés Costa</strong>,<strong> Tim Cowlishaw</strong>,<strong> Enric Mor</strong>,<strong> Bernat Romagosa</strong>,<strong> Marta Royo</strong>,<strong> Eugenio Tisselli </strong>and<strong> <em>Laboratori Crític de creació digital i Intel·ligència Artificial</em></strong> participants.

Curated by <strong>Joan Soler-Adillon</strong>

<strong>Opening, </strong>November 7 at 7:00 p.m.

<em><strong>Art up close, living art</strong></em>. Cicle d’Arts Digitals de Vic (CADVic) celebrates its third edition consolidating the critical and non-conformist views of digital technologies. This annual meeting does not attempt to be a mere showcase of art based on technology, but rather a space for dialogue and creativity in which the emphasis is on art and not on the digital. This year's motto, Art up close, living art, examines digital art which avoids large productions, approaching the artist as an artisan, and the artwork as that which communicates to us and moves us.

Following this line, CAD25 introduces L’espai obert ( The open space) as a living exhibition proposal in more than one sense. First of all, because there are artworks which are not necessarily finished, but which are presented either in an embryonic stage of creation, or as ever-changing proposals. Examples of these works are the Untitled artwork by Marta Royo, or ECIL from the DARTS group and Bernat Romagosa. Secondly, it is also living because two of the artworks originated in the CAD25 meeting itself, and are presently in the creation phase while the exhibition is taking shape. Guided by artists Tim Cowlishaw, Enric Mor, and Andrés Costa, the participants in the Laboratori Crític d'Intel·ligència Artificial i Arts Digital(Critical Laboratory of Artificial Intelligence and Digital Arts) present two of their collective artworks in the exhibition. And finally, because of Eugenio Tisselli’s Manifest de l’art anti-modern (Manifesto of Anti-modern Art) which is an appeal to life, presented in the exhibition as a mirror that highlights many of the current contradictions of digital art.

This project showcase aims to be a choral representation of diverse perspectives. It is close-up art because these are artworks in constant process, made to be seen in detail, to be touched, and in some cases intended to invite the viewer to modify, alter, and make their own. CADVic invites you to maintain this proximity and, also, this life.

Exposició
