{"id":52378,"guid":{"rendered":"https:\/\/graf.cat\/?post_type=event&#038;p=52378"},"modified":"2025-11-05T14:44:34","modified_gmt":"2025-11-05T12:44:34","slug":"lelemental","status":"publish","type":"event","link":"https:\/\/graf.cat\/es\/events\/event\/lelemental\/","title":{"rendered":"L\u2019elemental"},"content":{"rendered":"","protected":false},"excerpt":{"rendered":"","protected":false},"author":19,"featured_media":52379,"template":"","meta":{"_acf_changed":false,"_monsterinsights_skip_tracking":false,"_monsterinsights_sitenote_active":false,"_monsterinsights_sitenote_note":"","_monsterinsights_sitenote_category":0},"event-venues":[],"event-tags":[],"class_list":["post-52378","event","type-event","status-publish","has-post-thumbnail","hentry","event-category-arts-in-viu"],"acf":{"title_ca":"L\u2019elemental","title_es":"L\u2019elemental. Performance extradimensional y transdisciplinaria","title_en":"L\u2019elemental","desc_ca":"<strong>DIMECRES DE SO I COS amb Zoe Balasch, Maria Santfores, Wade Matthews, Albert Cirera i Alex Cuadrado<\/strong>\r\n\r\nUna creu de foc a terra il\u00b7lumina les tenebres. Invoca els esperits? Ni falta que fa. M\u00e9s aviat s\u2019expandeix un joc d\u2019elements i de percepcions que abasten la dansa, les accions, la recitaci\u00f3, les projeccions i la m\u00fasica. S\u00f3n cinc persones l\u2019\u00fanica definici\u00f3 real de les quals es plasma en el que fan i com ho fan juntes. I \u00e9s aquesta combinaci\u00f3 del qu\u00e8 i el com el que fa d\u2019all\u00f2 que \u00e9s elemental un proc\u00e9s, i del proc\u00e9s, una cosa elemental. No es tracta ni d\u2019entendre-ho, ni de bon tros d\u2019explicar-ho. Es tracta de viure-ho.","desc_es":"<strong>MI\u00c9RCOLES DE CUERPO Y SONIDO con Zoe Balasch, Maria Santfores, Wade Matthews, Albert Cirera y Alex Cuadrado<\/strong>\r\n<div class=\"text aem-GridColumn aem-GridColumn--default--12\">\r\n<div id=\"text-b90eb5aa20\" class=\"cmp-text margin-container\" data-cmp-data-layer=\"{&quot;text-b90eb5aa20&quot;:{&quot;@type&quot;:&quot;aem-arts\/components\/content\/text\/v1\/text&quot;,&quot;repo:modifyDate&quot;:&quot;2025-08-01T08:05:00Z&quot;,&quot;xdm:text&quot;:&quot;&lt;p&gt;Una cruz de fuego en el suelo ilumina las tinieblas. \u00bfInvoca los esp\u00edritus? Ni falta que hace. M\u00e1s bien se expande un juego de elementos y percepciones que abarcan la danza, las acciones, la recitaci\u00f3n, las proyecciones y la m\u00fasica. Son cinco personas cuya \u00fanica definici\u00f3n real se plasma en lo que hacen y c\u00f3mo lo hacen juntas. Y es esa combinaci\u00f3n del qu\u00e9 y el c\u00f3mo lo que hace de lo elemental un proceso, y del proceso, algo elemental. No se trata ni de entenderlo, ni mucho menos de explicarlo. Se trata de vivirlo.&lt;\/p&gt;\\r\\n&quot;}}\">\r\n\r\nUna cruz de fuego en el suelo ilumina las tinieblas. \u00bfInvoca los esp\u00edritus? Ni falta que hace. M\u00e1s bien se expande un juego de elementos y percepciones que abarcan la danza, las acciones, la recitaci\u00f3n, las proyecciones y la m\u00fasica. Son cinco personas cuya \u00fanica definici\u00f3n real se plasma en lo que hacen y c\u00f3mo lo hacen juntas. Y es esa combinaci\u00f3n del qu\u00e9 y el c\u00f3mo lo que hace de lo elemental un proceso, y del proceso, algo elemental. No se trata ni de entenderlo, ni mucho menos de explicarlo. Se trata de vivirlo.\r\n\r\n<\/div>\r\n<\/div>\r\n<div class=\"separator aem-GridColumn aem-GridColumn--default--12\">\r\n<div class=\"layout-container\">\r\n<div id=\"separator-35472252e1\" class=\"cmp-separator\"><\/div>\r\n<\/div>\r\n<\/div>","desc_en":"<strong>WEDNESDAYS OF BODY AND SOUND with Zoe Balasch, Maria Santfores, Wade Matthews, Albert Cirera and Alex Cuadrado<\/strong>\r\n\r\nA fiery cross on the ground illuminates the darkness. Does it invoke spirits? No need for that. Rather, it expands a play of elements and perceptions encompassing dance, actions, recitation, projections and music. They are five people whose only real definition is in what they do and how they do it together. And it is this combination of what and how that makes the elemental a process, and the process elemental. It is not a question of understanding it, let alone explaining it. It's about living it.","event_category":440,"event_show_only_own_date":false,"_event_confirmed":true,"_event_public":true,"_event_free":true,"_event_price-min":"","_event_price-max":"","_event_web_ca":"https:\/\/www.santamonica.cat\/ca\/exposicions-i-activitats\/dimecres-de-so-i-cos\/2025\/lelemental","_event_web_es":"https:\/\/www.santamonica.cat\/es\/exposicions-i-activitats\/dimecres-de-so-i-cos\/2025\/lelemental","_event_web_en":"https:\/\/www.santamonica.cat\/en\/exposicions-i-activitats\/dimecres-de-so-i-cos\/2025\/lelemental","event_contact_email":"","event_apply_email":"","is_online_event":false,"is_art_nou_event":false,"is_bgw_event":false,"date_text":"","register_deadline":null,"altres_organitzadors":""},"abe_event_venue":null,"abe_event_category":"Arts en Viu","start":"2025-11-19 19:00:00","end":"2025-11-19 19:45:00","schedule":"once","schedule_meta":"","frequency":1,"all_day":0,"until":"2025-11-19 19:00:00","include":[],"exclude":[],"_links":{"self":[{"href":"https:\/\/graf.cat\/es\/wp-json\/wp\/v2\/events\/52378","targetHints":{"allow":["GET"]}}],"collection":[{"href":"https:\/\/graf.cat\/es\/wp-json\/wp\/v2\/events"}],"about":[{"href":"https:\/\/graf.cat\/es\/wp-json\/wp\/v2\/types\/event"}],"author":[{"embeddable":true,"href":"https:\/\/graf.cat\/es\/wp-json\/wp\/v2\/users\/19"}],"occurrences":[{"embeddable":true,"href":"https:\/\/graf.cat\/es\/wp-json\/wp\/v2\/events\/52378\/occurrences"}],"acf:term":[{"embeddable":true,"taxonomy":"event-category","href":"https:\/\/graf.cat\/es\/wp-json\/wp\/v2\/event-category\/440"}],"wp:featuredmedia":[{"embeddable":true,"href":"https:\/\/graf.cat\/es\/wp-json\/wp\/v2\/media\/52379"}],"wp:attachment":[{"href":"https:\/\/graf.cat\/es\/wp-json\/wp\/v2\/media?parent=52378"}],"wp:term":[{"taxonomy":"event-venue","embeddable":true,"href":"https:\/\/graf.cat\/es\/wp-json\/wp\/v2\/event-venues?post=52378"},{"taxonomy":"event-tag","embeddable":true,"href":"https:\/\/graf.cat\/es\/wp-json\/wp\/v2\/event-tags?post=52378"}],"curies":[{"name":"wp","href":"https:\/\/api.w.org\/{rel}","templated":true}]}}

<strong>DIMECRES DE SO I COS amb Zoe Balasch, Maria Santfores, Wade Matthews, Albert Cirera i Alex Cuadrado</strong>

Una creu de foc a terra il·lumina les tenebres. Invoca els esperits? Ni falta que fa. Més aviat s’expandeix un joc d’elements i de percepcions que abasten la dansa, les accions, la recitació, les projeccions i la música. Són cinc persones l’única definició real de les quals es plasma en el que fan i com ho fan juntes. I és aquesta combinació del què i el com el que fa d’allò que és elemental un procés, i del procés, una cosa elemental. No es tracta ni d’entendre-ho, ni de bon tros d’explicar-ho. Es tracta de viure-ho.

<strong>MIÉRCOLES DE CUERPO Y SONIDO con Zoe Balasch, Maria Santfores, Wade Matthews, Albert Cirera y Alex Cuadrado</strong>
<div class="text aem-GridColumn aem-GridColumn--default--12">
<div id="text-b90eb5aa20" class="cmp-text margin-container" data-cmp-data-layer="{&quot;text-b90eb5aa20&quot;:{&quot;@type&quot;:&quot;aem-arts/components/content/text/v1/text&quot;,&quot;repo:modifyDate&quot;:&quot;2025-08-01T08:05:00Z&quot;,&quot;xdm:text&quot;:&quot;&lt;p&gt;Una cruz de fuego en el suelo ilumina las tinieblas. ¿Invoca los espíritus? Ni falta que hace. Más bien se expande un juego de elementos y percepciones que abarcan la danza, las acciones, la recitación, las proyecciones y la música. Son cinco personas cuya única definición real se plasma en lo que hacen y cómo lo hacen juntas. Y es esa combinación del qué y el cómo lo que hace de lo elemental un proceso, y del proceso, algo elemental. No se trata ni de entenderlo, ni mucho menos de explicarlo. Se trata de vivirlo.&lt;/p&gt;\r\n&quot;}}">

Una cruz de fuego en el suelo ilumina las tinieblas. ¿Invoca los espíritus? Ni falta que hace. Más bien se expande un juego de elementos y percepciones que abarcan la danza, las acciones, la recitación, las proyecciones y la música. Son cinco personas cuya única definición real se plasma en lo que hacen y cómo lo hacen juntas. Y es esa combinación del qué y el cómo lo que hace de lo elemental un proceso, y del proceso, algo elemental. No se trata ni de entenderlo, ni mucho menos de explicarlo. Se trata de vivirlo.

</div>
</div>
<div class="separator aem-GridColumn aem-GridColumn--default--12">
<div class="layout-container">
<div id="separator-35472252e1" class="cmp-separator"></div>
</div>
</div>
