{"id":52598,"guid":{"rendered":"https:\/\/graf.cat\/?post_type=event&#038;p=52598"},"modified":"2025-11-14T14:47:00","modified_gmt":"2025-11-14T12:47:00","slug":"visita-comentada-per-part-del-comissariat","status":"publish","type":"event","link":"https:\/\/graf.cat\/es\/events\/event\/visita-comentada-per-part-del-comissariat\/","title":{"rendered":"LA F\u00c0BRICA TRANSPARENT"},"content":{"rendered":"","protected":false},"excerpt":{"rendered":"","protected":false},"author":172,"featured_media":52603,"template":"","meta":{"_acf_changed":false,"_monsterinsights_skip_tracking":false,"_monsterinsights_sitenote_active":false,"_monsterinsights_sitenote_note":"","_monsterinsights_sitenote_category":0},"event-venues":[750],"event-tags":[],"class_list":["post-52598","event","type-event","status-publish","has-post-thumbnail","hentry","event-venue-acvic","event-category-visita-guiada"],"acf":{"title_ca":"LA F\u00c0BRICA TRANSPARENT","title_es":"LA F\u00c0BRICA TRANSPARENT","title_en":"LA F\u00c0BRICA TRANSPARENT","desc_ca":"VISITA COMENTADA PER PART DEL COMISSARIAT\r\n\r\nA c\u00e0rrec de Marc Villaneva\r\n\r\nDissabte 22\/11\r\n\r\nA les 12.00 h","desc_es":"","desc_en":"","event_category":245,"event_show_only_own_date":true,"_event_confirmed":true,"_event_public":true,"_event_free":true,"_event_price-min":"","_event_price-max":"","_event_web_ca":"","_event_web_es":"","_event_web_en":"","event_contact_email":"","event_apply_email":"","is_online_event":false,"is_art_nou_event":false,"is_bgw_event":false,"date_text":"","register_deadline":null,"altres_organitzadors":""},"abe_event_venue":"ACVIC","abe_event_category":"Visita guiada","start":"2025-11-22 12:00:00","end":"2025-11-22 14:00:00","schedule":"daily","schedule_meta":"","frequency":1,"all_day":0,"until":"2025-11-22 12:00:00","include":[],"exclude":[],"_links":{"self":[{"href":"https:\/\/graf.cat\/es\/wp-json\/wp\/v2\/events\/52598","targetHints":{"allow":["GET"]}}],"collection":[{"href":"https:\/\/graf.cat\/es\/wp-json\/wp\/v2\/events"}],"about":[{"href":"https:\/\/graf.cat\/es\/wp-json\/wp\/v2\/types\/event"}],"author":[{"embeddable":true,"href":"https:\/\/graf.cat\/es\/wp-json\/wp\/v2\/users\/172"}],"occurrences":[{"embeddable":true,"href":"https:\/\/graf.cat\/es\/wp-json\/wp\/v2\/events\/52598\/occurrences"}],"acf:term":[{"embeddable":true,"taxonomy":"event-category","href":"https:\/\/graf.cat\/es\/wp-json\/wp\/v2\/event-category\/245"}],"wp:featuredmedia":[{"embeddable":true,"href":"https:\/\/graf.cat\/es\/wp-json\/wp\/v2\/media\/52603"}],"wp:attachment":[{"href":"https:\/\/graf.cat\/es\/wp-json\/wp\/v2\/media?parent=52598"}],"wp:term":[{"taxonomy":"event-venue","embeddable":true,"href":"https:\/\/graf.cat\/es\/wp-json\/wp\/v2\/event-venues?post=52598"},{"taxonomy":"event-tag","embeddable":true,"href":"https:\/\/graf.cat\/es\/wp-json\/wp\/v2\/event-tags?post=52598"}],"curies":[{"name":"wp","href":"https:\/\/api.w.org\/{rel}","templated":true}]}}

LA FÀBRICA TRANSPARENT

VISITA COMENTADA PER PART DEL COMISSARIAT

A càrrec de Marc Villaneva

Dissabte 22/11

A les 12.00 h
