{"id":53881,"guid":{"rendered":"https:\/\/graf.cat\/?post_type=event&#038;p=53881"},"modified":"2026-01-16T13:39:39","modified_gmt":"2026-01-16T11:39:39","slug":"flux-summa-xguix","status":"publish","type":"event","link":"https:\/\/graf.cat\/es\/events\/event\/flux-summa-xguix\/","title":{"rendered":"FLUX SUMMA: xguix"},"content":{"rendered":"","protected":false},"excerpt":{"rendered":"","protected":false},"author":19,"featured_media":53882,"template":"","meta":{"_acf_changed":false,"_monsterinsights_skip_tracking":false,"_monsterinsights_sitenote_active":false,"_monsterinsights_sitenote_note":"","_monsterinsights_sitenote_category":0},"event-venues":[],"event-tags":[],"class_list":["post-53881","event","type-event","status-publish","has-post-thumbnail","hentry","event-category-arts-in-viu"],"acf":{"title_ca":"FLUX SUMMA: xguix","title_es":"FLUX SUMMA: xguix","title_en":"FLUX SUMMA: xguix","desc_ca":"<strong>DIMARTS DE V\u00cdDEO amb xguix<\/strong>\r\n\r\n<b>xguix\u00a0<\/b>\u00e9s un artista sonor i visual, autor de diferents propostes art\u00edstiques en el m\u00f3n audiovisual. Autodidacte\u00a0en la imatge i el so, busca un llenguatge que li permeti despertar una nova consci\u00e8ncia.\r\n\r\nEn aquesta sessi\u00f3 veurem un v\u00eddeo amb una selecci\u00f3 de les seves actuacions entre els anys 1981 i 2022.\r\n\r\nDes del 1981, ha portat a terme performances, dos curtmetratges i un llargmetratge, instal\u00b7lacions multim\u00e8dia, un espectacle de teatre-dansa, etc. Com a artista sonor ha ofert diversos concerts a l\u2019Estat espanyol i al Jap\u00f3. \u00c9s autor de tres discos:\u00a0<i>Dark\u00a0Fields<\/i>\u00a0amb el grup de m\u00fasica electr\u00f2nica T (LP, 1983),\u00a0<i>A\u00a0ragudo<\/i>\u00a0(CD, 2015) i\u00a0<i>O<\/i>\u00a0(LP, 2022).","desc_es":"<strong>MARTES DE V\u00cdDEO con xguix<\/strong>\r\n\r\n<b>xguix<\/b>\u00a0es un artista sonoro y visual, autor de distintas propuestas art\u00edsticas en el mundo audiovisual. Autodidacta en la imagen y el sonido, busca un lenguaje que le permita despertar una nueva conciencia.\r\n\r\nEn esta sesi\u00f3n veremos un v\u00eddeo con una selecci\u00f3n de sus actuaciones entre los a\u00f1os 1981 y 2022.\r\n\r\nDesde 1981, ha llevado a cabo\u00a0<i>performances<\/i>, dos cortometrajes y un largometraje, instalaciones multimedia, un espect\u00e1culo de teatro-danza, etc. Como artista sonoro ha ofrecido varios conciertos en el Estado espa\u00f1ol y en Jap\u00f3n. Es autor de tres discos:\u00a0<i>Dark\u00a0Fields<\/i>\u00a0con el grupo de m\u00fasica electr\u00f3nica T (LP, 1983),\u00a0<i>A\u00a0ragudo<\/i>\u00a0(CD, 2015) y\u00a0<i>O<\/i>\u00a0(LP, 2022).","desc_en":"<strong>TUESDAYS OF VIDEO with xguix<\/strong>\r\n\r\n<b>xguix\u00a0<\/b>is a sound and visual artist and the brain behind various artistic projects in the audiovisual field. A self-taught creator in both image and sound, he pursues a form of expression that can spark a new kind of awareness.\r\n\r\nThis session presents a video featuring a\u00a0selection\u00a0of his performances from 1981 to 2022.\r\n\r\nSince 1981, he has created performances, two short films and one feature-length film, multimedia installations, a dance-theatre piece and more. As a sound artist, he has given concerts in Spain and Japan. His discography includes\u00a0<i>Dark Fields<\/i>\u00a0with the electronic music group T (LP, 1983),\u00a0<i>A\u00a0ragudo<\/i>\u00a0(CD, 2015) and\u00a0<i>O<\/i>\u00a0(LP, 2022).","event_category":440,"event_show_only_own_date":false,"_event_confirmed":true,"_event_public":true,"_event_free":true,"_event_price-min":"","_event_price-max":"","_event_web_ca":"https:\/\/www.santamonica.cat\/ca\/exposicions-i-activitats\/dimarts-de-video\/2026\/flux-summa-xguix","_event_web_es":"https:\/\/www.santamonica.cat\/es\/exposicions-i-activitats\/dimarts-de-video\/2026\/flux-summa-xguix","_event_web_en":"https:\/\/www.santamonica.cat\/en\/exposicions-i-activitats\/dimarts-de-video\/2026\/flux-summa-xguix","event_contact_email":"","event_apply_email":"","is_online_event":false,"is_art_nou_event":false,"is_bgw_event":false,"date_text":"","register_deadline":null,"altres_organitzadors":""},"abe_event_venue":null,"abe_event_category":"Arts en Viu","start":"2026-01-27 19:00:00","end":"2026-01-27 20:00:00","schedule":"once","schedule_meta":"","frequency":1,"all_day":0,"until":"2026-01-27 19:00:00","include":[],"exclude":[],"_links":{"self":[{"href":"https:\/\/graf.cat\/es\/wp-json\/wp\/v2\/events\/53881","targetHints":{"allow":["GET"]}}],"collection":[{"href":"https:\/\/graf.cat\/es\/wp-json\/wp\/v2\/events"}],"about":[{"href":"https:\/\/graf.cat\/es\/wp-json\/wp\/v2\/types\/event"}],"author":[{"embeddable":true,"href":"https:\/\/graf.cat\/es\/wp-json\/wp\/v2\/users\/19"}],"occurrences":[{"embeddable":true,"href":"https:\/\/graf.cat\/es\/wp-json\/wp\/v2\/events\/53881\/occurrences"}],"acf:term":[{"embeddable":true,"taxonomy":"event-category","href":"https:\/\/graf.cat\/es\/wp-json\/wp\/v2\/event-category\/440"}],"wp:featuredmedia":[{"embeddable":true,"href":"https:\/\/graf.cat\/es\/wp-json\/wp\/v2\/media\/53882"}],"wp:attachment":[{"href":"https:\/\/graf.cat\/es\/wp-json\/wp\/v2\/media?parent=53881"}],"wp:term":[{"taxonomy":"event-venue","embeddable":true,"href":"https:\/\/graf.cat\/es\/wp-json\/wp\/v2\/event-venues?post=53881"},{"taxonomy":"event-tag","embeddable":true,"href":"https:\/\/graf.cat\/es\/wp-json\/wp\/v2\/event-tags?post=53881"}],"curies":[{"name":"wp","href":"https:\/\/api.w.org\/{rel}","templated":true}]}}

<strong>DIMARTS DE VÍDEO amb xguix</strong>

<b>xguix </b>és un artista sonor i visual, autor de diferents propostes artístiques en el món audiovisual. Autodidacte en la imatge i el so, busca un llenguatge que li permeti despertar una nova consciència.

En aquesta sessió veurem un vídeo amb una selecció de les seves actuacions entre els anys 1981 i 2022.

Des del 1981, ha portat a terme performances, dos curtmetratges i un llargmetratge, instal·lacions multimèdia, un espectacle de teatre-dansa, etc. Com a artista sonor ha ofert diversos concerts a l’Estat espanyol i al Japó. És autor de tres discos: <i>Dark Fields</i> amb el grup de música electrònica T (LP, 1983), <i>A ragudo</i> (CD, 2015) i <i>O</i> (LP, 2022).

<strong>MARTES DE VÍDEO con xguix</strong>

<b>xguix</b> es un artista sonoro y visual, autor de distintas propuestas artísticas en el mundo audiovisual. Autodidacta en la imagen y el sonido, busca un lenguaje que le permita despertar una nueva conciencia.

En esta sesión veremos un vídeo con una selección de sus actuaciones entre los años 1981 y 2022.

Desde 1981, ha llevado a cabo <i>performances</i>, dos cortometrajes y un largometraje, instalaciones multimedia, un espectáculo de teatro-danza, etc. Como artista sonoro ha ofrecido varios conciertos en el Estado español y en Japón. Es autor de tres discos: <i>Dark Fields</i> con el grupo de música electrónica T (LP, 1983), <i>A ragudo</i> (CD, 2015) y <i>O</i> (LP, 2022).
