{"id":54209,"guid":{"rendered":"https:\/\/graf.cat\/?post_type=event&#038;p=54209"},"modified":"2026-01-22T14:11:33","modified_gmt":"2026-01-22T12:11:33","slug":"entre-el-rosa-i-la-blau","status":"publish","type":"event","link":"https:\/\/graf.cat\/es\/events\/event\/entre-el-rosa-i-la-blau\/","title":{"rendered":"entre el rosa i la blau"},"content":{"rendered":"","protected":false},"excerpt":{"rendered":"","protected":false},"author":65,"featured_media":54210,"template":"","meta":{"_acf_changed":false,"_monsterinsights_skip_tracking":false,"_monsterinsights_sitenote_active":false,"_monsterinsights_sitenote_note":"","_monsterinsights_sitenote_category":0},"event-venues":[304],"event-tags":[],"class_list":["post-54209","event","type-event","status-publish","has-post-thumbnail","hentry","event-venue-la-escocesa","event-category-taller"],"acf":{"title_ca":"entre el rosa i la blau","title_es":"entre el rosa y la azul","title_en":"between pink and blue","desc_ca":"<h1>taller amb Christian Fern\u00e1ndez Mir\u00f3n<\/h1>\r\n&nbsp;\r\n\r\n<em>Entre el rosa i la blau<\/em> \u00e9s un taller sobre g\u00e8nere i diversitat a la inf\u00e0ncia, la fam\u00edlia i l'escola, de car\u00e0cter introductori per a persones que crien, eduquen o que estan interessades en aquests temes. Aprofundirem en algunes idees clau \u2014encara que no necess\u00e0riament \u00f2bvies\u2014 entorn del g\u00e8nere (rols, jocs i joguines, identitat, orientaci\u00f3, expressi\u00f3, llenguatge, representaci\u00f3, performatividad). Entendrem el g\u00e8nere en la seva dimensi\u00f3 m\u00e9s plural, com alguna cosa que travessa a totes les persones, des de la m\u00e9s normativa (la noia m\u00e9s femenina o el nen m\u00e9s mascul\u00ed) a la m\u00e9s dissident o fluida, i que ens situa en aquest m\u00f3n on convivim amb les nostres difer\u00e8ncies.\r\n\r\nEl g\u00e8nere est\u00e0 en tot, i tot est\u00e0 en joc. Per\u00f2 ens falten eines i referents per a criar i educar(nos) en la diversitat, espais on parlar i preguntar sense por, que puguem compartir les nostres similituds i difer\u00e8ncies, celebrar-les fins i tot. El g\u00e8nere \u00e9s un dels conceptes m\u00e9s caracter\u00edstics i fascinants de la ra\u00e7a humana, present de diferents maneres en totes les cultures, \u00e8poques i territoris. Com podem abordar-ho avui amb el prop\u00f2sit de brindar un futur millor als qui estan per venir?\r\n\r\nL'activitat tindr\u00e0 moments te\u00f2rics, pr\u00e0ctics i l\u00fadics. Es desenvolupar\u00e0 en castell\u00e0, est\u00e0 dirigida a persones adultes i es facilitar\u00e0 un espai de conciliaci\u00f3\/ludoteca per a nenis durant l'activitat, a c\u00e0rrec de\u00a0Sarai G. Cumplido.\r\n\r\n&nbsp;\r\n<h4><strong>bios<\/strong><\/h4>\r\n<strong><a href=\"http:\/\/www.fernandezmiron.com\">Christian Fern\u00e1ndez Mir\u00f3n<\/a><\/strong> (ell) treballa en projectes variats entre l'art i l'educaci\u00f3, entre el cultural i el social. Desenvolupa tallers entorn del g\u00e8nere i la diversitat en la inf\u00e0ncia, adolesc\u00e8ncia, fam\u00edlia i escola sota el t\u00edtol<em> <a href=\"https:\/\/www.lapanera.cat\/es\/programas-publicos\/residencies-artistiques-a-secundaria\/azulyrosa\">Entre el rosa y la azul<\/a><\/em>. Ha publicat un diari de crian\u00e7a sobre ser (p)are adoptiu i queer: <em><a href=\"https:\/\/laescocesa.org\/es\/view\/7anosde\/3858\">7 a\u00f1os de espera, 24 horas de aviso, 7 d\u00edas de vida<\/a><\/em>\u00a0(en col\u00b7laboraci\u00f3 amb La Escocesa, segona edici\u00f3 disponible pr\u00f2ximament!). Entre els seus projectes comunitaris destaca el treball amb majors LGTBIQ+ a trav\u00e9s de <em><a href=\"https:\/\/vimeo.com\/864763039\">Lib\u00e9rate: artes esc\u00e9nicas y mediaci\u00f3n cultural<\/a><\/em> (concloent en un cabaret protagonitzat per \u2013i basat en les biografies de\u2013 lis participants). Christian \u00e9s l'\u00fanic autor cis mascul\u00ed en el nou volum de Continta me tienes, <em><a href=\"https:\/\/contintametienes.com\/etiqueta-producto\/hamor\/\">(h)amor co(m)adre<\/a><\/em>, sobre aternitats i criances fora de la norma, com \u00e9s a m\u00e9s en el cas de l'adopci\u00f3.\r\n\r\n<strong>Sarai G. Cumplido <\/strong>\u00e9s artista i educadora, forma part del col\u00b7lectiu DU-DA, amb una traject\u00f2ria centrada en l'educaci\u00f3 no formal i el treball amb nenis des de les pedagogies lliures. La seva experi\u00e8ncia amb nenis es concreta en iniciatives com el <em>Menjador N\u00f2mada<\/em> (2018\u20132022), un projecte de conviv\u00e8ncia, entorn de l'alimentaci\u00f3 i la vida comunit\u00e0ria en l'espai p\u00fablic; a l'<em>Escuela del M\u00e1s Ac\u00e1<\/em> (2023-2025) un espai d'aprenentatge i joc per a acostar-nos a la mort amb curiositat i des d'una mirada no adult-c\u00e8ntrica; i en casals d'estiu en Mieras, on treballa des del joc, la creaci\u00f3 i la vida en contextos rurals.\r\n\r\n&nbsp;\r\n\r\n<hr \/>\r\n\r\nSi tens alguna necessitat o pregunta en relaci\u00f3 a l'accessibilitat d'aquesta activitat, visita la nostra p\u00e0gina d\"acc\u00e9s a La Escocesa\" <a href=\"https:\/\/laescocesa.org\/ca\/La%20Escocesa\/accessibilitat\">fent clic aqui<\/a>.","desc_es":"<h1>taller con\u00a0Christian Fern\u00e1ndez Mir\u00f3n<\/h1>\r\n&nbsp;\r\n\r\n<em>Entre el rosa y la azul<\/em> es un taller sobre g\u00e9nero y diversidad en la infancia, la familia y la escuela, de car\u00e1cter introductorio para personas que cr\u00edan, educan o que est\u00e1n interesadas en estos temas. Ahondaremos en algunas ideas clave \u2014aunque no necesariamente obvias\u2014 en torno al g\u00e9nero (roles, juegos y juguetes, identidad, orientaci\u00f3n, expresi\u00f3n, lenguaje, representaci\u00f3n, performatividad). Entenderemos el g\u00e9nero en su dimensi\u00f3n m\u00e1s plural, como algo que atraviesa a todas las personas, desde la m\u00e1s normativa (la chica m\u00e1s femenina o el ni\u00f1o m\u00e1s masculino) a la m\u00e1s disidente o fluida, y que nos sit\u00faa en este mundo donde convivimos con nuestras diferencias.\r\n\r\nEl g\u00e9nero est\u00e1 en todo, y todo est\u00e1 en juego. Pero nos faltan herramientas y referentes para criar y educar(nos) en la diversidad, espacios donde hablar y preguntar sin miedo, que podamos compartir nuestras similitudes y diferencias, celebrarlas incluso. El g\u00e9nero es uno de los conceptos m\u00e1s caracter\u00edsticos y fascinantes de la raza humana, presente de diferentes maneras en todas las culturas, \u00e9pocas y territorios. \u00bfC\u00f3mo podemos abordarlo hoy con el prop\u00f3sito de brindar un futuro mejor a quienes est\u00e1n por venir?\r\n\r\nLa actividad tendr\u00e1 momentos te\u00f3ricos, pr\u00e1cticos y l\u00fadicos. Se desarrollar\u00e1 en castellano, est\u00e1 dirigida a personas adultas y se facilitar\u00e1 un espacio de conciliaci\u00f3n\/ludoteca para ni\u00f1es durante la actividad, a cargo de\u00a0Sarai G. Cumplido.\r\n<h4><strong>bios<\/strong><\/h4>\r\n<a href=\"http:\/\/www.fernandezmiron.com\" target=\"_blank\" rel=\"noopener\"><strong>Christian Fern\u00e1ndez Mir\u00f3n<\/strong><\/a> (\u00e9l) trabaja en proyectos variopintos entre el arte y la educaci\u00f3n, entre lo cultural y lo social. Desarrolla talleres en torno al g\u00e9nero y la diversidad en la infancia, adolescencia, familia y escuela bajo el t\u00edtulo <em><a href=\"https:\/\/www.lapanera.cat\/es\/programas-publicos\/residencies-artistiques-a-secundaria\/azulyrosa\">Entre el rosa y la azul<\/a><\/em>. Ha publicado un diario de crianza sobre ser (p)adre adoptivo y queer: <em><a href=\"https:\/\/laescocesa.org\/es\/view\/7anosde\/3858\">7 a\u00f1os de espera, 24 horas de aviso, 7 d\u00edas de vida<\/a><\/em> (en colaboraci\u00f3n con La Escocesa, \u00a1segunda edici\u00f3n disponible pronto!). Entre sus proyectos comunitarios destaca el trabajo con mayores LGTBIQ+ a trav\u00e9s de <em><a href=\"https:\/\/vimeo.com\/864763039\">Lib\u00e9rate: artes esc\u00e9nicas y mediaci\u00f3n cultural<\/a><\/em> (concluyendo en un cabaret protagonizado por \u2013y basado en las biograf\u00edas de\u2013 les participantes). Christian es el \u00fanico autor cis masculino en el nuevo volumen de Continta me tienes, <em><a href=\"https:\/\/contintametienes.com\/etiqueta-producto\/hamor\/\">(h)amor co(m)adre<\/a><\/em>, sobre aternidades y crianzas fuera de la norma, como es adem\u00e1s en su caso la adopci\u00f3n.\r\n\r\n<strong>Sarai G. Cumplido <\/strong>es artista y educadora, forma parte del colectivo DU-DA, con una trayectoria centrada en la educaci\u00f3n no formal y el trabajo con ni\u00f1es desde las pedagog\u00edas libres. Su experiencia con ni\u00f1es se concreta en iniciativas como el <em>Menjador N\u00f2mada<\/em> (2018\u20132022), un proyecto de convivencia, en torno a la alimentaci\u00f3n y la vida comunitaria en el espacio p\u00fablico; en la <em>Escuela del M\u00e1s Ac\u00e1<\/em> (2023-2025) un espacio de aprendizaje y juego para acercarnos a la muerte con curiosidad y desde una mirada no adulto-c\u00e9ntrica; y en casales de verano en Mieras, donde trabaja desde el juego, la creaci\u00f3n y la vida en contextos rurales.\r\n\r\n&nbsp;\r\n\r\n<hr \/>\r\n\r\nSi tienes alguna necesidad o pregunta en relaci\u00f3n a la accesibilidad de esta actividad, visita nuestra p\u00e1gina d\"acceso a La Escocesa\" haciendo clic <a href=\"https:\/\/laescocesa.org\/es\/La%20Escocesa\/accesibilidad\">aqui<\/a>.","desc_en":"<h1>workshop with Christian Fern\u00e1ndez Mir\u00f3n<\/h1>\r\n&nbsp;\r\n\r\n<em>Between pink and blue<\/em>\u00a0(Entre el rosa y la azul)\u00a0is an introductory workshop on gender and diversity in childhood, family, and school, designed for people who raise children, educate them, or are interested in these topics. We will delve into some key\u2014though not necessarily obvious\u2014ideas about gender (roles, games and toys, identity, orientation, expression, language, representation, performativity). We will understand gender in its most plural dimension, as something that cuts across all people, from the most normative (the most feminine girl or the most masculine boy) to the most dissident or fluid, and which places us in this world where we coexist with our differences.\r\n\r\nGender is in everything, and everything is at stake. But we lack the tools and references to raise and educate ourselves in diversity, spaces where we can talk and ask questions without fear, where we can share our similarities and differences, and even celebrate them. Gender is one of the most characteristic and fascinating concepts of the human race, present in different ways in all cultures, eras, and territories. How can we approach it today with the aim of providing a better future for those who are yet to come?\r\n\r\nThe activity will include theoretical, practical, and recreational elements. It will be conducted in Spanish, is aimed at adults, and a childcare\/playroom will be provided for children during the activity,\u00a0coordinated by Sarai G. Cumplido.\r\n\r\n&nbsp;\r\n<h4><strong>bios<\/strong><\/h4>\r\n<strong><a href=\"http:\/\/www.fernandezmiron.com\">Christian Fern\u00e1ndez Mir\u00f3n<\/a><\/strong> (he\/him) works on a variety of projects spanning art and education, culture and social issues. He develops workshops on gender and diversity in childhood, adolescence, family, and school under the title <em><a href=\"https:\/\/www.lapanera.cat\/es\/programas-publicos\/residencies-artistiques-a-secundaria\/azulyrosa\">Entre el rosa y la azul<\/a><\/em> (Between Pink and Blue). He has published a parenting diary about being an adoptive and queer (p)arent: <em><a href=\"https:\/\/laescocesa.org\/es\/view\/7anosde\/3858\">7 a\u00f1os de espera, 24 horas de aviso, 7 d\u00edas de vida<\/a><\/em> (7 Years of Waiting, 24 Hours' Notice, 7 Days of Life) (in collaboration with La Escocesa, second edition available soon!). Among his community projects, his work with older LGTBIQ+ people through<em> <a href=\"https:\/\/vimeo.com\/864763039\">Lib\u00e9rate: artes esc\u00e9nicas y mediaci\u00f3n cultural<\/a><\/em> (culminating in a cabaret starring the participants and based on their biographies) stands out. Christian is the only cis male author in the new volume of Continta me tienes, <em><a href=\"https:\/\/contintametienes.com\/etiqueta-producto\/hamor\/\">(h)amor co(m)adre<\/a><\/em>, about aternities and non-traditional parenting, as is also the case with adoption.\r\n\r\n<strong>Sarai G. Cumplido<\/strong> is an artist and educator, and a member of the DU-DA collective. Her practice focuses on non-formal education and working with children through free\/liberatory pedagogies. Her experience with children is reflected in initiatives such as <em>Menjador N\u00f2mada<\/em> (2018\u20132022), a project centered on communal living, food, and community life in public space; <em>Escuela del M\u00e1s Ac\u00e1<\/em> (2023\u20132025), a space for learning and play that approaches death with curiosity from a non\u2013adult-centered perspective; and summer camps in Mieras, where she works through play, creation, and everyday life in rural contexts.\r\n\r\n&nbsp;\r\n\r\n<hr \/>\r\n\r\nIf you have any needs or questions regarding the accessibility of this activity, please visit our page on \"access to La Escocesa\" by clicking <a href=\"https:\/\/laescocesa.org\/en\/La%20Escocesa\/accessibility\">here<\/a>.","event_category":235,"event_show_only_own_date":false,"_event_confirmed":true,"_event_public":true,"_event_free":true,"_event_price-min":"","_event_price-max":"","_event_web_ca":"https:\/\/laescocesa.org\/ca\/view\/entreelrosa\/3967","_event_web_es":"https:\/\/laescocesa.org\/es\/view\/entreelrosa\/3967","_event_web_en":"https:\/\/laescocesa.org\/en\/view\/betweenpinkand\/3967","event_contact_email":"","event_apply_email":"https:\/\/usem.liberaforms.org\/2026taller-entrerosayazul","is_online_event":false,"is_art_nou_event":false,"is_bgw_event":false,"date_text":"","register_deadline":null,"altres_organitzadors":""},"abe_event_venue":"La Escocesa","abe_event_category":"Taller","start":"2026-02-21 12:00:00","end":"2026-02-21 14:00:00","schedule":"once","schedule_meta":"","frequency":1,"all_day":0,"until":"2026-02-21 12:00:00","include":[],"exclude":[],"_links":{"self":[{"href":"https:\/\/graf.cat\/es\/wp-json\/wp\/v2\/events\/54209","targetHints":{"allow":["GET"]}}],"collection":[{"href":"https:\/\/graf.cat\/es\/wp-json\/wp\/v2\/events"}],"about":[{"href":"https:\/\/graf.cat\/es\/wp-json\/wp\/v2\/types\/event"}],"author":[{"embeddable":true,"href":"https:\/\/graf.cat\/es\/wp-json\/wp\/v2\/users\/65"}],"occurrences":[{"embeddable":true,"href":"https:\/\/graf.cat\/es\/wp-json\/wp\/v2\/events\/54209\/occurrences"}],"acf:term":[{"embeddable":true,"taxonomy":"event-category","href":"https:\/\/graf.cat\/es\/wp-json\/wp\/v2\/event-category\/235"}],"wp:featuredmedia":[{"embeddable":true,"href":"https:\/\/graf.cat\/es\/wp-json\/wp\/v2\/media\/54210"}],"wp:attachment":[{"href":"https:\/\/graf.cat\/es\/wp-json\/wp\/v2\/media?parent=54209"}],"wp:term":[{"taxonomy":"event-venue","embeddable":true,"href":"https:\/\/graf.cat\/es\/wp-json\/wp\/v2\/event-venues?post=54209"},{"taxonomy":"event-tag","embeddable":true,"href":"https:\/\/graf.cat\/es\/wp-json\/wp\/v2\/event-tags?post=54209"}],"curies":[{"name":"wp","href":"https:\/\/api.w.org\/{rel}","templated":true}]}}

<h1>taller amb Christian Fernández Mirón</h1>
&nbsp;

<em>Entre el rosa i la blau</em> és un taller sobre gènere i diversitat a la infància, la família i l'escola, de caràcter introductori per a persones que crien, eduquen o que estan interessades en aquests temes. Aprofundirem en algunes idees clau —encara que no necessàriament òbvies— entorn del gènere (rols, jocs i joguines, identitat, orientació, expressió, llenguatge, representació, performatividad). Entendrem el gènere en la seva dimensió més plural, com alguna cosa que travessa a totes les persones, des de la més normativa (la noia més femenina o el nen més masculí) a la més dissident o fluida, i que ens situa en aquest món on convivim amb les nostres diferències.

El gènere està en tot, i tot està en joc. Però ens falten eines i referents per a criar i educar(nos) en la diversitat, espais on parlar i preguntar sense por, que puguem compartir les nostres similituds i diferències, celebrar-les fins i tot. El gènere és un dels conceptes més característics i fascinants de la raça humana, present de diferents maneres en totes les cultures, èpoques i territoris. Com podem abordar-ho avui amb el propòsit de brindar un futur millor als qui estan per venir?

L'activitat tindrà moments teòrics, pràctics i lúdics. Es desenvoluparà en castellà, està dirigida a persones adultes i es facilitarà un espai de conciliació/ludoteca per a nenis durant l'activitat, a càrrec de Sarai G. Cumplido.

&nbsp;
<h4><strong>bios</strong></h4>
<strong><a href="http://www.fernandezmiron.com">Christian Fernández Mirón</a></strong> (ell) treballa en projectes variats entre l'art i l'educació, entre el cultural i el social. Desenvolupa tallers entorn del gènere i la diversitat en la infància, adolescència, família i escola sota el títol<em> <a href="https://www.lapanera.cat/es/programas-publicos/residencies-artistiques-a-secundaria/azulyrosa">Entre el rosa y la azul</a></em>. Ha publicat un diari de criança sobre ser (p)are adoptiu i queer: <em><a href="https://laescocesa.org/es/view/7anosde/3858">7 años de espera, 24 horas de aviso, 7 días de vida</a></em> (en col·laboració amb La Escocesa, segona edició disponible pròximament!). Entre els seus projectes comunitaris destaca el treball amb majors LGTBIQ+ a través de <em><a href="https://vimeo.com/864763039">Libérate: artes escénicas y mediación cultural</a></em> (concloent en un cabaret protagonitzat per –i basat en les biografies de– lis participants). Christian és l'únic autor cis masculí en el nou volum de Continta me tienes, <em><a href="https://contintametienes.com/etiqueta-producto/hamor/">(h)amor co(m)adre</a></em>, sobre aternitats i criances fora de la norma, com és a més en el cas de l'adopció.

<strong>Sarai G. Cumplido </strong>és artista i educadora, forma part del col·lectiu DU-DA, amb una trajectòria centrada en l'educació no formal i el treball amb nenis des de les pedagogies lliures. La seva experiència amb nenis es concreta en iniciatives com el <em>Menjador Nòmada</em> (2018–2022), un projecte de convivència, entorn de l'alimentació i la vida comunitària en l'espai públic; a l'<em>Escuela del Más Acá</em> (2023-2025) un espai d'aprenentatge i joc per a acostar-nos a la mort amb curiositat i des d'una mirada no adult-cèntrica; i en casals d'estiu en Mieras, on treballa des del joc, la creació i la vida en contextos rurals.

&nbsp;

<hr />

Si tens alguna necessitat o pregunta en relació a l'accessibilitat d'aquesta activitat, visita la nostra pàgina d"accés a La Escocesa" <a href="https://laescocesa.org/ca/La%20Escocesa/accessibilitat">fent clic aqui</a>.

<h1>taller con Christian Fernández Mirón</h1>
&nbsp;

<em>Entre el rosa y la azul</em> es un taller sobre género y diversidad en la infancia, la familia y la escuela, de carácter introductorio para personas que crían, educan o que están interesadas en estos temas. Ahondaremos en algunas ideas clave —aunque no necesariamente obvias— en torno al género (roles, juegos y juguetes, identidad, orientación, expresión, lenguaje, representación, performatividad). Entenderemos el género en su dimensión más plural, como algo que atraviesa a todas las personas, desde la más normativa (la chica más femenina o el niño más masculino) a la más disidente o fluida, y que nos sitúa en este mundo donde convivimos con nuestras diferencias.

El género está en todo, y todo está en juego. Pero nos faltan herramientas y referentes para criar y educar(nos) en la diversidad, espacios donde hablar y preguntar sin miedo, que podamos compartir nuestras similitudes y diferencias, celebrarlas incluso. El género es uno de los conceptos más característicos y fascinantes de la raza humana, presente de diferentes maneras en todas las culturas, épocas y territorios. ¿Cómo podemos abordarlo hoy con el propósito de brindar un futuro mejor a quienes están por venir?

La actividad tendrá momentos teóricos, prácticos y lúdicos. Se desarrollará en castellano, está dirigida a personas adultas y se facilitará un espacio de conciliación/ludoteca para niñes durante la actividad, a cargo de Sarai G. Cumplido.
<h4><strong>bios</strong></h4>
<a href="http://www.fernandezmiron.com" target="_blank" rel="noopener"><strong>Christian Fernández Mirón</strong></a> (él) trabaja en proyectos variopintos entre el arte y la educación, entre lo cultural y lo social. Desarrolla talleres en torno al género y la diversidad en la infancia, adolescencia, familia y escuela bajo el título <em><a href="https://www.lapanera.cat/es/programas-publicos/residencies-artistiques-a-secundaria/azulyrosa">Entre el rosa y la azul</a></em>. Ha publicado un diario de crianza sobre ser (p)adre adoptivo y queer: <em><a href="https://laescocesa.org/es/view/7anosde/3858">7 años de espera, 24 horas de aviso, 7 días de vida</a></em> (en colaboración con La Escocesa, ¡segunda edición disponible pronto!). Entre sus proyectos comunitarios destaca el trabajo con mayores LGTBIQ+ a través de <em><a href="https://vimeo.com/864763039">Libérate: artes escénicas y mediación cultural</a></em> (concluyendo en un cabaret protagonizado por –y basado en las biografías de– les participantes). Christian es el único autor cis masculino en el nuevo volumen de Continta me tienes, <em><a href="https://contintametienes.com/etiqueta-producto/hamor/">(h)amor co(m)adre</a></em>, sobre aternidades y crianzas fuera de la norma, como es además en su caso la adopción.

<strong>Sarai G. Cumplido </strong>es artista y educadora, forma parte del colectivo DU-DA, con una trayectoria centrada en la educación no formal y el trabajo con niñes desde las pedagogías libres. Su experiencia con niñes se concreta en iniciativas como el <em>Menjador Nòmada</em> (2018–2022), un proyecto de convivencia, en torno a la alimentación y la vida comunitaria en el espacio público; en la <em>Escuela del Más Acá</em> (2023-2025) un espacio de aprendizaje y juego para acercarnos a la muerte con curiosidad y desde una mirada no adulto-céntrica; y en casales de verano en Mieras, donde trabaja desde el juego, la creación y la vida en contextos rurales.

&nbsp;

<hr />

Si tienes alguna necesidad o pregunta en relación a la accesibilidad de esta actividad, visita nuestra página d"acceso a La Escocesa" haciendo clic <a href="https://laescocesa.org/es/La%20Escocesa/accesibilidad">aqui</a>.

<h1>workshop with Christian Fernández Mirón</h1>
&nbsp;

<em>Between pink and blue</em> (Entre el rosa y la azul) is an introductory workshop on gender and diversity in childhood, family, and school, designed for people who raise children, educate them, or are interested in these topics. We will delve into some key—though not necessarily obvious—ideas about gender (roles, games and toys, identity, orientation, expression, language, representation, performativity). We will understand gender in its most plural dimension, as something that cuts across all people, from the most normative (the most feminine girl or the most masculine boy) to the most dissident or fluid, and which places us in this world where we coexist with our differences.

Gender is in everything, and everything is at stake. But we lack the tools and references to raise and educate ourselves in diversity, spaces where we can talk and ask questions without fear, where we can share our similarities and differences, and even celebrate them. Gender is one of the most characteristic and fascinating concepts of the human race, present in different ways in all cultures, eras, and territories. How can we approach it today with the aim of providing a better future for those who are yet to come?

The activity will include theoretical, practical, and recreational elements. It will be conducted in Spanish, is aimed at adults, and a childcare/playroom will be provided for children during the activity, coordinated by Sarai G. Cumplido.

&nbsp;
<h4><strong>bios</strong></h4>
<strong><a href="http://www.fernandezmiron.com">Christian Fernández Mirón</a></strong> (he/him) works on a variety of projects spanning art and education, culture and social issues. He develops workshops on gender and diversity in childhood, adolescence, family, and school under the title <em><a href="https://www.lapanera.cat/es/programas-publicos/residencies-artistiques-a-secundaria/azulyrosa">Entre el rosa y la azul</a></em> (Between Pink and Blue). He has published a parenting diary about being an adoptive and queer (p)arent: <em><a href="https://laescocesa.org/es/view/7anosde/3858">7 años de espera, 24 horas de aviso, 7 días de vida</a></em> (7 Years of Waiting, 24 Hours' Notice, 7 Days of Life) (in collaboration with La Escocesa, second edition available soon!). Among his community projects, his work with older LGTBIQ+ people through<em> <a href="https://vimeo.com/864763039">Libérate: artes escénicas y mediación cultural</a></em> (culminating in a cabaret starring the participants and based on their biographies) stands out. Christian is the only cis male author in the new volume of Continta me tienes, <em><a href="https://contintametienes.com/etiqueta-producto/hamor/">(h)amor co(m)adre</a></em>, about aternities and non-traditional parenting, as is also the case with adoption.

<strong>Sarai G. Cumplido</strong> is an artist and educator, and a member of the DU-DA collective. Her practice focuses on non-formal education and working with children through free/liberatory pedagogies. Her experience with children is reflected in initiatives such as <em>Menjador Nòmada</em> (2018–2022), a project centered on communal living, food, and community life in public space; <em>Escuela del Más Acá</em> (2023–2025), a space for learning and play that approaches death with curiosity from a non–adult-centered perspective; and summer camps in Mieras, where she works through play, creation, and everyday life in rural contexts.

&nbsp;

<hr />

If you have any needs or questions regarding the accessibility of this activity, please visit our page on "access to La Escocesa" by clicking <a href="https://laescocesa.org/en/La%20Escocesa/accessibility">here</a>.
