{"id":54776,"guid":{"rendered":"https:\/\/graf.cat\/?post_type=event&#038;p=54776"},"modified":"2026-03-01T20:52:07","modified_gmt":"2026-03-01T18:52:07","slug":"el-temps-dins-la-butxaca","status":"publish","type":"event","link":"https:\/\/graf.cat\/es\/events\/event\/el-temps-dins-la-butxaca\/","title":{"rendered":"El temps dins la butxaca"},"content":{"rendered":"","protected":false},"excerpt":{"rendered":"","protected":false},"author":172,"featured_media":54777,"template":"","meta":{"_acf_changed":false,"_monsterinsights_skip_tracking":false,"_monsterinsights_sitenote_active":false,"_monsterinsights_sitenote_note":"","_monsterinsights_sitenote_category":0},"event-venues":[694],"event-tags":[],"class_list":["post-54776","event","type-event","status-publish","has-post-thumbnail","hentry","event-venue-acvic-centre-darts-contemporanies","event-category-infantil"],"acf":{"title_ca":"El temps dins la butxaca","title_es":"El tiempo en el bolsillo","title_en":"Time in your Pocket","desc_ca":"Taller familiar de l\u2019exposici\u00f3\u00a0<em>Arran de terra<\/em> d\u2019Isabel Banal, amb la col\u00b7laboraci\u00f3 de la <strong>Biblioteca Pilar\u00edn Bay\u00e9s<\/strong>.\r\n\r\n<strong>Activitat gratu\u00efta. Cal inscripci\u00f3 pr\u00e8via en <a href=\"https:\/\/www.acvic.org\/ca\/?option=com_rsform&amp;view=rsform&amp;formId=124\">aquest formulari<\/a><\/strong>\r\n\r\nLes mans petites, sovint curioses, ens porten a recollir objectes diminuts que poden acabar esdevenint un tresor. Les m\u00e9s especials s\u00f3n les troballes que fem arreu i que, sovint, guardem com un petit tresor dins la butxaca. Si explorem la natura i observem minuciosament tot el que ens envolta, potser voldrem registrar les nostres descobertes i fer-ne una col\u00b7lecci\u00f3.\r\n\r\nAl\u00a0taller\u00a0<em>El temps dins la butxaca<\/em>, resseguirem els espais i els objectes com a llocs propis, ple d\u2019aventures i descobriments. El temps s\u2019aturar\u00e0 i ens convertirem en veritables exploradors de les coses petites.\r\n\r\nEls tallers familiars proposen ser un espai de trobada entre infants i adults, on, a trav\u00e9s d\u2019\u00e0lbums il\u00b7lustrats, endinsar-nos en l\u2019art contemporani.\r\n\r\nPer a fam\u00edlies amb infants de 3 a 5 anys.","desc_es":"Taller familiar de la exposici\u00f3n\u00a0<em>Arran de terra<\/em> de Isabel Banal, con la colaboraci\u00f3n de la <strong>Biblioteca Pilar\u00edn Bay\u00e9s<\/strong>.\r\n\r\n<strong>Actividad gratuita. Es necesaria inscripci\u00f3n previa en <a href=\"https:\/\/www.acvic.org\/es\/?option=com_rsform&amp;view=rsform&amp;formId=124\">este formulario<\/a><\/strong>\r\n\r\nLas manos peque\u00f1as, a menudo curiosas, nos llevan a recoger objetos diminutos que pueden acabar convirti\u00e9ndose en un tesoro. Las m\u00e1s especiales son los hallazgos que hacemos en cualquier lugar y que, a menudo, guardamos como un peque\u00f1o tesoro en el bolsillo. Si exploramos la naturaleza y observamos minuciosamente todo lo que nos rodea, quiz\u00e1 queramos registrar nuestros descubrimientos y crear una colecci\u00f3n.\r\n\r\nEn el taller\u00a0<em>El tiempo en el bolsillo<\/em>, recorreremos los espacios y los objetos como lugares propios, llenos de aventuras y descubrimientos. El tiempo se detendr\u00e1 y nos convertiremos en aut\u00e9nticos exploradores de las cosas peque\u00f1as.\r\n\r\nLos talleres familiares se conciben como un espacio de encuentro entre ni\u00f1os y adultos en los que, a trav\u00e9s de \u00e1lbumes ilustrados, adentrarse en el arte contempor\u00e1neo.\r\n\r\nPara familias con ni\u00f1os y ni\u00f1as de 3 a 5 a\u00f1os.","desc_en":"<em>A family workshop themed around the exhibition\u00a0Arran de terra<\/em>\u00a0Isabel Banal, with the collaboration of the<strong>\u00a0<\/strong><strong>Biblioteca Pilar\u00edn Bay\u00e9s<\/strong>.\r\n\r\n<strong>Free activity. Prior registration is required via <a href=\"https:\/\/www.acvic.org\/en\/?option=com_rsform&amp;view=rsform&amp;formId=124\">this link<\/a><\/strong>\r\n\r\nSmall,\u00a0\u00a0often curious\u00a0\u00a0hands, help us to collect tiny objects which may end up as treasures. The most special finds are those we make around us, and which we often keep in our pockets as a mini- treasure. If we explore nature and meticulously observe everything around us, we may wish to document the things we discover and turn them into a collection.\r\n\r\nIn the workshop Time in your Pocket, participants will explore the exhibition spaces and examine the objects they find, like a new word, full of adventures and discoveries. Time will stop as participants become true explorers of small things.\r\n\r\nThe mini-espai\u2019s family workshops are an intergenerational meeting place in which for an exploration of contemporary arts through illustrated books and activities.\r\n\r\nFamilies with children aged 3 to 5.","event_category":443,"event_show_only_own_date":true,"_event_confirmed":true,"_event_public":true,"_event_free":true,"_event_price-min":"","_event_price-max":"","_event_web_ca":"https:\/\/www.acvic.org\/ca\/programacio-de-cursos\/4470-el-temps-dins-la-butxaca","_event_web_es":"https:\/\/www.acvic.org\/es\/cursos\/4471-el-tiempo-en-el-bolsillo","_event_web_en":"https:\/\/www.acvic.org\/en\/courses\/4472-time-in-your-pocket","event_contact_email":"educacio@acvic.org","event_apply_email":"https:\/\/www.acvic.org\/ca\/?option=com_rsform&amp;view=rsform&amp;formId=124","is_online_event":false,"is_art_nou_event":false,"is_bgw_event":false,"date_text":"06\/03\/2026","register_deadline":"20260306","altres_organitzadors":""},"abe_event_venue":"ACVIC. Centre d'Arts Contempor\u00e0nies","abe_event_category":"Infantil","start":"2026-03-07 11:00:00","end":"2026-03-07 12:30:00","schedule":"once","schedule_meta":"","frequency":1,"all_day":0,"until":"2026-03-07 11:00:00","include":[],"exclude":[],"_links":{"self":[{"href":"https:\/\/graf.cat\/es\/wp-json\/wp\/v2\/events\/54776","targetHints":{"allow":["GET"]}}],"collection":[{"href":"https:\/\/graf.cat\/es\/wp-json\/wp\/v2\/events"}],"about":[{"href":"https:\/\/graf.cat\/es\/wp-json\/wp\/v2\/types\/event"}],"author":[{"embeddable":true,"href":"https:\/\/graf.cat\/es\/wp-json\/wp\/v2\/users\/172"}],"occurrences":[{"embeddable":true,"href":"https:\/\/graf.cat\/es\/wp-json\/wp\/v2\/events\/54776\/occurrences"}],"acf:term":[{"embeddable":true,"taxonomy":"event-category","href":"https:\/\/graf.cat\/es\/wp-json\/wp\/v2\/event-category\/443"}],"wp:featuredmedia":[{"embeddable":true,"href":"https:\/\/graf.cat\/es\/wp-json\/wp\/v2\/media\/54777"}],"wp:attachment":[{"href":"https:\/\/graf.cat\/es\/wp-json\/wp\/v2\/media?parent=54776"}],"wp:term":[{"taxonomy":"event-venue","embeddable":true,"href":"https:\/\/graf.cat\/es\/wp-json\/wp\/v2\/event-venues?post=54776"},{"taxonomy":"event-tag","embeddable":true,"href":"https:\/\/graf.cat\/es\/wp-json\/wp\/v2\/event-tags?post=54776"}],"curies":[{"name":"wp","href":"https:\/\/api.w.org\/{rel}","templated":true}]}}

Taller familiar de l’exposició <em>Arran de terra</em> d’Isabel Banal, amb la col·laboració de la <strong>Biblioteca Pilarín Bayés</strong>.

<strong>Activitat gratuïta. Cal inscripció prèvia en <a href="https://www.acvic.org/ca/?option=com_rsform&amp;view=rsform&amp;formId=124">aquest formulari</a></strong>

Les mans petites, sovint curioses, ens porten a recollir objectes diminuts que poden acabar esdevenint un tresor. Les més especials són les troballes que fem arreu i que, sovint, guardem com un petit tresor dins la butxaca. Si explorem la natura i observem minuciosament tot el que ens envolta, potser voldrem registrar les nostres descobertes i fer-ne una col·lecció.

Al taller <em>El temps dins la butxaca</em>, resseguirem els espais i els objectes com a llocs propis, ple d’aventures i descobriments. El temps s’aturarà i ens convertirem en veritables exploradors de les coses petites.

Els tallers familiars proposen ser un espai de trobada entre infants i adults, on, a través d’àlbums il·lustrats, endinsar-nos en l’art contemporani.

Per a famílies amb infants de 3 a 5 anys.

Taller familiar de la exposición <em>Arran de terra</em> de Isabel Banal, con la colaboración de la <strong>Biblioteca Pilarín Bayés</strong>.

<strong>Actividad gratuita. Es necesaria inscripción previa en <a href="https://www.acvic.org/es/?option=com_rsform&amp;view=rsform&amp;formId=124">este formulario</a></strong>

Las manos pequeñas, a menudo curiosas, nos llevan a recoger objetos diminutos que pueden acabar convirtiéndose en un tesoro. Las más especiales son los hallazgos que hacemos en cualquier lugar y que, a menudo, guardamos como un pequeño tesoro en el bolsillo. Si exploramos la naturaleza y observamos minuciosamente todo lo que nos rodea, quizá queramos registrar nuestros descubrimientos y crear una colección.

En el taller <em>El tiempo en el bolsillo</em>, recorreremos los espacios y los objetos como lugares propios, llenos de aventuras y descubrimientos. El tiempo se detendrá y nos convertiremos en auténticos exploradores de las cosas pequeñas.

Los talleres familiares se conciben como un espacio de encuentro entre niños y adultos en los que, a través de álbumes ilustrados, adentrarse en el arte contemporáneo.

Para familias con niños y niñas de 3 a 5 años.

<em>A family workshop themed around the exhibition Arran de terra</em> Isabel Banal, with the collaboration of the<strong> </strong><strong>Biblioteca Pilarín Bayés</strong>.

<strong>Free activity. Prior registration is required via <a href="https://www.acvic.org/en/?option=com_rsform&amp;view=rsform&amp;formId=124">this link</a></strong>

Small,  often curious  hands, help us to collect tiny objects which may end up as treasures. The most special finds are those we make around us, and which we often keep in our pockets as a mini- treasure. If we explore nature and meticulously observe everything around us, we may wish to document the things we discover and turn them into a collection.

In the workshop Time in your Pocket, participants will explore the exhibition spaces and examine the objects they find, like a new word, full of adventures and discoveries. Time will stop as participants become true explorers of small things.

The mini-espai’s family workshops are an intergenerational meeting place in which for an exploration of contemporary arts through illustrated books and activities.

Families with children aged 3 to 5.

ACVIC. Centre d'Arts Contemporànies
