{"id":55355,"guid":{"rendered":"https:\/\/graf.cat\/?post_type=event&#038;p=55355"},"modified":"2026-03-06T10:51:39","modified_gmt":"2026-03-06T08:51:39","slug":"marcel%c2%b7li-antunez-roca-llum-natura-est","status":"publish","type":"event","link":"https:\/\/graf.cat\/es\/events\/event\/marcel%c2%b7li-antunez-roca-llum-natura-est\/","title":{"rendered":"Llum Natura Est"},"content":{"rendered":"","protected":false},"excerpt":{"rendered":"","protected":false},"author":180,"featured_media":55349,"template":"","meta":{"_acf_changed":false,"_monsterinsights_skip_tracking":false,"_monsterinsights_sitenote_active":false,"_monsterinsights_sitenote_note":"","_monsterinsights_sitenote_category":0},"event-venues":[],"event-tags":[],"class_list":["post-55355","event","type-event","status-publish","has-post-thumbnail","hentry","event-category-inauguracio"],"acf":{"title_ca":"Llum Natura Est","title_es":"Llum Natura Est","title_en":"Llum Natura Est","desc_ca":"Llum, Natura Centrum Est, de Marcel\u00b7l\u00ed Ant\u00fanez Roca, ocupa el Tinglado 2 del Moll de Costa com un campament provisional, transitable i transformable que situa la natura al centre del relat. La instal\u00b7laci\u00f3 reuneix telons, dibuixos, figures, vestits i altres objectes que s\u2019han anat elaborant des de 2014 a partir d\u2019accions col\u00b7laboratives en espais p\u00fablics i comunitaris, articulant-los en un dispositiu obert i que necessita de la participaci\u00f3 per eclosionar. El projecte assenyala la necessitat de revertir una mirada que ha expulsat la natura del camp cultural i pol\u00edtic. Aqu\u00ed, animals, plantes, mat\u00e8ries i territoris no s\u00f3n escenografia, sin\u00f3 subjectes actius d\u2019un imaginari compartit. Entre grans dibuixos que s\u2019obren com finestres i estructures que conviden al recorregut, la mostra proposa una experi\u00e8ncia que ent\u00e9n la creaci\u00f3 com a pr\u00e0ctica col\u00b7lectiva i la natura com a espai de resist\u00e8ncia, aprenentatge i imaginaci\u00f3 comuna. Una coproducci\u00f3 entre M\u00e8dol i Port de Tarragona. ACTIVITATS COMPLEMENTARIES INAUGURACI\u00d3 Dissabte 14 de mar\u00e7 a les 12.00 h L\u2019exposici\u00f3 es posa en moviment amb una gran rua amb alguns elements de l\u2019exposici\u00f3 i la banda Marceluya y sus Mireios (Fail Again Ensemble). VISITA GUIADA Dijous 26 de mar\u00e7 a les 19.00 h Dissabte 25 d\u2019abril a les 12.00 h A c\u00e0rrec de l\u2019artista, que explicar\u00e0 les hist\u00f2ries i les preguntes que travessen l\u2019exposici\u00f3. VISITA ALS HORTS Dissabte 9 de maig a les 10.00 h Punt de sortida: p\u00e0rquing Horta Gran, Tarragona Recorregut de 2 hores (4 km) per masos i hortes. AGROECOLOGIA I ART Dissabte 9 de maig a les 17.00 h Per qu\u00e8 cal posar la natura al centre? Presentaci\u00f3 de projectes i taula rodona amb pagesos, artistes i experts. WORKSHOP SERRALLO Del 20 al 22 de maig Jornades de treball dirigides per l\u2019artista per construir objectes i vestits relacionats amb la naturalesa marina, el Serrallo i altres imaginaris tarragonins. CLAUSURA Dissabte 24 de maig a les 12.00 h Rua de tancament que reunir\u00e0 les peces produ\u00efdes al workshop, les de l\u2019exposici\u00f3 i l\u2019imaginari del barri del Serrallo. Celebraci\u00f3 final d\u2019un projecte viu i compartit: Llum, Natura Centrum Est.","desc_es":"<p data-start=\"13\" data-end=\"495\"><strong data-start=\"13\" data-end=\"41\">Llum, Natura Centrum Est<\/strong>, de <strong data-start=\"46\" data-end=\"72\">Marcel\u00b7l\u00ed Ant\u00fanez Roca<\/strong>, ocupa el Tinglado 2 del Moll de Costa como un campamento provisional, transitable y transformable que sit\u00faa la naturaleza en el centro del relato. La instalaci\u00f3n re\u00fane telones, dibujos, figuras, vestuarios y otros objetos que se han ido elaborando desde 2014 a partir de acciones colaborativas en espacios p\u00fablicos y comunitarios, articul\u00e1ndolos en un dispositivo abierto que necesita de la participaci\u00f3n para eclosionar.<\/p>\r\n<p data-start=\"497\" data-end=\"984\">El proyecto se\u00f1ala la necesidad de revertir una mirada que ha expulsado la naturaleza del \u00e1mbito cultural y pol\u00edtico. Aqu\u00ed, animales, plantas, materias y territorios no son escenograf\u00eda, sino sujetos activos de un imaginario compartido. Entre grandes dibujos que se abren como ventanas y estructuras que invitan al recorrido, la muestra propone una experiencia que entiende la creaci\u00f3n como pr\u00e1ctica colectiva y la naturaleza como espacio de resistencia, aprendizaje e imaginaci\u00f3n com\u00fan.<\/p>\r\n<p data-start=\"986\" data-end=\"1035\">Una coproducci\u00f3n entre M\u00e8dol y Port de Tarragona.<\/p>\r\n<p data-start=\"1037\" data-end=\"1068\"><strong data-start=\"1037\" data-end=\"1068\">ACTIVIDADES COMPLEMENTARIAS<\/strong><\/p>\r\n<p data-start=\"1070\" data-end=\"1276\"><strong data-start=\"1070\" data-end=\"1086\">INAUGURACI\u00d3N<\/strong><br data-start=\"1086\" data-end=\"1089\" \/>S\u00e1bado 14 de marzo a las 12:00 h<br data-start=\"1121\" data-end=\"1124\" \/>La exposici\u00f3n se pone en movimiento con un gran desfile con algunos elementos de la exposici\u00f3n y la banda Marceluya y sus Mireios (Fail Again Ensemble).<\/p>\r\n<p data-start=\"1278\" data-end=\"1462\"><strong data-start=\"1278\" data-end=\"1295\">VISITA GUIADA<\/strong><br data-start=\"1295\" data-end=\"1298\" \/>Jueves 26 de marzo a las 19:00 h<br data-start=\"1330\" data-end=\"1333\" \/>S\u00e1bado 25 de abril a las 12:00 h<br data-start=\"1365\" data-end=\"1368\" \/>A cargo del artista, que explicar\u00e1 las historias y las preguntas que atraviesan la exposici\u00f3n.<\/p>\r\n<p data-start=\"1464\" data-end=\"1622\"><strong data-start=\"1464\" data-end=\"1488\">VISITA A LOS HUERTOS<\/strong><br data-start=\"1488\" data-end=\"1491\" \/>S\u00e1bado 9 de mayo a las 10:00 h<br data-start=\"1521\" data-end=\"1524\" \/>Punto de salida: parking Horta Gran, Tarragona<br data-start=\"1570\" data-end=\"1573\" \/>Recorrido de 2 horas (4 km) por mas\u00edas y huertos.<\/p>\r\n<p data-start=\"1624\" data-end=\"1818\"><strong data-start=\"1624\" data-end=\"1647\">AGROECOLOG\u00cdA Y ARTE<\/strong><br data-start=\"1647\" data-end=\"1650\" \/>S\u00e1bado 9 de mayo a las 17:00 h<br data-start=\"1680\" data-end=\"1683\" \/>\u00bfPor qu\u00e9 es necesario poner la naturaleza en el centro? Presentaci\u00f3n de proyectos y mesa redonda con agricultores, artistas y expertos.<\/p>\r\n<p data-start=\"1820\" data-end=\"2033\"><strong data-start=\"1820\" data-end=\"1841\">WORKSHOP SERRALLO<\/strong><br data-start=\"1841\" data-end=\"1844\" \/>Del 20 al 22 de mayo<br data-start=\"1864\" data-end=\"1867\" \/>Jornadas de trabajo dirigidas por el artista para construir objetos y vestuarios relacionados con la naturaleza marina, el Serrallo y otros imaginarios tarraconenses.<\/p>\r\n<p data-start=\"2035\" data-end=\"2293\"><strong data-start=\"2035\" data-end=\"2047\">CLAUSURA<\/strong><br data-start=\"2047\" data-end=\"2050\" \/>S\u00e1bado 24 de mayo a las 12:00 h<br data-start=\"2081\" data-end=\"2084\" \/>Desfile de cierre que reunir\u00e1 las piezas producidas en el workshop, las de la exposici\u00f3n y el imaginario del barrio del Serrallo. Celebraci\u00f3n final de un proyecto vivo y compartido: <em data-start=\"2266\" data-end=\"2292\">Llum, Natura Centrum Est<\/em>.<\/p>","desc_en":"<p data-start=\"2313\" data-end=\"2793\"><strong data-start=\"2313\" data-end=\"2341\">Llum, Natura Centrum Est<\/strong>, by <strong data-start=\"2346\" data-end=\"2372\">Marcel\u00b7l\u00ed Ant\u00fanez Roca<\/strong>, occupies Tinglado 2 at the Moll de Costa as a provisional, walkable and transformable camp that places nature at the center of the narrative. The installation brings together backdrops, drawings, figures, costumes and other objects that have been created since 2014 through collaborative actions in public and community spaces, articulating them into an open device that requires participation in order to fully unfold.<\/p>\r\n<p data-start=\"2795\" data-end=\"3284\">The project points to the need to reverse a perspective that has expelled nature from the cultural and political sphere. Here, animals, plants, materials and territories are not scenery but active subjects of a shared imaginary. Among large drawings that open like windows and structures that invite visitors to walk through them, the exhibition proposes an experience that understands creation as a collective practice and nature as a space of resistance, learning and shared imagination.<\/p>\r\n<p data-start=\"3286\" data-end=\"3338\">A co-production between M\u00e8dol and Port de Tarragona.<\/p>\r\n<p data-start=\"3340\" data-end=\"3365\"><strong data-start=\"3340\" data-end=\"3365\">ADDITIONAL ACTIVITIES<\/strong><\/p>\r\n<p data-start=\"3367\" data-end=\"3570\"><strong data-start=\"3367\" data-end=\"3378\">OPENING<\/strong><br data-start=\"3378\" data-end=\"3381\" \/>Saturday, March 14 at 12:00 pm<br data-start=\"3411\" data-end=\"3414\" \/>The exhibition comes into motion with a large parade featuring some elements from the exhibition and the band Marceluya y sus Mireios (Fail Again Ensemble).<\/p>\r\n<p data-start=\"3572\" data-end=\"3749\"><strong data-start=\"3572\" data-end=\"3587\">GUIDED TOUR<\/strong><br data-start=\"3587\" data-end=\"3590\" \/>Thursday, March 26 at 7:00 pm<br data-start=\"3619\" data-end=\"3622\" \/>Saturday, April 25 at 12:00 pm<br data-start=\"3652\" data-end=\"3655\" \/>Led by the artist, who will explain the stories and questions that run through the exhibition.<\/p>\r\n<p data-start=\"3751\" data-end=\"3908\"><strong data-start=\"3751\" data-end=\"3775\">VISIT TO THE GARDENS<\/strong><br data-start=\"3775\" data-end=\"3778\" \/>Saturday, May 9 at 10:00 am<br data-start=\"3805\" data-end=\"3808\" \/>Meeting point: Horta Gran parking, Tarragona<br data-start=\"3852\" data-end=\"3855\" \/>A 2-hour route (4 km) through farmhouses and gardens.<\/p>\r\n<p data-start=\"3910\" data-end=\"4084\"><strong data-start=\"3910\" data-end=\"3933\">AGROECOLOGY AND ART<\/strong><br data-start=\"3933\" data-end=\"3936\" \/>Saturday, May 9 at 5:00 pm<br data-start=\"3962\" data-end=\"3965\" \/>Why should nature be placed at the center? Presentation of projects and a roundtable with farmers, artists and experts.<\/p>\r\n<p data-start=\"4086\" data-end=\"4271\"><strong data-start=\"4086\" data-end=\"4107\">SERRALLO WORKSHOP<\/strong><br data-start=\"4107\" data-end=\"4110\" \/>May 20\u201322<br data-start=\"4119\" data-end=\"4122\" \/>Working sessions led by the artist to build objects and costumes related to marine nature, the Serrallo neighborhood and other Tarragona imaginaries.<\/p>\r\n<p data-start=\"4273\" data-end=\"4545\" data-is-last-node=\"\" data-is-only-node=\"\"><strong data-start=\"4273\" data-end=\"4290\">CLOSING EVENT<\/strong><br data-start=\"4290\" data-end=\"4293\" \/>Saturday, May 24 at 12:00 pm<br data-start=\"4321\" data-end=\"4324\" \/>Closing parade bringing together the pieces produced in the workshop, those from the exhibition and the imaginary of the Serrallo neighborhood. Final celebration of a living and shared project: <em data-start=\"4518\" data-end=\"4544\">Llum, Natura Centrum Est<\/em>.<\/p>","event_category":189,"event_show_only_own_date":false,"_event_confirmed":true,"_event_public":false,"_event_free":false,"_event_price-min":"","_event_price-max":"","_event_web_ca":"","_event_web_es":"","_event_web_en":"","event_contact_email":"","event_apply_email":"","is_online_event":false,"is_art_nou_event":false,"is_bgw_event":false,"date_text":"","register_deadline":null,"altres_organitzadors":""},"abe_event_venue":null,"abe_event_category":"Inauguraci\u00f3","start":"2026-03-14 12:00:00","end":"2026-05-24 12:00:00","schedule":"once","schedule_meta":"","frequency":1,"all_day":0,"until":"2026-03-14 12:00:00","include":[],"exclude":[],"_links":{"self":[{"href":"https:\/\/graf.cat\/es\/wp-json\/wp\/v2\/events\/55355","targetHints":{"allow":["GET"]}}],"collection":[{"href":"https:\/\/graf.cat\/es\/wp-json\/wp\/v2\/events"}],"about":[{"href":"https:\/\/graf.cat\/es\/wp-json\/wp\/v2\/types\/event"}],"author":[{"embeddable":true,"href":"https:\/\/graf.cat\/es\/wp-json\/wp\/v2\/users\/180"}],"occurrences":[{"embeddable":true,"href":"https:\/\/graf.cat\/es\/wp-json\/wp\/v2\/events\/55355\/occurrences"}],"acf:term":[{"embeddable":true,"taxonomy":"event-category","href":"https:\/\/graf.cat\/es\/wp-json\/wp\/v2\/event-category\/189"}],"wp:featuredmedia":[{"embeddable":true,"href":"https:\/\/graf.cat\/es\/wp-json\/wp\/v2\/media\/55349"}],"wp:attachment":[{"href":"https:\/\/graf.cat\/es\/wp-json\/wp\/v2\/media?parent=55355"}],"wp:term":[{"taxonomy":"event-venue","embeddable":true,"href":"https:\/\/graf.cat\/es\/wp-json\/wp\/v2\/event-venues?post=55355"},{"taxonomy":"event-tag","embeddable":true,"href":"https:\/\/graf.cat\/es\/wp-json\/wp\/v2\/event-tags?post=55355"}],"curies":[{"name":"wp","href":"https:\/\/api.w.org\/{rel}","templated":true}]}}

Llum, Natura Centrum Est, de Marcel·lí Antúnez Roca, ocupa el Tinglado 2 del Moll de Costa com un campament provisional, transitable i transformable que situa la natura al centre del relat. La instal·lació reuneix telons, dibuixos, figures, vestits i altres objectes que s’han anat elaborant des de 2014 a partir d’accions col·laboratives en espais públics i comunitaris, articulant-los en un dispositiu obert i que necessita de la participació per eclosionar. El projecte assenyala la necessitat de revertir una mirada que ha expulsat la natura del camp cultural i polític. Aquí, animals, plantes, matèries i territoris no són escenografia, sinó subjectes actius d’un imaginari compartit. Entre grans dibuixos que s’obren com finestres i estructures que conviden al recorregut, la mostra proposa una experiència que entén la creació com a pràctica col·lectiva i la natura com a espai de resistència, aprenentatge i imaginació comuna. Una coproducció entre Mèdol i Port de Tarragona. ACTIVITATS COMPLEMENTARIES INAUGURACIÓ Dissabte 14 de març a les 12.00 h L’exposició es posa en moviment amb una gran rua amb alguns elements de l’exposició i la banda Marceluya y sus Mireios (Fail Again Ensemble). VISITA GUIADA Dijous 26 de març a les 19.00 h Dissabte 25 d’abril a les 12.00 h A càrrec de l’artista, que explicarà les històries i les preguntes que travessen l’exposició. VISITA ALS HORTS Dissabte 9 de maig a les 10.00 h Punt de sortida: pàrquing Horta Gran, Tarragona Recorregut de 2 hores (4 km) per masos i hortes. AGROECOLOGIA I ART Dissabte 9 de maig a les 17.00 h Per què cal posar la natura al centre? Presentació de projectes i taula rodona amb pagesos, artistes i experts. WORKSHOP SERRALLO Del 20 al 22 de maig Jornades de treball dirigides per l’artista per construir objectes i vestits relacionats amb la naturalesa marina, el Serrallo i altres imaginaris tarragonins. CLAUSURA Dissabte 24 de maig a les 12.00 h Rua de tancament que reunirà les peces produïdes al workshop, les de l’exposició i l’imaginari del barri del Serrallo. Celebració final d’un projecte viu i compartit: Llum, Natura Centrum Est.

<p data-start="13" data-end="495"><strong data-start="13" data-end="41">Llum, Natura Centrum Est</strong>, de <strong data-start="46" data-end="72">Marcel·lí Antúnez Roca</strong>, ocupa el Tinglado 2 del Moll de Costa como un campamento provisional, transitable y transformable que sitúa la naturaleza en el centro del relato. La instalación reúne telones, dibujos, figuras, vestuarios y otros objetos que se han ido elaborando desde 2014 a partir de acciones colaborativas en espacios públicos y comunitarios, articulándolos en un dispositivo abierto que necesita de la participación para eclosionar.</p>
<p data-start="497" data-end="984">El proyecto señala la necesidad de revertir una mirada que ha expulsado la naturaleza del ámbito cultural y político. Aquí, animales, plantas, materias y territorios no son escenografía, sino sujetos activos de un imaginario compartido. Entre grandes dibujos que se abren como ventanas y estructuras que invitan al recorrido, la muestra propone una experiencia que entiende la creación como práctica colectiva y la naturaleza como espacio de resistencia, aprendizaje e imaginación común.</p>
<p data-start="986" data-end="1035">Una coproducción entre Mèdol y Port de Tarragona.</p>
<p data-start="1037" data-end="1068"><strong data-start="1037" data-end="1068">ACTIVIDADES COMPLEMENTARIAS</strong></p>
<p data-start="1070" data-end="1276"><strong data-start="1070" data-end="1086">INAUGURACIÓN</strong><br data-start="1086" data-end="1089" />Sábado 14 de marzo a las 12:00 h<br data-start="1121" data-end="1124" />La exposición se pone en movimiento con un gran desfile con algunos elementos de la exposición y la banda Marceluya y sus Mireios (Fail Again Ensemble).</p>
<p data-start="1278" data-end="1462"><strong data-start="1278" data-end="1295">VISITA GUIADA</strong><br data-start="1295" data-end="1298" />Jueves 26 de marzo a las 19:00 h<br data-start="1330" data-end="1333" />Sábado 25 de abril a las 12:00 h<br data-start="1365" data-end="1368" />A cargo del artista, que explicará las historias y las preguntas que atraviesan la exposición.</p>
<p data-start="1464" data-end="1622"><strong data-start="1464" data-end="1488">VISITA A LOS HUERTOS</strong><br data-start="1488" data-end="1491" />Sábado 9 de mayo a las 10:00 h<br data-start="1521" data-end="1524" />Punto de salida: parking Horta Gran, Tarragona<br data-start="1570" data-end="1573" />Recorrido de 2 horas (4 km) por masías y huertos.</p>
<p data-start="1624" data-end="1818"><strong data-start="1624" data-end="1647">AGROECOLOGÍA Y ARTE</strong><br data-start="1647" data-end="1650" />Sábado 9 de mayo a las 17:00 h<br data-start="1680" data-end="1683" />¿Por qué es necesario poner la naturaleza en el centro? Presentación de proyectos y mesa redonda con agricultores, artistas y expertos.</p>
<p data-start="1820" data-end="2033"><strong data-start="1820" data-end="1841">WORKSHOP SERRALLO</strong><br data-start="1841" data-end="1844" />Del 20 al 22 de mayo<br data-start="1864" data-end="1867" />Jornadas de trabajo dirigidas por el artista para construir objetos y vestuarios relacionados con la naturaleza marina, el Serrallo y otros imaginarios tarraconenses.</p>
<p data-start="2035" data-end="2293"><strong data-start="2035" data-end="2047">CLAUSURA</strong><br data-start="2047" data-end="2050" />Sábado 24 de mayo a las 12:00 h<br data-start="2081" data-end="2084" />Desfile de cierre que reunirá las piezas producidas en el workshop, las de la exposición y el imaginario del barrio del Serrallo. Celebración final de un proyecto vivo y compartido: <em data-start="2266" data-end="2292">Llum, Natura Centrum Est</em>.</p>

<p data-start="2313" data-end="2793"><strong data-start="2313" data-end="2341">Llum, Natura Centrum Est</strong>, by <strong data-start="2346" data-end="2372">Marcel·lí Antúnez Roca</strong>, occupies Tinglado 2 at the Moll de Costa as a provisional, walkable and transformable camp that places nature at the center of the narrative. The installation brings together backdrops, drawings, figures, costumes and other objects that have been created since 2014 through collaborative actions in public and community spaces, articulating them into an open device that requires participation in order to fully unfold.</p>
<p data-start="2795" data-end="3284">The project points to the need to reverse a perspective that has expelled nature from the cultural and political sphere. Here, animals, plants, materials and territories are not scenery but active subjects of a shared imaginary. Among large drawings that open like windows and structures that invite visitors to walk through them, the exhibition proposes an experience that understands creation as a collective practice and nature as a space of resistance, learning and shared imagination.</p>
<p data-start="3286" data-end="3338">A co-production between Mèdol and Port de Tarragona.</p>
<p data-start="3340" data-end="3365"><strong data-start="3340" data-end="3365">ADDITIONAL ACTIVITIES</strong></p>
<p data-start="3367" data-end="3570"><strong data-start="3367" data-end="3378">OPENING</strong><br data-start="3378" data-end="3381" />Saturday, March 14 at 12:00 pm<br data-start="3411" data-end="3414" />The exhibition comes into motion with a large parade featuring some elements from the exhibition and the band Marceluya y sus Mireios (Fail Again Ensemble).</p>
<p data-start="3572" data-end="3749"><strong data-start="3572" data-end="3587">GUIDED TOUR</strong><br data-start="3587" data-end="3590" />Thursday, March 26 at 7:00 pm<br data-start="3619" data-end="3622" />Saturday, April 25 at 12:00 pm<br data-start="3652" data-end="3655" />Led by the artist, who will explain the stories and questions that run through the exhibition.</p>
<p data-start="3751" data-end="3908"><strong data-start="3751" data-end="3775">VISIT TO THE GARDENS</strong><br data-start="3775" data-end="3778" />Saturday, May 9 at 10:00 am<br data-start="3805" data-end="3808" />Meeting point: Horta Gran parking, Tarragona<br data-start="3852" data-end="3855" />A 2-hour route (4 km) through farmhouses and gardens.</p>
<p data-start="3910" data-end="4084"><strong data-start="3910" data-end="3933">AGROECOLOGY AND ART</strong><br data-start="3933" data-end="3936" />Saturday, May 9 at 5:00 pm<br data-start="3962" data-end="3965" />Why should nature be placed at the center? Presentation of projects and a roundtable with farmers, artists and experts.</p>
<p data-start="4086" data-end="4271"><strong data-start="4086" data-end="4107">SERRALLO WORKSHOP</strong><br data-start="4107" data-end="4110" />May 20–22<br data-start="4119" data-end="4122" />Working sessions led by the artist to build objects and costumes related to marine nature, the Serrallo neighborhood and other Tarragona imaginaries.</p>
<p data-start="4273" data-end="4545" data-is-last-node="" data-is-only-node=""><strong data-start="4273" data-end="4290">CLOSING EVENT</strong><br data-start="4290" data-end="4293" />Saturday, May 24 at 12:00 pm<br data-start="4321" data-end="4324" />Closing parade bringing together the pieces produced in the workshop, those from the exhibition and the imaginary of the Serrallo neighborhood. Final celebration of a living and shared project: <em data-start="4518" data-end="4544">Llum, Natura Centrum Est</em>.</p>

Inauguració
