{"id":55605,"guid":{"rendered":"https:\/\/graf.cat\/?post_type=event&#038;p=55605"},"modified":"2026-03-16T12:30:13","modified_gmt":"2026-03-16T10:30:13","slug":"visita-comentada-a-lexposicio-arran-de-terra","status":"publish","type":"event","link":"https:\/\/graf.cat\/es\/events\/event\/visita-comentada-a-lexposicio-arran-de-terra\/","title":{"rendered":"Visita comentada a &#8216;Arran de terra&#8217; amb Gl\u00f2ria Picazo i Isabel Banal"},"content":{"rendered":"","protected":false},"excerpt":{"rendered":"","protected":false},"author":172,"featured_media":55606,"template":"","meta":{"_acf_changed":false,"_monsterinsights_skip_tracking":false,"_monsterinsights_sitenote_active":false,"_monsterinsights_sitenote_note":"","_monsterinsights_sitenote_category":0},"event-venues":[694],"event-tags":[],"class_list":["post-55605","event","type-event","status-publish","has-post-thumbnail","hentry","event-venue-acvic-centre-darts-contemporanies","event-category-visita-guiada"],"acf":{"title_ca":"Visita comentada a 'Arran de terra' amb Gl\u00f2ria Picazo i Isabel Banal","title_es":"Visita comentada a 'Arran de terra' con Gl\u00f2ria Picazo e Isabel Banal","title_en":"Guided tour of the \u2018Arran de Terra\u2019 exhibition","desc_ca":"Gl\u00f2ria Picazo, curadora d\u2019<em>Arran de Terra<\/em>\u00a0i l\u2019artista Isabel Banal faran una visita comentada a\u00a0l\u2019exposici\u00f3 on hi trobem tamb\u00e9 obres convidades d\u2019artistes com Ignasi Aball\u00ed, Joan Brossa, Perejaume, Cabello-Carceller, Helena Almeida, Eva Lootz o Susana Solano entre molts d\u2019altres\r\n\r\n<strong>Activitat gratu\u00efta<\/strong> i oberta a tota la ciutadania. No\u00a0cal\u00a0inscripci\u00f3 pr\u00e8via.\r\n\r\n<strong>Isabel Banal.\u00a0<\/strong>Artista visual i professora a l\u2019Escola Massana, explora el paisatge, la naturalesa i la vida quotidiana a trav\u00e9s de materials i objectes comuns. El color blanc, la miniaturitzaci\u00f3 i la representaci\u00f3 del m\u00f3n rural i del pessebre s\u00f3n elements centrals del seu treball, on l\u2019atenci\u00f3, el silenci i la delicadesa generen un di\u00e0leg entre art i vida.\r\n\r\n<strong>Gl\u00f2ria Picazo.\u00a0<\/strong>Llicenciada en Hist\u00f2ria de l\u2019Art, \u00e9s cr\u00edtica i comiss\u00e0ria independent.\r\nHa col\u00b7laborat amb museus i centres d\u2019art de refer\u00e8ncia i va dirigir el Centre d\u2019Art la Panera (2003\u20132015). Ha impartit doc\u00e8ncia universit\u00e0ria en art contemporani i comissariat.","desc_es":"Gl\u00f2ria Picazo, comisaria de\u00a0<em>Arran de Terra<\/em>\u00a0y la artista Isabel Banal har\u00e1n una visita comentada a la exposici\u00f3n donde encontramos tambi\u00e9n obras invitadas de artistas como Ignasi Aball\u00ed, Joan Brossa, Perejaume, Cabello-Carceller, Helena Almeida, Eva Lootz o Susana Solano entre muchos otros.\r\n\r\n<strong>Actividad gratuita<\/strong>\u00a0y abierta a toda la ciudadan\u00eda. No es necesaria inscripci\u00f3n previa.\r\n\r\n<strong>Isabel Banal.<\/strong>\u00a0Artista visual y profesora en la Escola Massana, explora el paisaje, la naturaleza y la vida cotidiana a trav\u00e9s de materiales y objetos comunes. El color blanco, la miniaturizaci\u00f3n y la representaci\u00f3n del mundo rural y del bel\u00e9n son elementos centrales de su trabajo, donde la atenci\u00f3n, el silencio y la delicadeza generan un di\u00e1logo entre arte y vida.\r\n\r\n<strong>Gl\u00f2ria Picazo.<\/strong>\u00a0Licenciada en Historia del Arte, es cr\u00edtica y comisaria independiente.\r\nHa colaborado con museos y centros de arte de referencia y dirigi\u00f3 el Centre d\u2019Art la Panera (2003\u20132015). Ha impartido docencia universitaria en arte contempor\u00e1neo y comisariado.","desc_en":"This content is not available in English.\r\nYou can consult it in Catalan or Spanish.","event_category":245,"event_show_only_own_date":true,"_event_confirmed":true,"_event_public":true,"_event_free":true,"_event_price-min":"","_event_price-max":"","_event_web_ca":"https:\/\/www.acvic.org\/ca\/projectes-expositius\/visites-comentades\/4478-visita-comentada-arran-terra","_event_web_es":"https:\/\/www.acvic.org\/es\/proyectos-expositivos\/visitas-comentadas\/4479-visita-comentada-arran-terra-2","_event_web_en":"","event_contact_email":"educacio@acvic.org","event_apply_email":"","is_online_event":false,"is_art_nou_event":false,"is_bgw_event":false,"date_text":"","register_deadline":null,"altres_organitzadors":""},"abe_event_venue":"ACVIC. Centre d'Arts Contempor\u00e0nies","abe_event_category":"Visita guiada","start":"2026-03-21 12:00:00","end":"2026-03-21 13:30:00","schedule":"once","schedule_meta":"","frequency":1,"all_day":0,"until":"2026-03-21 12:00:00","include":[],"exclude":[],"_links":{"self":[{"href":"https:\/\/graf.cat\/es\/wp-json\/wp\/v2\/events\/55605","targetHints":{"allow":["GET"]}}],"collection":[{"href":"https:\/\/graf.cat\/es\/wp-json\/wp\/v2\/events"}],"about":[{"href":"https:\/\/graf.cat\/es\/wp-json\/wp\/v2\/types\/event"}],"author":[{"embeddable":true,"href":"https:\/\/graf.cat\/es\/wp-json\/wp\/v2\/users\/172"}],"occurrences":[{"embeddable":true,"href":"https:\/\/graf.cat\/es\/wp-json\/wp\/v2\/events\/55605\/occurrences"}],"acf:term":[{"embeddable":true,"taxonomy":"event-category","href":"https:\/\/graf.cat\/es\/wp-json\/wp\/v2\/event-category\/245"}],"wp:featuredmedia":[{"embeddable":true,"href":"https:\/\/graf.cat\/es\/wp-json\/wp\/v2\/media\/55606"}],"wp:attachment":[{"href":"https:\/\/graf.cat\/es\/wp-json\/wp\/v2\/media?parent=55605"}],"wp:term":[{"taxonomy":"event-venue","embeddable":true,"href":"https:\/\/graf.cat\/es\/wp-json\/wp\/v2\/event-venues?post=55605"},{"taxonomy":"event-tag","embeddable":true,"href":"https:\/\/graf.cat\/es\/wp-json\/wp\/v2\/event-tags?post=55605"}],"curies":[{"name":"wp","href":"https:\/\/api.w.org\/{rel}","templated":true}]}}

Visita comentada a &#8216;Arran de terra&#8217; amb Glòria Picazo i Isabel Banal

Visita comentada a 'Arran de terra' amb Glòria Picazo i Isabel Banal

Visita comentada a 'Arran de terra' con Glòria Picazo e Isabel Banal

Glòria Picazo, curadora d’<em>Arran de Terra</em> i l’artista Isabel Banal faran una visita comentada a l’exposició on hi trobem també obres convidades d’artistes com Ignasi Aballí, Joan Brossa, Perejaume, Cabello-Carceller, Helena Almeida, Eva Lootz o Susana Solano entre molts d’altres

<strong>Activitat gratuïta</strong> i oberta a tota la ciutadania. No cal inscripció prèvia.

<strong>Isabel Banal. </strong>Artista visual i professora a l’Escola Massana, explora el paisatge, la naturalesa i la vida quotidiana a través de materials i objectes comuns. El color blanc, la miniaturització i la representació del món rural i del pessebre són elements centrals del seu treball, on l’atenció, el silenci i la delicadesa generen un diàleg entre art i vida.

<strong>Glòria Picazo. </strong>Llicenciada en Història de l’Art, és crítica i comissària independent.
Ha col·laborat amb museus i centres d’art de referència i va dirigir el Centre d’Art la Panera (2003–2015). Ha impartit docència universitària en art contemporani i comissariat.

Glòria Picazo, comisaria de <em>Arran de Terra</em> y la artista Isabel Banal harán una visita comentada a la exposición donde encontramos también obras invitadas de artistas como Ignasi Aballí, Joan Brossa, Perejaume, Cabello-Carceller, Helena Almeida, Eva Lootz o Susana Solano entre muchos otros.

<strong>Actividad gratuita</strong> y abierta a toda la ciudadanía. No es necesaria inscripción previa.

<strong>Isabel Banal.</strong> Artista visual y profesora en la Escola Massana, explora el paisaje, la naturaleza y la vida cotidiana a través de materiales y objetos comunes. El color blanco, la miniaturización y la representación del mundo rural y del belén son elementos centrales de su trabajo, donde la atención, el silencio y la delicadeza generan un diálogo entre arte y vida.

<strong>Glòria Picazo.</strong> Licenciada en Historia del Arte, es crítica y comisaria independiente.
Ha colaborado con museos y centros de arte de referencia y dirigió el Centre d’Art la Panera (2003–2015). Ha impartido docencia universitaria en arte contemporáneo y comisariado.

ACVIC. Centre d'Arts Contemporànies
