{"id":55908,"guid":{"rendered":"https:\/\/graf.cat\/?post_type=event&#038;p=55908"},"modified":"2026-03-26T16:16:47","modified_gmt":"2026-03-26T14:16:47","slug":"setmana-per-palestina","status":"publish","type":"event","link":"https:\/\/graf.cat\/es\/events\/event\/setmana-per-palestina\/","title":{"rendered":"Setmana per Palestina"},"content":{"rendered":"","protected":false},"excerpt":{"rendered":"","protected":false},"author":19,"featured_media":55909,"template":"","meta":{"_acf_changed":false,"_monsterinsights_skip_tracking":false,"_monsterinsights_sitenote_active":false,"_monsterinsights_sitenote_note":"","_monsterinsights_sitenote_category":0},"event-venues":[],"event-tags":[],"class_list":["post-55908","event","type-event","status-publish","has-post-thumbnail","hentry","event-category-altres"],"acf":{"title_ca":"Setmana per Palestina","title_es":"Semana por Palestina","title_en":"Week for Palestine","desc_ca":"<div class=\"title-and-text\">\r\n<div class=\"cmp-textbox\">\r\n<div class=\"title-and-text__text\">\r\n<div id=\"text-d9bff2e248\" class=\"cmp-text\" data-cmp-data-layer=\"{&quot;text-d9bff2e248&quot;:{&quot;@type&quot;:&quot;aem-gencat-library\/components\/core\/text&quot;,&quot;repo:modifyDate&quot;:&quot;2026-03-04T14:26:02Z&quot;,&quot;xdm:text&quot;:&quot;&lt;h6&gt;Programa&amp;nbsp;d\u2019activitats&amp;nbsp;organitzat&amp;nbsp;per&amp;nbsp;l\u2019assemblea&amp;nbsp;d\u2019artistes&amp;nbsp;residents&amp;nbsp;M\u00f2niques&amp;nbsp;per Palestina&lt;\/h6&gt;\\r\\n&quot;}}\">\r\n<h6>Programa\u00a0d\u2019activitats\u00a0organitzat\u00a0per\u00a0l\u2019assemblea\u00a0d\u2019artistes\u00a0residents\u00a0M\u00f2niques\u00a0per Palestina<\/h6>\r\nLa\u00a0<b>Setmana per Palestina<\/b>\u00a0\u00e9s un programa p\u00fablic d\u2019activitats gratu\u00eftes i obertes al p\u00fablic general que tindr\u00e0 lloc del\u00a0<b>23 al 27 de mar\u00e7<\/b>, en celebraci\u00f3 i commemoraci\u00f3 del 30 de mar\u00e7, el dia de la terra palestina. Durant aquest cicle d\u2019activitats es convidar\u00e0 a espais de reflexi\u00f3 sobre la mem\u00f2ria, la resist\u00e8ncia i la creaci\u00f3 col\u00b7lectiva. En paraules de les artistes residents organitzadores del cicle:\r\n\r\n\"L'incessant proc\u00e9s genocida que l\u2019estat d\u2019Israel i els seus c\u00f2mplices han dut i segueixen duent a terme contra el poble i territori palest\u00ed, ens convoca de manera urgent a la reflexi\u00f3 i a l\u2019acci\u00f3. Per aquest motiu, des de\u00a0<a href=\"https:\/\/www.santamonica.cat\/ca\/participa-i-experimenta\/creacio-i-experimentacio\/les-moniques\">les M\u00f2niques<\/a>\u00a0hem coordinat una assemblea espec\u00edfica en qu\u00e8 aquest ha estat el focus principal de la nostra feina.\r\n\r\nL\u2019<strong>assemblea de<\/strong>\u00a0<b>M\u00f2niques per Palestina<\/b>\u00a0s\u2019articula com un proc\u00e9s d\u2019autoorganitzaci\u00f3 en qu\u00e8 un grup de residents hem compr\u00e8s que ocupar un lloc dins la instituci\u00f3 del Santa M\u00f2nica implica tamb\u00e9 una posici\u00f3 de privilegi i, per tant, una possibilitat d\u2019articulaci\u00f3 pol\u00edtica. Partint d'aquest reconeixament, l\u2019assemblea aspira a organitzar col\u00b7lectivament un espai d\u2019enunciaci\u00f3 cr\u00edtica des de i cap a la instituci\u00f3.\r\n\r\nDes del setembre passat hem impulsat diverses activitats setmanals i espais de formaci\u00f3 interna que, actualment s\u2019obren i s\u2019expandeixen amb l\u2019objectiu de socialitzar sabers i pensar conjuntament formes contempor\u00e0nies d\u2019articulaci\u00f3 pol\u00edtica. En aquest marc s\u2019organitza la<b>\u00a0Setmana per Palestina<\/b>, que tindr\u00e0 lloc entre els dies<b>\u00a023 i 27 de mar\u00e7<\/b>, i que contempla diverses activitats, accions i trobades orientades a generar espais cr\u00edtics i teixir aliances al Santa M\u00f2nica.\u201d\r\n\r\n- Assamblea de M\u00f2niques per Palestina 25\/26\r\n\r\n<\/div>\r\n<\/div>\r\n<\/div>\r\n<\/div>","desc_es":"<div class=\"title-and-text\">\r\n<div class=\"cmp-textbox\">\r\n<div class=\"title-and-text__text\">\r\n<div id=\"text-2e496fcb27\" class=\"cmp-text\" data-cmp-data-layer=\"{&quot;text-2e496fcb27&quot;:{&quot;@type&quot;:&quot;aem-gencat-library\/components\/core\/text&quot;,&quot;repo:modifyDate&quot;:&quot;2026-03-05T12:03:37Z&quot;,&quot;xdm:text&quot;:&quot;&lt;h6&gt;Programa&amp;nbsp;de actividades organizado por la asamblea de artistas residentes M\u00f2niques&amp;nbsp;por Palestina&lt;\/h6&gt;\\r\\n&quot;}}\">\r\n<h6>Programa\u00a0de actividades organizado por la asamblea de artistas residentes M\u00f2niques\u00a0por Palestina<\/h6>\r\nLa\u00a0<b>Semana por Palestina<\/b>\u00a0es un programa p\u00fablico de actividades gratuitas y abiertas al p\u00fablico general que tendr\u00e1 lugar del\u00a0<b>23 al 27 de marzo<\/b>, en celebraci\u00f3n y conmemoraci\u00f3n del 30 de marzo, el D\u00eda de la Tierra Palestina. Durante este ciclo de actividades se invitar\u00e1 a espacios de reflexi\u00f3n sobre la memoria, la resistencia y la creaci\u00f3n colectiva. En palabras de las artistas residentes organizadoras del ciclo:\r\n\r\n\"El continuado proceso genocida que el estado de Israel y sus c\u00f3mplices est\u00e1n llevando a cabo contra el pueblo palestino y su territorio nos convoca de manera urgente a la reflexi\u00f3n y la acci\u00f3n.\u00a0Por ello, desde les\u00a0M\u00f2niques\u00a0hemos configurado una asamblea espec\u00edfica en la que esto ha sido el principal foco de nuestro trabajo.\r\n\r\nLa\u00a0<b>asamblea de\u00a0M\u00f2niques\u00a0por Palestina<\/b>\u00a0se articula como un proceso de autoorganizaci\u00f3n en el que, un grupo de\u00a0residentxs\u00a0hemos comprendido que ocupar un lugar dentro de la instituci\u00f3n Santa M\u00f2nica implica tambi\u00e9n una posici\u00f3n de privilegio y una posibilidad de articulaci\u00f3n pol\u00edtica. Desde este reconocimiento, la asamblea aspira a organizar colectivamente un espacio de enunciaci\u00f3n cr\u00edtica desde y hacia la instituci\u00f3n.\r\n\r\nA partir de septiembre pasado hemos impulsado distintas actividades semanales y espacios de formaci\u00f3n interna que, actualmente, se abren y expanden con el objetivo de socializar saberes y pensar conjuntamente en formas contempor\u00e1neas de articulaci\u00f3n pol\u00edtica. En este marco se organiza la\u00a0Semana por Palestina, que tendr\u00e1 lugar entre los d\u00edas 23 y 27 de marzo, y que contempla distintas actividades, acciones y encuentros orientados a generar espacios cr\u00edticos y tejer alianzas en el Santa\u00a0M\u00f2nica.\u201c\r\n\r\n\u2013\u00a0Asamblea\u00a0de\u00a0M\u00f2niques\u00a0por Palestina\u00a025-26\r\n\r\n<\/div>\r\n<\/div>\r\n<\/div>\r\n<\/div>","desc_en":"<div class=\"title-and-text\">\r\n<div class=\"cmp-textbox\">\r\n<div class=\"title-and-text__text\">\r\n<div id=\"text-f5dd7078a6\" class=\"cmp-text\" data-cmp-data-layer=\"{&quot;text-f5dd7078a6&quot;:{&quot;@type&quot;:&quot;aem-gencat-library\/components\/core\/text&quot;,&quot;repo:modifyDate&quot;:&quot;2026-03-05T12:04:01Z&quot;,&quot;xdm:text&quot;:&quot;&lt;h6&gt;Activity program organized by the resident artists assembly, M\u00f2niques for Palestine&amp;nbsp;&lt;\/h6&gt;\\r\\n&quot;}}\">\r\n<h6>Activity program organized by the resident artists assembly, M\u00f2niques for Palestine<\/h6>\r\nThe\u00a0<b>Week for Palestine<\/b>\u00a0is a public program of free activities open to the general public that will take place from\u00a0<b>March 23 to 27<\/b>, in celebration and commemoration of March 30, Palestinian Land Day. Throughout this series of activities, spaces for reflection on memory, resistance, and collective creation will be offered. In the words of the resident artists organizing the cycle:\r\n\r\n\"<b>The continued genocide that the State of Israel and its accomplices are carrying out against the Palestinian people and its territory urges us to reflect and act.<\/b>\u00a0Therefore, those of us in Les M\u00f2niques have set up a specific assembly in which this has been the main focus of our work.\r\n\r\nThe<b>\u00a0M\u00f2niques assembly for Palestine\u00a0<\/b>has been structured as a process of self-organisation in which a group of resident artists have understood that occupying a place within the Santa M\u00f2nica institution also implies a position of privilege and an opportunity for political mobilisation. Recognising this, the assembly aims to collectively organise a space from which to speak out critically, from and towards the institution.\r\n\r\nSince last September, we have promoted different weekly activities and internal training spaces that are currently being opened and expanded with the aim of socialising knowledge and thinking together about contemporary forms of political mobilisation. In this framework, the Week for Palestine is being organised, which will take place between 23 and 27 March. It will feature various activities, actions and meetings aimed at generating critical spaces and weaving alliances within the Santa M\u00f2nica.\u201d\r\n\r\n-\u00a0M\u00f2niques 25\/26 assembly for Palestine\r\n\r\n<\/div>\r\n<\/div>\r\n<\/div>\r\n<\/div>","event_category":191,"event_show_only_own_date":false,"_event_confirmed":true,"_event_public":true,"_event_free":true,"_event_price-min":"","_event_price-max":"","_event_web_ca":"https:\/\/www.santamonica.cat\/ca\/exposicions-i-activitats\/activitats\/2026\/setmana-per-palestina","_event_web_es":"https:\/\/www.santamonica.cat\/es\/exposicions-i-activitats\/activitats\/2026\/setmana-per-palestina","_event_web_en":"https:\/\/www.santamonica.cat\/en\/exposicions-i-activitats\/activitats\/2026\/setmana-per-palestina","event_contact_email":"","event_apply_email":"","is_online_event":false,"is_art_nou_event":false,"is_bgw_event":false,"date_text":"","register_deadline":null,"altres_organitzadors":""},"abe_event_venue":null,"abe_event_category":"Altres","start":"2026-03-23 10:00:00","end":"2026-03-27 20:30:00","schedule":"once","schedule_meta":"","frequency":1,"all_day":0,"until":"2026-03-23 10:00:00","include":[],"exclude":[],"_links":{"self":[{"href":"https:\/\/graf.cat\/es\/wp-json\/wp\/v2\/events\/55908","targetHints":{"allow":["GET"]}}],"collection":[{"href":"https:\/\/graf.cat\/es\/wp-json\/wp\/v2\/events"}],"about":[{"href":"https:\/\/graf.cat\/es\/wp-json\/wp\/v2\/types\/event"}],"author":[{"embeddable":true,"href":"https:\/\/graf.cat\/es\/wp-json\/wp\/v2\/users\/19"}],"occurrences":[{"embeddable":true,"href":"https:\/\/graf.cat\/es\/wp-json\/wp\/v2\/events\/55908\/occurrences"}],"acf:term":[{"embeddable":true,"taxonomy":"event-category","href":"https:\/\/graf.cat\/es\/wp-json\/wp\/v2\/event-category\/191"}],"wp:featuredmedia":[{"embeddable":true,"href":"https:\/\/graf.cat\/es\/wp-json\/wp\/v2\/media\/55909"}],"wp:attachment":[{"href":"https:\/\/graf.cat\/es\/wp-json\/wp\/v2\/media?parent=55908"}],"wp:term":[{"taxonomy":"event-venue","embeddable":true,"href":"https:\/\/graf.cat\/es\/wp-json\/wp\/v2\/event-venues?post=55908"},{"taxonomy":"event-tag","embeddable":true,"href":"https:\/\/graf.cat\/es\/wp-json\/wp\/v2\/event-tags?post=55908"}],"curies":[{"name":"wp","href":"https:\/\/api.w.org\/{rel}","templated":true}]}}

<div class="title-and-text">
<div class="cmp-textbox">
<div class="title-and-text__text">
<div id="text-d9bff2e248" class="cmp-text" data-cmp-data-layer="{&quot;text-d9bff2e248&quot;:{&quot;@type&quot;:&quot;aem-gencat-library/components/core/text&quot;,&quot;repo:modifyDate&quot;:&quot;2026-03-04T14:26:02Z&quot;,&quot;xdm:text&quot;:&quot;&lt;h6&gt;Programa&amp;nbsp;d’activitats&amp;nbsp;organitzat&amp;nbsp;per&amp;nbsp;l’assemblea&amp;nbsp;d’artistes&amp;nbsp;residents&amp;nbsp;Mòniques&amp;nbsp;per Palestina&lt;/h6&gt;\r\n&quot;}}">
<h6>Programa d’activitats organitzat per l’assemblea d’artistes residents Mòniques per Palestina</h6>
La <b>Setmana per Palestina</b> és un programa públic d’activitats gratuïtes i obertes al públic general que tindrà lloc del <b>23 al 27 de març</b>, en celebració i commemoració del 30 de març, el dia de la terra palestina. Durant aquest cicle d’activitats es convidarà a espais de reflexió sobre la memòria, la resistència i la creació col·lectiva. En paraules de les artistes residents organitzadores del cicle:

"L'incessant procés genocida que l’estat d’Israel i els seus còmplices han dut i segueixen duent a terme contra el poble i territori palestí, ens convoca de manera urgent a la reflexió i a l’acció. Per aquest motiu, des de <a href="https://www.santamonica.cat/ca/participa-i-experimenta/creacio-i-experimentacio/les-moniques">les Mòniques</a> hem coordinat una assemblea específica en què aquest ha estat el focus principal de la nostra feina.

L’<strong>assemblea de</strong> <b>Mòniques per Palestina</b> s’articula com un procés d’autoorganització en què un grup de residents hem comprès que ocupar un lloc dins la institució del Santa Mònica implica també una posició de privilegi i, per tant, una possibilitat d’articulació política. Partint d'aquest reconeixament, l’assemblea aspira a organitzar col·lectivament un espai d’enunciació crítica des de i cap a la institució.

Des del setembre passat hem impulsat diverses activitats setmanals i espais de formació interna que, actualment s’obren i s’expandeixen amb l’objectiu de socialitzar sabers i pensar conjuntament formes contemporànies d’articulació política. En aquest marc s’organitza la<b> Setmana per Palestina</b>, que tindrà lloc entre els dies<b> 23 i 27 de març</b>, i que contempla diverses activitats, accions i trobades orientades a generar espais crítics i teixir aliances al Santa Mònica.”

- Assamblea de Mòniques per Palestina 25/26

</div>
</div>
</div>
</div>

<div class="title-and-text">
<div class="cmp-textbox">
<div class="title-and-text__text">
<div id="text-2e496fcb27" class="cmp-text" data-cmp-data-layer="{&quot;text-2e496fcb27&quot;:{&quot;@type&quot;:&quot;aem-gencat-library/components/core/text&quot;,&quot;repo:modifyDate&quot;:&quot;2026-03-05T12:03:37Z&quot;,&quot;xdm:text&quot;:&quot;&lt;h6&gt;Programa&amp;nbsp;de actividades organizado por la asamblea de artistas residentes Mòniques&amp;nbsp;por Palestina&lt;/h6&gt;\r\n&quot;}}">
<h6>Programa de actividades organizado por la asamblea de artistas residentes Mòniques por Palestina</h6>
La <b>Semana por Palestina</b> es un programa público de actividades gratuitas y abiertas al público general que tendrá lugar del <b>23 al 27 de marzo</b>, en celebración y conmemoración del 30 de marzo, el Día de la Tierra Palestina. Durante este ciclo de actividades se invitará a espacios de reflexión sobre la memoria, la resistencia y la creación colectiva. En palabras de las artistas residentes organizadoras del ciclo:

"El continuado proceso genocida que el estado de Israel y sus cómplices están llevando a cabo contra el pueblo palestino y su territorio nos convoca de manera urgente a la reflexión y la acción. Por ello, desde les Mòniques hemos configurado una asamblea específica en la que esto ha sido el principal foco de nuestro trabajo.

La <b>asamblea de Mòniques por Palestina</b> se articula como un proceso de autoorganización en el que, un grupo de residentxs hemos comprendido que ocupar un lugar dentro de la institución Santa Mònica implica también una posición de privilegio y una posibilidad de articulación política. Desde este reconocimiento, la asamblea aspira a organizar colectivamente un espacio de enunciación crítica desde y hacia la institución.

A partir de septiembre pasado hemos impulsado distintas actividades semanales y espacios de formación interna que, actualmente, se abren y expanden con el objetivo de socializar saberes y pensar conjuntamente en formas contemporáneas de articulación política. En este marco se organiza la Semana por Palestina, que tendrá lugar entre los días 23 y 27 de marzo, y que contempla distintas actividades, acciones y encuentros orientados a generar espacios críticos y tejer alianzas en el Santa Mònica.“

– Asamblea de Mòniques por Palestina 25-26

</div>
</div>
</div>
</div>

<div class="title-and-text">
<div class="cmp-textbox">
<div class="title-and-text__text">
<div id="text-f5dd7078a6" class="cmp-text" data-cmp-data-layer="{&quot;text-f5dd7078a6&quot;:{&quot;@type&quot;:&quot;aem-gencat-library/components/core/text&quot;,&quot;repo:modifyDate&quot;:&quot;2026-03-05T12:04:01Z&quot;,&quot;xdm:text&quot;:&quot;&lt;h6&gt;Activity program organized by the resident artists assembly, Mòniques for Palestine&amp;nbsp;&lt;/h6&gt;\r\n&quot;}}">
<h6>Activity program organized by the resident artists assembly, Mòniques for Palestine</h6>
The <b>Week for Palestine</b> is a public program of free activities open to the general public that will take place from <b>March 23 to 27</b>, in celebration and commemoration of March 30, Palestinian Land Day. Throughout this series of activities, spaces for reflection on memory, resistance, and collective creation will be offered. In the words of the resident artists organizing the cycle:

"<b>The continued genocide that the State of Israel and its accomplices are carrying out against the Palestinian people and its territory urges us to reflect and act.</b> Therefore, those of us in Les Mòniques have set up a specific assembly in which this has been the main focus of our work.

The<b> Mòniques assembly for Palestine </b>has been structured as a process of self-organisation in which a group of resident artists have understood that occupying a place within the Santa Mònica institution also implies a position of privilege and an opportunity for political mobilisation. Recognising this, the assembly aims to collectively organise a space from which to speak out critically, from and towards the institution.

Since last September, we have promoted different weekly activities and internal training spaces that are currently being opened and expanded with the aim of socialising knowledge and thinking together about contemporary forms of political mobilisation. In this framework, the Week for Palestine is being organised, which will take place between 23 and 27 March. It will feature various activities, actions and meetings aimed at generating critical spaces and weaving alliances within the Santa Mònica.”

- Mòniques 25/26 assembly for Palestine

</div>
</div>
</div>
</div>
