{"id":56000,"guid":{"rendered":"https:\/\/graf.cat\/?post_type=event&#038;p=56000"},"modified":"2026-04-08T22:46:35","modified_gmt":"2026-04-08T20:46:35","slug":"ra-patricia-caballero","status":"publish","type":"event","link":"https:\/\/graf.cat\/es\/events\/event\/ra-patricia-caballero\/","title":{"rendered":"RA! Patricia Caballero"},"content":{"rendered":"","protected":false},"excerpt":{"rendered":"","protected":false},"author":42,"featured_media":55997,"template":"","meta":{"_acf_changed":false,"_monsterinsights_skip_tracking":false,"_monsterinsights_sitenote_active":false,"_monsterinsights_sitenote_note":"","_monsterinsights_sitenote_category":0},"event-venues":[169],"event-tags":[],"class_list":["post-56000","event","type-event","status-publish","has-post-thumbnail","hentry","event-venue-mercat-de-les-flors","event-category-arts-in-viu"],"acf":{"title_ca":"RA! Patricia Caballero","title_es":"RA! Patricia Caballero","title_en":"RA! Patricia Caballero","desc_ca":"Aquesta obra es desplega a partir d\u2019una llarga investigaci\u00f3 anomenada\u00a0<em>Epifan\u00edas<\/em>, dedicada a l\u2019activaci\u00f3 de la intel\u00b7lig\u00e8ncia col\u00b7lectiva. En aquesta ocasi\u00f3, 17 int\u00e8rprets comparteixen cant i dansa. Aix\u00ed generen estats expandits de consci\u00e8ncia i troben altres formes d\u2019estar junts; de conviure, celebrar i sublimar, desmantellant incansablement pudors i poders. Ra! proposa un context per exercitar la intimitat compartida i l\u2019ecologia relacional, m\u00e9s enll\u00e0 de les capes socials, corporals, culturals i esc\u00e8niques. Un acte d\u2019autogovern sensible on all\u00f2 individual i all\u00f2 col\u00b7lectiu s\u2019acompanyen i es reconcilien. \u00c9s ritus, humor, purga, festa i contemplaci\u00f3.","desc_es":"Esta obra se despliega a partir de una larga investigaci\u00f3n llamada Epifan\u00edas, dedicada a la activaci\u00f3n de la inteligencia colectiva. En esta ocasi\u00f3n, 17 int\u00e9rpretes comparten canto y danza. As\u00ed generan estados expandidos de conciencia y encuentran otras formas de estar juntos; de convivir, celebrar y sublimar, desmantelando incansablemente pudores y poderes.\u00a0<em>Ra!<\/em>\u00a0propone un contexto para ejercitar la intimidad compartida y la ecolog\u00eda relacional, m\u00e1s all\u00e1 de las capas sociales, corporales, culturales y esc\u00e9nicas. Un acto de autogobierno sensible donde lo individual y lo colectivo se acompa\u00f1an y se reconcilian. Es rito, humor, purga, fiesta y contemplaci\u00f3n.","desc_en":"<em>RA!<\/em>\u00a0is a living ecosystem in which breathing ends up being shared. Voice is given body and the body sees. The collective consciousness awakens and expands in a crossroads of gestures, sounds, vibrations and memories, past and future. This work explores other ways of being together, of living together, celebrating and sublimating, as a contemporary ritual. It plays with time, altered states of consciousness and shared intimacy, beyond social, bodily, cultural and scenic layers.\u00a0Pants, dances, groans, chants, prayers and laughter. A web of voices and bodies dismantling bad smells and powers.","event_category":440,"event_show_only_own_date":true,"_event_confirmed":false,"_event_public":false,"_event_free":false,"_event_price-min":10,"_event_price-max":20,"_event_web_ca":"https:\/\/mercatflors.cat\/espectacle\/ra\/","_event_web_es":"https:\/\/mercatflors.cat\/es\/espectacle\/ra\/","_event_web_en":"https:\/\/mercatflors.cat\/en\/espectacle\/ra\/","event_contact_email":"","event_apply_email":"https:\/\/es.patronbase.com\/_MercatFlors\/Productions\/2316\/Performances?_gl=1*1v0bl2p*_ga*NDI3MTE4MTY4LjE3NzQ4ODgxODc.*_ga_M1CT00MXEK*czE3NzQ4ODgxODYkbzEkZzEkdDE3NzQ4ODg1MjMkajMyJGwwJGgw","is_online_event":false,"is_art_nou_event":false,"is_bgw_event":false,"date_text":"","register_deadline":null,"altres_organitzadors":""},"abe_event_venue":"Mercat de les Flors","abe_event_category":"Arts en Viu","start":"2026-04-09 20:00:00","end":"2026-04-09 21:30:00","schedule":"once","schedule_meta":"","frequency":1,"all_day":0,"until":"2026-04-09 20:00:00","include":[],"exclude":[],"_links":{"self":[{"href":"https:\/\/graf.cat\/es\/wp-json\/wp\/v2\/events\/56000","targetHints":{"allow":["GET"]}}],"collection":[{"href":"https:\/\/graf.cat\/es\/wp-json\/wp\/v2\/events"}],"about":[{"href":"https:\/\/graf.cat\/es\/wp-json\/wp\/v2\/types\/event"}],"author":[{"embeddable":true,"href":"https:\/\/graf.cat\/es\/wp-json\/wp\/v2\/users\/42"}],"occurrences":[{"embeddable":true,"href":"https:\/\/graf.cat\/es\/wp-json\/wp\/v2\/events\/56000\/occurrences"}],"acf:term":[{"embeddable":true,"taxonomy":"event-category","href":"https:\/\/graf.cat\/es\/wp-json\/wp\/v2\/event-category\/440"}],"wp:featuredmedia":[{"embeddable":true,"href":"https:\/\/graf.cat\/es\/wp-json\/wp\/v2\/media\/55997"}],"wp:attachment":[{"href":"https:\/\/graf.cat\/es\/wp-json\/wp\/v2\/media?parent=56000"}],"wp:term":[{"taxonomy":"event-venue","embeddable":true,"href":"https:\/\/graf.cat\/es\/wp-json\/wp\/v2\/event-venues?post=56000"},{"taxonomy":"event-tag","embeddable":true,"href":"https:\/\/graf.cat\/es\/wp-json\/wp\/v2\/event-tags?post=56000"}],"curies":[{"name":"wp","href":"https:\/\/api.w.org\/{rel}","templated":true}]}}

Aquesta obra es desplega a partir d’una llarga investigació anomenada <em>Epifanías</em>, dedicada a l’activació de la intel·ligència col·lectiva. En aquesta ocasió, 17 intèrprets comparteixen cant i dansa. Així generen estats expandits de consciència i troben altres formes d’estar junts; de conviure, celebrar i sublimar, desmantellant incansablement pudors i poders. Ra! proposa un context per exercitar la intimitat compartida i l’ecologia relacional, més enllà de les capes socials, corporals, culturals i escèniques. Un acte d’autogovern sensible on allò individual i allò col·lectiu s’acompanyen i es reconcilien. És ritus, humor, purga, festa i contemplació.

Esta obra se despliega a partir de una larga investigación llamada Epifanías, dedicada a la activación de la inteligencia colectiva. En esta ocasión, 17 intérpretes comparten canto y danza. Así generan estados expandidos de conciencia y encuentran otras formas de estar juntos; de convivir, celebrar y sublimar, desmantelando incansablemente pudores y poderes. <em>Ra!</em> propone un contexto para ejercitar la intimidad compartida y la ecología relacional, más allá de las capas sociales, corporales, culturales y escénicas. Un acto de autogobierno sensible donde lo individual y lo colectivo se acompañan y se reconcilian. Es rito, humor, purga, fiesta y contemplación.
