{"id":56092,"guid":{"rendered":"https:\/\/graf.cat\/?post_type=event&#038;p=56092"},"modified":"2026-04-07T12:17:12","modified_gmt":"2026-04-07T10:17:12","slug":"inaudible-una-exploracio-sonora-de-gaza","status":"publish","type":"event","link":"https:\/\/graf.cat\/es\/events\/event\/inaudible-una-exploracio-sonora-de-gaza\/","title":{"rendered":"INAUDIBLE. Una exploraci\u00f3 sonora de Gaza"},"content":{"rendered":"","protected":false},"excerpt":{"rendered":"","protected":false},"author":19,"featured_media":56093,"template":"","meta":{"_acf_changed":false,"_monsterinsights_skip_tracking":false,"_monsterinsights_sitenote_active":false,"_monsterinsights_sitenote_note":"","_monsterinsights_sitenote_category":0},"event-venues":[],"event-tags":[],"class_list":["post-56092","event","type-event","status-publish","has-post-thumbnail","hentry","event-category-arts-in-viu"],"acf":{"title_ca":"INAUDIBLE. Una exploraci\u00f3 sonora de Gaza","title_es":"INAUDIBLE. Una exploraci\u00f3n sonora de Gaza","title_en":"INAUDIBLE. A sound exploration of Gaza","desc_ca":"DIMARTS DE V\u00cdDEO amb Ash Moniz i Osprey V\r\n<div class=\"text aem-GridColumn aem-GridColumn--default--12\">\r\n<div id=\"text-b757a3b158\" class=\"cmp-text margin-container\" data-cmp-data-layer=\"{&quot;text-b757a3b158&quot;:{&quot;@type&quot;:&quot;aem-arts\/components\/content\/text\/v1\/text&quot;,&quot;repo:modifyDate&quot;:&quot;2026-03-17T10:03:33Z&quot;,&quot;xdm:text&quot;:&quot;&lt;p&gt;&lt;b&gt;&lt;i&gt;INAUDIBLE &lt;\/i&gt;&lt;\/b&gt;\u00e9s un documental art\u00edstic que explora el paper de la veu i el so en contextos de viol\u00e8ncia i repressi\u00f3. La pel\u00b7l\u00edcula presenta la paraula com un acte de resist\u00e8ncia i un lloc de ruptura i destaca el poder del so en els moments en qu\u00e8 manquen les paraules.&lt;\/p&gt;\\r\\n&quot;}}\">\r\n\r\n<b><i>INAUDIBLE\u00a0<\/i><\/b>\u00e9s un documental art\u00edstic que explora el paper de la veu i el so en contextos de viol\u00e8ncia i repressi\u00f3. La pel\u00b7l\u00edcula presenta la paraula com un acte de resist\u00e8ncia i un lloc de ruptura i destaca el poder del so en els moments en qu\u00e8 manquen les paraules.\r\n\r\n<\/div>\r\n<\/div>\r\n<div class=\"separator aem-GridColumn aem-GridColumn--default--12\">\r\n<div class=\"layout-container\">\r\n<div id=\"separator-812a3c7f0d\" class=\"cmp-separator\">\r\n\r\nActivitat oberta a tothom i gratu\u00efta amb aforament limitat a 55 persones\r\n<b>Idioma:\u00a0<\/b>catal\u00e0 i angl\u00e8s\r\n\r\n<\/div>\r\n<\/div>\r\n<\/div>","desc_es":"MARTES DE V\u00cdDEO con Ash Moniz y Osprey V\r\n<div class=\"text aem-GridColumn aem-GridColumn--default--12\">\r\n<div id=\"text-f342674cd5\" class=\"cmp-text margin-container\" data-cmp-data-layer=\"{&quot;text-f342674cd5&quot;:{&quot;@type&quot;:&quot;aem-arts\/components\/content\/text\/v1\/text&quot;,&quot;repo:modifyDate&quot;:&quot;2026-03-23T22:07:24Z&quot;,&quot;xdm:text&quot;:&quot;&lt;p&gt;&lt;b&gt;&lt;i&gt;INAUDIBLE &lt;\/i&gt;&lt;\/b&gt;es un documental art\u00edstico que explora el papel de la voz y el sonido en contextos de violencia y represi\u00f3n. La pel\u00edcula presenta la palabra como un acto de resistencia y un lugar de ruptura y destaca el poder del sonido en los momentos en los que faltan las palabras.&lt;\/p&gt;\\r\\n&quot;}}\">\r\n\r\n<b><i>INAUDIBLE\u00a0<\/i><\/b>es un documental art\u00edstico que explora el papel de la voz y el sonido en contextos de violencia y represi\u00f3n. La pel\u00edcula presenta la palabra como un acto de resistencia y un lugar de ruptura y destaca el poder del sonido en los momentos en los que faltan las palabras.\r\n\r\n<\/div>\r\n<\/div>\r\n<div class=\"separator aem-GridColumn aem-GridColumn--default--12\">\r\n<div class=\"layout-container\">\r\n<div id=\"separator-046f98d3c2\" class=\"cmp-separator\">\r\n\r\nActividad abierta a todo el mundo y gratuita con aforo limitado a 55 personas\r\n<b>Idioma:\u00a0<\/b>catal\u00e1n e ingl\u00e9s\r\n\r\n<\/div>\r\n<\/div>\r\n<\/div>","desc_en":"TUESDAYS OF VIDEO with Ash Moniz and Osprey V\r\n<div class=\"text aem-GridColumn aem-GridColumn--default--12\">\r\n<div id=\"text-74f2f6a49a\" class=\"cmp-text margin-container\" data-cmp-data-layer=\"{&quot;text-74f2f6a49a&quot;:{&quot;@type&quot;:&quot;aem-arts\/components\/content\/text\/v1\/text&quot;,&quot;repo:modifyDate&quot;:&quot;2026-03-23T22:21:34Z&quot;,&quot;xdm:text&quot;:&quot;&lt;p&gt;&lt;b&gt;&lt;i&gt;INAUDIBLE &lt;\/i&gt;&lt;\/b&gt;is&amp;nbsp;an artistic documentary that explores the role of voice and sound in contexts of violence and repression. The film presents the word as an act of resistance and a site of rupture and highlights the power of sound in moments when words are lacking.&lt;\/p&gt;\\r\\n&quot;}}\">\r\n\r\n<b><i>INAUDIBLE\u00a0<\/i><\/b>is\u00a0an artistic documentary that explores the role of voice and sound in contexts of violence and repression. The film presents the word as an act of resistance and a site of rupture and highlights the power of sound in moments when words are lacking.\r\n\r\n<\/div>\r\n<\/div>\r\n<div class=\"separator aem-GridColumn aem-GridColumn--default--12\">\r\n<div class=\"layout-container\">\r\n<div id=\"separator-d922c36dab\" class=\"cmp-separator\">\r\n\r\nActivity open to all and free of charge, limited to 55 people\r\n<b>Language:<\/b>\u00a0Catalan and English\r\n\r\n<\/div>\r\n<\/div>\r\n<\/div>","event_category":440,"event_show_only_own_date":false,"_event_confirmed":true,"_event_public":true,"_event_free":true,"_event_price-min":"","_event_price-max":"","_event_web_ca":"https:\/\/www.santamonica.cat\/ca\/exposicions-i-activitats\/dimarts-de-video\/2026\/inaudible-una-exploracio-sonora-de-gaza","_event_web_es":"https:\/\/www.santamonica.cat\/es\/exposicions-i-activitats\/dimarts-de-video\/2026\/inaudible-una-exploracio-sonora-de-gaza","_event_web_en":"https:\/\/www.santamonica.cat\/en\/exposicions-i-activitats\/dimarts-de-video\/2026\/inaudible-una-exploracio-sonora-de-gaza","event_contact_email":"","event_apply_email":"","is_online_event":false,"is_art_nou_event":false,"is_bgw_event":false,"date_text":"","register_deadline":null,"altres_organitzadors":""},"abe_event_venue":null,"abe_event_category":"Arts en Viu","start":"2026-04-14 19:00:00","end":"2026-04-14 20:30:00","schedule":"once","schedule_meta":"","frequency":1,"all_day":0,"until":"2026-04-14 19:00:00","include":[],"exclude":[],"_links":{"self":[{"href":"https:\/\/graf.cat\/es\/wp-json\/wp\/v2\/events\/56092","targetHints":{"allow":["GET"]}}],"collection":[{"href":"https:\/\/graf.cat\/es\/wp-json\/wp\/v2\/events"}],"about":[{"href":"https:\/\/graf.cat\/es\/wp-json\/wp\/v2\/types\/event"}],"author":[{"embeddable":true,"href":"https:\/\/graf.cat\/es\/wp-json\/wp\/v2\/users\/19"}],"occurrences":[{"embeddable":true,"href":"https:\/\/graf.cat\/es\/wp-json\/wp\/v2\/events\/56092\/occurrences"}],"acf:term":[{"embeddable":true,"taxonomy":"event-category","href":"https:\/\/graf.cat\/es\/wp-json\/wp\/v2\/event-category\/440"}],"wp:featuredmedia":[{"embeddable":true,"href":"https:\/\/graf.cat\/es\/wp-json\/wp\/v2\/media\/56093"}],"wp:attachment":[{"href":"https:\/\/graf.cat\/es\/wp-json\/wp\/v2\/media?parent=56092"}],"wp:term":[{"taxonomy":"event-venue","embeddable":true,"href":"https:\/\/graf.cat\/es\/wp-json\/wp\/v2\/event-venues?post=56092"},{"taxonomy":"event-tag","embeddable":true,"href":"https:\/\/graf.cat\/es\/wp-json\/wp\/v2\/event-tags?post=56092"}],"curies":[{"name":"wp","href":"https:\/\/api.w.org\/{rel}","templated":true}]}}

INAUDIBLE. Una exploració sonora de Gaza

INAUDIBLE. Una exploración sonora de Gaza

DIMARTS DE VÍDEO amb Ash Moniz i Osprey V
<div class="text aem-GridColumn aem-GridColumn--default--12">
<div id="text-b757a3b158" class="cmp-text margin-container" data-cmp-data-layer="{&quot;text-b757a3b158&quot;:{&quot;@type&quot;:&quot;aem-arts/components/content/text/v1/text&quot;,&quot;repo:modifyDate&quot;:&quot;2026-03-17T10:03:33Z&quot;,&quot;xdm:text&quot;:&quot;&lt;p&gt;&lt;b&gt;&lt;i&gt;INAUDIBLE &lt;/i&gt;&lt;/b&gt;és un documental artístic que explora el paper de la veu i el so en contextos de violència i repressió. La pel·lícula presenta la paraula com un acte de resistència i un lloc de ruptura i destaca el poder del so en els moments en què manquen les paraules.&lt;/p&gt;\r\n&quot;}}">

<b><i>INAUDIBLE </i></b>és un documental artístic que explora el paper de la veu i el so en contextos de violència i repressió. La pel·lícula presenta la paraula com un acte de resistència i un lloc de ruptura i destaca el poder del so en els moments en què manquen les paraules.

</div>
</div>
<div class="separator aem-GridColumn aem-GridColumn--default--12">
<div class="layout-container">
<div id="separator-812a3c7f0d" class="cmp-separator">

Activitat oberta a tothom i gratuïta amb aforament limitat a 55 persones
<b>Idioma: </b>català i anglès

</div>
</div>
</div>

MARTES DE VÍDEO con Ash Moniz y Osprey V
<div class="text aem-GridColumn aem-GridColumn--default--12">
<div id="text-f342674cd5" class="cmp-text margin-container" data-cmp-data-layer="{&quot;text-f342674cd5&quot;:{&quot;@type&quot;:&quot;aem-arts/components/content/text/v1/text&quot;,&quot;repo:modifyDate&quot;:&quot;2026-03-23T22:07:24Z&quot;,&quot;xdm:text&quot;:&quot;&lt;p&gt;&lt;b&gt;&lt;i&gt;INAUDIBLE &lt;/i&gt;&lt;/b&gt;es un documental artístico que explora el papel de la voz y el sonido en contextos de violencia y represión. La película presenta la palabra como un acto de resistencia y un lugar de ruptura y destaca el poder del sonido en los momentos en los que faltan las palabras.&lt;/p&gt;\r\n&quot;}}">

<b><i>INAUDIBLE </i></b>es un documental artístico que explora el papel de la voz y el sonido en contextos de violencia y represión. La película presenta la palabra como un acto de resistencia y un lugar de ruptura y destaca el poder del sonido en los momentos en los que faltan las palabras.

</div>
</div>
<div class="separator aem-GridColumn aem-GridColumn--default--12">
<div class="layout-container">
<div id="separator-046f98d3c2" class="cmp-separator">

Actividad abierta a todo el mundo y gratuita con aforo limitado a 55 personas
<b>Idioma: </b>catalán e inglés

</div>
</div>
</div>
