{"id":56141,"guid":{"rendered":"https:\/\/graf.cat\/?post_type=event&#038;p=56141"},"modified":"2026-04-07T15:53:54","modified_gmt":"2026-04-07T13:53:54","slug":"tiny-derroche","status":"publish","type":"event","link":"https:\/\/graf.cat\/es\/events\/event\/tiny-derroche\/","title":{"rendered":"Tiny DERROCHE"},"content":{"rendered":"","protected":false},"excerpt":{"rendered":"","protected":false},"author":19,"featured_media":56142,"template":"","meta":{"_acf_changed":false,"_monsterinsights_skip_tracking":false,"_monsterinsights_sitenote_active":false,"_monsterinsights_sitenote_note":"","_monsterinsights_sitenote_category":0},"event-venues":[],"event-tags":[],"class_list":["post-56141","event","type-event","status-publish","has-post-thumbnail","hentry","event-category-arts-in-viu"],"acf":{"title_ca":"Tiny DERROCHE","title_es":"Tiny DERROCHE","title_en":"Tiny DERROCHE","desc_ca":"DIMECRES DE SO I COS - Tragicom\u00e8dia musical contempor\u00e0nia. Can\u00e7ons d\u2019amor i de viol\u00e8ncia\r\n<div class=\"text aem-GridColumn aem-GridColumn--default--12\">\r\n<div id=\"text-55df683eec\" class=\"cmp-text margin-container\" data-cmp-data-layer=\"{&quot;text-55df683eec&quot;:{&quot;@type&quot;:&quot;aem-arts\/components\/content\/text\/v1\/text&quot;,&quot;repo:modifyDate&quot;:&quot;2026-03-17T19:25:29Z&quot;,&quot;xdm:text&quot;:&quot;&lt;p&gt;Una&lt;b&gt; tragicom\u00e8dia musical contempor\u00e0nia&lt;\/b&gt; que neix d\u2019una experi\u00e8ncia personal i pren la &lt;b&gt;samba&lt;\/b&gt; com a fil conductor: una m\u00fasica que uneix pena, alegria i resist\u00e8ncia. Des de la creaci\u00f3, els artistes posen el cos al centre i transformen mem\u00f2ries personals en danses i composicions musicals.&lt;\/p&gt;\\r\\n&lt;p&gt;&lt;b&gt;&lt;i&gt;Tiny DERROCHE&lt;\/i&gt;&lt;\/b&gt; \u00e9s una primera pe\u00e7a curta amb la qual es viuen en l\u2019escena can\u00e7ons d\u2019amor i viol\u00e8ncia.&lt;\/p&gt;\\r\\n&quot;}}\">\r\n\r\nUna<b>\u00a0tragicom\u00e8dia musical contempor\u00e0nia<\/b>\u00a0que neix d\u2019una experi\u00e8ncia personal i pren la\u00a0<b>samba<\/b>\u00a0com a fil conductor: una m\u00fasica que uneix pena, alegria i resist\u00e8ncia. Des de la creaci\u00f3, els artistes posen el cos al centre i transformen mem\u00f2ries personals en danses i composicions musicals.\r\n\r\n<b><i>Tiny DERROCHE<\/i><\/b>\u00a0\u00e9s una primera pe\u00e7a curta amb la qual es viuen en l\u2019escena can\u00e7ons d\u2019amor i viol\u00e8ncia.\r\n\r\n&nbsp;\r\n\r\n<\/div>\r\n<\/div>\r\nActivitat oberta a tothom i gratu\u00efta amb aforament limitat a 55 persones\r\n<b>Idioma:\u00a0<\/b>castell\u00e0\r\n<div class=\"separator aem-GridColumn aem-GridColumn--default--12\">\r\n<div class=\"cmp-separator\"><\/div>\r\n<\/div>","desc_es":"MI\u00c9RCOLES DE SONIDO Y CUERPO - Tragicomedia musical contempor\u00e1nea. Canciones de amor y violencia\r\n\r\nUna<b>\u00a0tragicomedia musical contempor\u00e1nea<\/b>\u00a0que nace de una experiencia personal y toma la\u00a0<b>samba\u00a0<\/b>como hilo conductor: una m\u00fasica que a\u00fana pena, alegr\u00eda y resistencia. Desde la creaci\u00f3n, los artistas ponen el cuerpo en el centro, transformando memorias personales en danzas y composiciones musicales.\r\n\r\n<b><i>Tiny DERROCHE\u00a0<\/i><\/b>es una primera pieza corta con la que se viven en la escena canciones de amor y violencia.\r\n\r\n&nbsp;\r\n\r\nActividad abierta a todo el mundo y gratuita con aforo limitado a 55 personas\r\n<b>Idioma:<\/b>\u00a0castellano","desc_en":"WEDNESDAYS OF SOUND AND BODY - Contemporary musical tragicomedy. Songs of love and violence\r\n\r\nA<b>\u00a0contemporary musical tragicomedy<\/b>\u00a0that stems from a personal experience and takes the\u00a0<b>samba\u00a0<\/b>as a common thread: a musical style that combines sorrow, joy and resistance. Based on creation, the artists put the body at the centre, transforming personal memories into dances and musical compositions.\r\n\r\n<b><i>Tiny DERROCHE\u00a0<\/i><\/b>is a first short piece that brings songs of love and violence to life on stage.\r\n\r\n&nbsp;\r\n\r\nActivity open to all and free of charge, limited to 55 people\r\n<b>Language:<\/b>\u00a0Spanish","event_category":440,"event_show_only_own_date":false,"_event_confirmed":true,"_event_public":true,"_event_free":true,"_event_price-min":"","_event_price-max":"","_event_web_ca":"https:\/\/www.santamonica.cat\/ca\/exposicions-i-activitats\/dimecres-de-so-i-cos\/2026\/tiny-derroche","_event_web_es":"https:\/\/www.santamonica.cat\/es\/exposicions-i-activitats\/dimecres-de-so-i-cos\/2026\/tiny-derroche","_event_web_en":"https:\/\/www.santamonica.cat\/en\/exposicions-i-activitats\/dimecres-de-so-i-cos\/2026\/tiny-derroche","event_contact_email":"","event_apply_email":"","is_online_event":false,"is_art_nou_event":false,"is_bgw_event":false,"date_text":"","register_deadline":null,"altres_organitzadors":""},"abe_event_venue":null,"abe_event_category":"Arts en Viu","start":"2026-04-29 19:00:00","end":"2026-04-29 20:15:00","schedule":"once","schedule_meta":"","frequency":1,"all_day":0,"until":"2026-04-29 19:00:00","include":[],"exclude":[],"_links":{"self":[{"href":"https:\/\/graf.cat\/es\/wp-json\/wp\/v2\/events\/56141","targetHints":{"allow":["GET"]}}],"collection":[{"href":"https:\/\/graf.cat\/es\/wp-json\/wp\/v2\/events"}],"about":[{"href":"https:\/\/graf.cat\/es\/wp-json\/wp\/v2\/types\/event"}],"author":[{"embeddable":true,"href":"https:\/\/graf.cat\/es\/wp-json\/wp\/v2\/users\/19"}],"occurrences":[{"embeddable":true,"href":"https:\/\/graf.cat\/es\/wp-json\/wp\/v2\/events\/56141\/occurrences"}],"acf:term":[{"embeddable":true,"taxonomy":"event-category","href":"https:\/\/graf.cat\/es\/wp-json\/wp\/v2\/event-category\/440"}],"wp:featuredmedia":[{"embeddable":true,"href":"https:\/\/graf.cat\/es\/wp-json\/wp\/v2\/media\/56142"}],"wp:attachment":[{"href":"https:\/\/graf.cat\/es\/wp-json\/wp\/v2\/media?parent=56141"}],"wp:term":[{"taxonomy":"event-venue","embeddable":true,"href":"https:\/\/graf.cat\/es\/wp-json\/wp\/v2\/event-venues?post=56141"},{"taxonomy":"event-tag","embeddable":true,"href":"https:\/\/graf.cat\/es\/wp-json\/wp\/v2\/event-tags?post=56141"}],"curies":[{"name":"wp","href":"https:\/\/api.w.org\/{rel}","templated":true}]}}

DIMECRES DE SO I COS - Tragicomèdia musical contemporània. Cançons d’amor i de violència
<div class="text aem-GridColumn aem-GridColumn--default--12">
<div id="text-55df683eec" class="cmp-text margin-container" data-cmp-data-layer="{&quot;text-55df683eec&quot;:{&quot;@type&quot;:&quot;aem-arts/components/content/text/v1/text&quot;,&quot;repo:modifyDate&quot;:&quot;2026-03-17T19:25:29Z&quot;,&quot;xdm:text&quot;:&quot;&lt;p&gt;Una&lt;b&gt; tragicomèdia musical contemporània&lt;/b&gt; que neix d’una experiència personal i pren la &lt;b&gt;samba&lt;/b&gt; com a fil conductor: una música que uneix pena, alegria i resistència. Des de la creació, els artistes posen el cos al centre i transformen memòries personals en danses i composicions musicals.&lt;/p&gt;\r\n&lt;p&gt;&lt;b&gt;&lt;i&gt;Tiny DERROCHE&lt;/i&gt;&lt;/b&gt; és una primera peça curta amb la qual es viuen en l’escena cançons d’amor i violència.&lt;/p&gt;\r\n&quot;}}">

Una<b> tragicomèdia musical contemporània</b> que neix d’una experiència personal i pren la <b>samba</b> com a fil conductor: una música que uneix pena, alegria i resistència. Des de la creació, els artistes posen el cos al centre i transformen memòries personals en danses i composicions musicals.

<b><i>Tiny DERROCHE</i></b> és una primera peça curta amb la qual es viuen en l’escena cançons d’amor i violència.

&nbsp;

</div>
</div>
Activitat oberta a tothom i gratuïta amb aforament limitat a 55 persones
<b>Idioma: </b>castellà
<div class="separator aem-GridColumn aem-GridColumn--default--12">
<div class="cmp-separator"></div>
</div>

MIÉRCOLES DE SONIDO Y CUERPO - Tragicomedia musical contemporánea. Canciones de amor y violencia

Una<b> tragicomedia musical contemporánea</b> que nace de una experiencia personal y toma la <b>samba </b>como hilo conductor: una música que aúna pena, alegría y resistencia. Desde la creación, los artistas ponen el cuerpo en el centro, transformando memorias personales en danzas y composiciones musicales.

<b><i>Tiny DERROCHE </i></b>es una primera pieza corta con la que se viven en la escena canciones de amor y violencia.

&nbsp;

Actividad abierta a todo el mundo y gratuita con aforo limitado a 55 personas
<b>Idioma:</b> castellano
