{"id":56188,"guid":{"rendered":"https:\/\/graf.cat\/?post_type=event&#038;p=56188"},"modified":"2026-04-08T12:51:58","modified_gmt":"2026-04-08T10:51:58","slug":"aixo-no-te-remei-el-podcast-dinspiracio-trementinaire","status":"publish","type":"event","link":"https:\/\/graf.cat\/es\/events\/event\/aixo-no-te-remei-el-podcast-dinspiracio-trementinaire\/","title":{"rendered":"Aix\u00f2 no t\u00e9 remei. El p\u00f2dcast d\u2019inspiraci\u00f3 trementinaire"},"content":{"rendered":"","protected":false},"excerpt":{"rendered":"","protected":false},"author":19,"featured_media":56189,"template":"","meta":{"_acf_changed":false,"_monsterinsights_skip_tracking":false,"_monsterinsights_sitenote_active":false,"_monsterinsights_sitenote_note":"","_monsterinsights_sitenote_category":0},"event-venues":[],"event-tags":[],"class_list":["post-56188","event","type-event","status-publish","has-post-thumbnail","hentry","event-category-arts-in-viu"],"acf":{"title_ca":"Aix\u00f2 no t\u00e9 remei. El p\u00f2dcast d\u2019inspiraci\u00f3 trementinaire","title_es":"Aix\u00f2 no t\u00e9 remei. El p\u00f3dcast de inspiraci\u00f3n \u2018trementinaire\u2019","title_en":"Aix\u00f2 no t\u00e9 remei. The trementinaire-inspired podcast","desc_ca":"<strong>DIJOUS DE VEU I PARAULA<\/strong> amb <strong>Francesca Vadell Cubells y Ramon Bonveh\u00ed Rosich<\/strong>\r\n<div class=\"text aem-GridColumn aem-GridColumn--default--12\">\r\n<div id=\"text-55df683eec\" class=\"cmp-text margin-container\" data-cmp-data-layer=\"{&quot;text-55df683eec&quot;:{&quot;@type&quot;:&quot;aem-arts\/components\/content\/text\/v1\/text&quot;,&quot;repo:modifyDate&quot;:&quot;2026-03-17T19:25:29Z&quot;,&quot;xdm:text&quot;:&quot;&lt;p&gt;Una&lt;b&gt; tragicom\u00e8dia musical contempor\u00e0nia&lt;\/b&gt; que neix d\u2019una experi\u00e8ncia personal i pren la &lt;b&gt;samba&lt;\/b&gt; com a fil conductor: una m\u00fasica que uneix pena, alegria i resist\u00e8ncia. Des de la creaci\u00f3, els artistes posen el cos al centre i transformen mem\u00f2ries personals en danses i composicions musicals.&lt;\/p&gt;\\r\\n&lt;p&gt;&lt;b&gt;&lt;i&gt;Tiny DERROCHE&lt;\/i&gt;&lt;\/b&gt; \u00e9s una primera pe\u00e7a curta amb la qual es viuen en l\u2019escena can\u00e7ons d\u2019amor i viol\u00e8ncia.&lt;\/p&gt;\\r\\n&quot;}}\">\r\n<div class=\"text aem-GridColumn aem-GridColumn--default--12\">\r\n<div id=\"text-c691ac9d4d\" class=\"cmp-text margin-container\" data-cmp-data-layer=\"{&quot;text-c691ac9d4d&quot;:{&quot;@type&quot;:&quot;aem-arts\/components\/content\/text\/v1\/text&quot;,&quot;repo:modifyDate&quot;:&quot;2026-03-17T17:47:26Z&quot;,&quot;xdm:text&quot;:&quot;&lt;p&gt;&lt;i&gt;Disparar-se un tret al peu&lt;\/i&gt; t\u00e9 a veure amb una reflexi\u00f3 po\u00e8tica al voltant de tot all\u00f2 que no es troba en l\u2019ordre de ser dit. A vegades deixem de parlar per no perdre all\u00f2 que tenim: la posici\u00f3, el reconeixement, l\u2019estatus, la feina. A vegades deixem de parlar per dir la veritat, per\u00f2 seguim parlant: amb eufemismes, fal\u00b7l\u00e0cies, paraules trampa o clau, met\u00e0fores dolentes, mentides i veritats a mitges. A vegades, per\u00f2, alg\u00fa parla per dir la veritat.&lt;\/p&gt;\\r\\n&quot;}}\">\r\n\r\n<i>Aix\u00f2 no t\u00e9 remei\u00a0<\/i>\u00e9s un viatge immersiu entre passat i present. Inspirat en les trementinaires de la vall de la Vansa i Tuix\u00e9n, l\u2019espectacle reivindica la saviesa popular, l\u2019arrelament al territori i la transmissi\u00f3 oral com a ant\u00eddots contra la desconnexi\u00f3 dels nostres temps.\r\n\r\nAmb el format d\u2019un p\u00f2dcast en directe, humor i la participaci\u00f3 activa del p\u00fablic de cada indret que visitem, la pe\u00e7a esdev\u00e9 un punt de trobada \u00fanic on recollim remeis, hist\u00f2ries i complicitats. Un gir final de la pe\u00e7a, l\u2019entrevista a una remeiera, escollida espec\u00edficament en cada territori que visitem, ens convida a observar, olorar i escoltar. En una societat accelerada i individualista, potser el veritable remei \u00e9s retrobar-nos en comunitat.\r\n\r\nL\u2019espectacle\u00a0<i>Aix\u00f2 no t\u00e9 remei\u00a0<\/i>s\u2019ha estrenat a la Fira Mediterr\u00e0nia de Manresa el 2025.\r\n\r\n<\/div>\r\n<\/div>\r\n&nbsp;\r\n\r\n<\/div>\r\n<\/div>\r\nActivitat oberta a tothom i gratu\u00efta amb aforament limitat a 55 persones\r\n<b>Idioma:\u00a0<\/b>catal\u00e0","desc_es":"<strong>JUEVES DE VOZ Y PALABRA<\/strong> con <strong>Francesca Vadell Cubells y Ramon Bonveh\u00ed Rosich<\/strong>\r\n<div class=\"text aem-GridColumn aem-GridColumn--default--12\">\r\n<div id=\"text-ba32c857c7\" class=\"cmp-text margin-container\" data-cmp-data-layer=\"{&quot;text-ba32c857c7&quot;:{&quot;@type&quot;:&quot;aem-arts\/components\/content\/text\/v1\/text&quot;,&quot;repo:modifyDate&quot;:&quot;2026-03-24T00:49:25Z&quot;,&quot;xdm:text&quot;:&quot;&lt;p&gt;&lt;i&gt;Disparar-se un tret al peu&lt;\/i&gt; tiene que ver con una reflexi\u00f3n po\u00e9tica en torno a todo lo que no se encuentra en el orden de ser dicho. A veces dejamos de hablar para no perder lo que tenemos: la posici\u00f3n, el reconocimiento, el estatus, el trabajo. A veces dejamos de hablar para decir la verdad, pero seguimos hablando: con eufemismos, falacias, palabras trampa o clave, met\u00e1foras malas, mentiras y verdades a medias. A veces, sin embargo, alguien habla para decir la verdad.&lt;\/p&gt;\\r\\n&quot;}}\">\r\n\r\n<em>Aix\u00f2 no t\u00e9 remei<\/em> es un viaje inmersivo entre pasado y presente. Inspirado en las trementinaires del valle de La Vansa y Tuix\u00e9n, el espect\u00e1culo reivindica la sabidur\u00eda popular, el arraigo en el territorio y la transmisi\u00f3n oral como ant\u00eddotos contra la desconexi\u00f3n de nuestros tiempos.\r\n\r\nCon el formato de un p\u00f3dcast en directo, humor y la participaci\u00f3n activa del p\u00fablico de cada lugar que visitamos, la pieza se convierte en un punto de encuentro \u00fanico donde recogemos remedios, historias y complicidades. Un giro final de la pieza, la entrevista a una curandera, escogida espec\u00edficamente en cada territorio que visitamos, nos invita a observar, oler y escuchar. En una sociedad acelerada e individualista, quiz\u00e1 el verdadero remedio sea reencontrarnos en comunidad.\r\n\r\nEl espect\u00e1culo <em>Aix\u00f2 no t\u00e9 remei<\/em> se ha estrenado en la Fira Mediterr\u00e0nia de Manresa en 2025.\r\n\r\n&nbsp;\r\n\r\n<\/div>\r\n<\/div>\r\n<div class=\"separator aem-GridColumn aem-GridColumn--default--12\">\r\n<div class=\"layout-container\">\r\n<div id=\"separator-d2a615ac7f\" class=\"cmp-separator\">\r\n\r\nActividad abierta a todo el mundo y gratuita con aforo limitado a 55 personas\r\n<b>Idioma:\u00a0<\/b>catal\u00e1n\r\n\r\n<\/div>\r\n<\/div>\r\n<\/div>","desc_en":"<div class=\"text aem-GridColumn aem-GridColumn--default--12\">\r\n<div id=\"text-d640a11328\" class=\"cmp-text margin-container\" data-cmp-data-layer=\"{&quot;text-d640a11328&quot;:{&quot;@type&quot;:&quot;aem-arts\/components\/content\/text\/v1\/text&quot;,&quot;repo:modifyDate&quot;:&quot;2026-03-24T00:51:47Z&quot;,&quot;xdm:text&quot;:&quot;&lt;p&gt;&lt;i&gt;Disparar-se un tret al peu&lt;\/i&gt; has to do with a poetic reflection on everything that is not in the order of being said. Sometimes we stop talking so as not to lose what we have: position, recognition, status, work. Sometimes we go silent for the sake of telling the truth, but we keep on talking: with euphemisms, fallacies, trick or code words, bad metaphors, lies and half-truths. But sometimes someone speaks out to tell the truth.&lt;\/p&gt;\\r\\n&quot;}}\">\r\n\r\n<strong>THURSDAYS OF VOICE AND WORD<\/strong> with <strong>Francesca Vadell Cubells and Ramon Bonveh\u00ed Rosich<\/strong>\r\n<div class=\"text aem-GridColumn aem-GridColumn--default--12\">\r\n<div id=\"text-5c33ec8f14\" class=\"cmp-text margin-container\" data-cmp-data-layer=\"{&quot;text-5c33ec8f14&quot;:{&quot;@type&quot;:&quot;aem-arts\/components\/content\/text\/v1\/text&quot;,&quot;repo:modifyDate&quot;:&quot;2026-03-24T01:10:31Z&quot;,&quot;xdm:text&quot;:&quot;&lt;p&gt;&lt;i&gt;Aix\u00f2 no t\u00e9 remei &lt;\/i&gt;is an immersive journey between past and present. Inspired by the&lt;i&gt; trementinaires &lt;\/i&gt;of the Vansa and Tuix\u00e9n valleys who sold medicinal herbal remedies, the show attempts to highlight the value of popular wisdom, rootedness in the territory and oral transmission as antidotes against the disconnection of our times.&lt;\/p&gt;\\r\\n&lt;p&gt;In the format of a live podcast, with humour and the active participation of the public in each place we visit, the piece is a unique meeting point where we collect remedies, stories and complicities. A final twist to the piece, the interview with a healer, chosen specifically from each territory we visit, invites us to observe, smell and listen. In a fast-paced, individualistic society, perhaps the real remedy is to reconnect in community.&lt;\/p&gt;\\r\\n&lt;p&gt;The show &lt;i&gt;Aix\u00f2 no t\u00e9 remei &lt;\/i&gt;premiered at the Fira Mediterr\u00e0nia de Manresa in 2025.&lt;\/p&gt;\\r\\n&quot;}}\">\r\n\r\n<i>Aix\u00f2 no t\u00e9 remei\u00a0<\/i>is an immersive journey between past and present. Inspired by the<i>\u00a0trementinaires\u00a0<\/i>of the Vansa and Tuix\u00e9n valleys who sold medicinal herbal remedies, the show attempts to highlight the value of popular wisdom, rootedness in the territory and oral transmission as antidotes against the disconnection of our times.\r\n\r\nIn the format of a live podcast, with humour and the active participation of the public in each place we visit, the piece is a unique meeting point where we collect remedies, stories and complicities. A final twist to the piece, the interview with a healer, chosen specifically from each territory we visit, invites us to observe, smell and listen. In a fast-paced, individualistic society, perhaps the real remedy is to reconnect in community.\r\n\r\nThe show\u00a0<i>Aix\u00f2 no t\u00e9 remei\u00a0<\/i>premiered at the Fira Mediterr\u00e0nia de Manresa in 2025.\r\n\r\n<\/div>\r\n<\/div>\r\n&nbsp;\r\n\r\n<\/div>\r\n<\/div>\r\n<div class=\"separator aem-GridColumn aem-GridColumn--default--12\">\r\n<div class=\"cmp-separator\">\r\n<div class=\"cmp-richtext\">\r\n\r\nActivity open to all and free of charge, limited to 55 people\r\n<b>Language:<\/b>\u00a0Catalan\r\n\r\n<\/div>\r\n<\/div>\r\n<\/div>","event_category":440,"event_show_only_own_date":false,"_event_confirmed":true,"_event_public":true,"_event_free":true,"_event_price-min":"","_event_price-max":"","_event_web_ca":"https:\/\/www.santamonica.cat\/ca\/exposicions-i-activitats\/dijous-de-paraula\/2026\/aixo-no-te-remei","_event_web_es":"https:\/\/www.santamonica.cat\/es\/exposicions-i-activitats\/dijous-de-paraula\/2026\/aixo-no-te-remei","_event_web_en":"https:\/\/www.santamonica.cat\/en\/exposicions-i-activitats\/dijous-de-paraula\/2026\/aixo-no-te-remei","event_contact_email":"","event_apply_email":"","is_online_event":false,"is_art_nou_event":false,"is_bgw_event":false,"date_text":"","register_deadline":null,"altres_organitzadors":""},"abe_event_venue":null,"abe_event_category":"Arts en Viu","start":"2026-05-28 19:00:00","end":"2026-05-28 20:15:00","schedule":"once","schedule_meta":"","frequency":1,"all_day":0,"until":"2026-05-28 19:00:00","include":[],"exclude":[],"_links":{"self":[{"href":"https:\/\/graf.cat\/es\/wp-json\/wp\/v2\/events\/56188","targetHints":{"allow":["GET"]}}],"collection":[{"href":"https:\/\/graf.cat\/es\/wp-json\/wp\/v2\/events"}],"about":[{"href":"https:\/\/graf.cat\/es\/wp-json\/wp\/v2\/types\/event"}],"author":[{"embeddable":true,"href":"https:\/\/graf.cat\/es\/wp-json\/wp\/v2\/users\/19"}],"occurrences":[{"embeddable":true,"href":"https:\/\/graf.cat\/es\/wp-json\/wp\/v2\/events\/56188\/occurrences"}],"acf:term":[{"embeddable":true,"taxonomy":"event-category","href":"https:\/\/graf.cat\/es\/wp-json\/wp\/v2\/event-category\/440"}],"wp:featuredmedia":[{"embeddable":true,"href":"https:\/\/graf.cat\/es\/wp-json\/wp\/v2\/media\/56189"}],"wp:attachment":[{"href":"https:\/\/graf.cat\/es\/wp-json\/wp\/v2\/media?parent=56188"}],"wp:term":[{"taxonomy":"event-venue","embeddable":true,"href":"https:\/\/graf.cat\/es\/wp-json\/wp\/v2\/event-venues?post=56188"},{"taxonomy":"event-tag","embeddable":true,"href":"https:\/\/graf.cat\/es\/wp-json\/wp\/v2\/event-tags?post=56188"}],"curies":[{"name":"wp","href":"https:\/\/api.w.org\/{rel}","templated":true}]}}

Això no té remei. El pòdcast d’inspiració trementinaire

Això no té remei. El pódcast de inspiración ‘trementinaire’

Això no té remei. The trementinaire-inspired podcast

<strong>DIJOUS DE VEU I PARAULA</strong> amb <strong>Francesca Vadell Cubells y Ramon Bonvehí Rosich</strong>
<div class="text aem-GridColumn aem-GridColumn--default--12">
<div id="text-55df683eec" class="cmp-text margin-container" data-cmp-data-layer="{&quot;text-55df683eec&quot;:{&quot;@type&quot;:&quot;aem-arts/components/content/text/v1/text&quot;,&quot;repo:modifyDate&quot;:&quot;2026-03-17T19:25:29Z&quot;,&quot;xdm:text&quot;:&quot;&lt;p&gt;Una&lt;b&gt; tragicomèdia musical contemporània&lt;/b&gt; que neix d’una experiència personal i pren la &lt;b&gt;samba&lt;/b&gt; com a fil conductor: una música que uneix pena, alegria i resistència. Des de la creació, els artistes posen el cos al centre i transformen memòries personals en danses i composicions musicals.&lt;/p&gt;\r\n&lt;p&gt;&lt;b&gt;&lt;i&gt;Tiny DERROCHE&lt;/i&gt;&lt;/b&gt; és una primera peça curta amb la qual es viuen en l’escena cançons d’amor i violència.&lt;/p&gt;\r\n&quot;}}">
<div class="text aem-GridColumn aem-GridColumn--default--12">
<div id="text-c691ac9d4d" class="cmp-text margin-container" data-cmp-data-layer="{&quot;text-c691ac9d4d&quot;:{&quot;@type&quot;:&quot;aem-arts/components/content/text/v1/text&quot;,&quot;repo:modifyDate&quot;:&quot;2026-03-17T17:47:26Z&quot;,&quot;xdm:text&quot;:&quot;&lt;p&gt;&lt;i&gt;Disparar-se un tret al peu&lt;/i&gt; té a veure amb una reflexió poètica al voltant de tot allò que no es troba en l’ordre de ser dit. A vegades deixem de parlar per no perdre allò que tenim: la posició, el reconeixement, l’estatus, la feina. A vegades deixem de parlar per dir la veritat, però seguim parlant: amb eufemismes, fal·làcies, paraules trampa o clau, metàfores dolentes, mentides i veritats a mitges. A vegades, però, algú parla per dir la veritat.&lt;/p&gt;\r\n&quot;}}">

<i>Això no té remei </i>és un viatge immersiu entre passat i present. Inspirat en les trementinaires de la vall de la Vansa i Tuixén, l’espectacle reivindica la saviesa popular, l’arrelament al territori i la transmissió oral com a antídots contra la desconnexió dels nostres temps.

Amb el format d’un pòdcast en directe, humor i la participació activa del públic de cada indret que visitem, la peça esdevé un punt de trobada únic on recollim remeis, històries i complicitats. Un gir final de la peça, l’entrevista a una remeiera, escollida específicament en cada territori que visitem, ens convida a observar, olorar i escoltar. En una societat accelerada i individualista, potser el veritable remei és retrobar-nos en comunitat.

L’espectacle <i>Això no té remei </i>s’ha estrenat a la Fira Mediterrània de Manresa el 2025.

</div>
</div>
&nbsp;

</div>
</div>
Activitat oberta a tothom i gratuïta amb aforament limitat a 55 persones
<b>Idioma: </b>català

<strong>JUEVES DE VOZ Y PALABRA</strong> con <strong>Francesca Vadell Cubells y Ramon Bonvehí Rosich</strong>
<div class="text aem-GridColumn aem-GridColumn--default--12">
<div id="text-ba32c857c7" class="cmp-text margin-container" data-cmp-data-layer="{&quot;text-ba32c857c7&quot;:{&quot;@type&quot;:&quot;aem-arts/components/content/text/v1/text&quot;,&quot;repo:modifyDate&quot;:&quot;2026-03-24T00:49:25Z&quot;,&quot;xdm:text&quot;:&quot;&lt;p&gt;&lt;i&gt;Disparar-se un tret al peu&lt;/i&gt; tiene que ver con una reflexión poética en torno a todo lo que no se encuentra en el orden de ser dicho. A veces dejamos de hablar para no perder lo que tenemos: la posición, el reconocimiento, el estatus, el trabajo. A veces dejamos de hablar para decir la verdad, pero seguimos hablando: con eufemismos, falacias, palabras trampa o clave, metáforas malas, mentiras y verdades a medias. A veces, sin embargo, alguien habla para decir la verdad.&lt;/p&gt;\r\n&quot;}}">

<em>Això no té remei</em> es un viaje inmersivo entre pasado y presente. Inspirado en las trementinaires del valle de La Vansa y Tuixén, el espectáculo reivindica la sabiduría popular, el arraigo en el territorio y la transmisión oral como antídotos contra la desconexión de nuestros tiempos.

Con el formato de un pódcast en directo, humor y la participación activa del público de cada lugar que visitamos, la pieza se convierte en un punto de encuentro único donde recogemos remedios, historias y complicidades. Un giro final de la pieza, la entrevista a una curandera, escogida específicamente en cada territorio que visitamos, nos invita a observar, oler y escuchar. En una sociedad acelerada e individualista, quizá el verdadero remedio sea reencontrarnos en comunidad.

El espectáculo <em>Això no té remei</em> se ha estrenado en la Fira Mediterrània de Manresa en 2025.

&nbsp;

</div>
</div>
<div class="separator aem-GridColumn aem-GridColumn--default--12">
<div class="layout-container">
<div id="separator-d2a615ac7f" class="cmp-separator">

Actividad abierta a todo el mundo y gratuita con aforo limitado a 55 personas
<b>Idioma: </b>catalán

</div>
</div>
</div>

<div class="text aem-GridColumn aem-GridColumn--default--12">
<div id="text-d640a11328" class="cmp-text margin-container" data-cmp-data-layer="{&quot;text-d640a11328&quot;:{&quot;@type&quot;:&quot;aem-arts/components/content/text/v1/text&quot;,&quot;repo:modifyDate&quot;:&quot;2026-03-24T00:51:47Z&quot;,&quot;xdm:text&quot;:&quot;&lt;p&gt;&lt;i&gt;Disparar-se un tret al peu&lt;/i&gt; has to do with a poetic reflection on everything that is not in the order of being said. Sometimes we stop talking so as not to lose what we have: position, recognition, status, work. Sometimes we go silent for the sake of telling the truth, but we keep on talking: with euphemisms, fallacies, trick or code words, bad metaphors, lies and half-truths. But sometimes someone speaks out to tell the truth.&lt;/p&gt;\r\n&quot;}}">

<strong>THURSDAYS OF VOICE AND WORD</strong> with <strong>Francesca Vadell Cubells and Ramon Bonvehí Rosich</strong>
<div class="text aem-GridColumn aem-GridColumn--default--12">
<div id="text-5c33ec8f14" class="cmp-text margin-container" data-cmp-data-layer="{&quot;text-5c33ec8f14&quot;:{&quot;@type&quot;:&quot;aem-arts/components/content/text/v1/text&quot;,&quot;repo:modifyDate&quot;:&quot;2026-03-24T01:10:31Z&quot;,&quot;xdm:text&quot;:&quot;&lt;p&gt;&lt;i&gt;Això no té remei &lt;/i&gt;is an immersive journey between past and present. Inspired by the&lt;i&gt; trementinaires &lt;/i&gt;of the Vansa and Tuixén valleys who sold medicinal herbal remedies, the show attempts to highlight the value of popular wisdom, rootedness in the territory and oral transmission as antidotes against the disconnection of our times.&lt;/p&gt;\r\n&lt;p&gt;In the format of a live podcast, with humour and the active participation of the public in each place we visit, the piece is a unique meeting point where we collect remedies, stories and complicities. A final twist to the piece, the interview with a healer, chosen specifically from each territory we visit, invites us to observe, smell and listen. In a fast-paced, individualistic society, perhaps the real remedy is to reconnect in community.&lt;/p&gt;\r\n&lt;p&gt;The show &lt;i&gt;Això no té remei &lt;/i&gt;premiered at the Fira Mediterrània de Manresa in 2025.&lt;/p&gt;\r\n&quot;}}">

<i>Això no té remei </i>is an immersive journey between past and present. Inspired by the<i> trementinaires </i>of the Vansa and Tuixén valleys who sold medicinal herbal remedies, the show attempts to highlight the value of popular wisdom, rootedness in the territory and oral transmission as antidotes against the disconnection of our times.

In the format of a live podcast, with humour and the active participation of the public in each place we visit, the piece is a unique meeting point where we collect remedies, stories and complicities. A final twist to the piece, the interview with a healer, chosen specifically from each territory we visit, invites us to observe, smell and listen. In a fast-paced, individualistic society, perhaps the real remedy is to reconnect in community.

The show <i>Això no té remei </i>premiered at the Fira Mediterrània de Manresa in 2025.

</div>
</div>
&nbsp;

</div>
</div>
<div class="separator aem-GridColumn aem-GridColumn--default--12">
<div class="cmp-separator">
<div class="cmp-richtext">

Activity open to all and free of charge, limited to 55 people
<b>Language:</b> Catalan

</div>
</div>
</div>
