{"id":56192,"guid":{"rendered":"https:\/\/graf.cat\/?post_type=event&#038;p=56192"},"modified":"2026-04-08T13:04:26","modified_gmt":"2026-04-08T11:04:26","slug":"asmr-performance-una-lectura-lenta-de-8-poemes-i-una-frase-final","status":"publish","type":"event","link":"https:\/\/graf.cat\/es\/events\/event\/asmr-performance-una-lectura-lenta-de-8-poemes-i-una-frase-final\/","title":{"rendered":"ASMR Performance. Una lectura lenta de 8 poemes i una frase final"},"content":{"rendered":"","protected":false},"excerpt":{"rendered":"","protected":false},"author":19,"featured_media":56194,"template":"","meta":{"_acf_changed":false,"_monsterinsights_skip_tracking":false,"_monsterinsights_sitenote_active":false,"_monsterinsights_sitenote_note":"","_monsterinsights_sitenote_category":0},"event-venues":[],"event-tags":[],"class_list":["post-56192","event","type-event","status-publish","has-post-thumbnail","hentry","event-category-arts-in-viu"],"acf":{"title_ca":"ASMR Performance. Una lectura lenta de 8 poemes i una frase final","title_es":"ASMR Performance. Una lectura lenta de 8 poemas y una frase final","title_en":"ASMR Performance. A slow reading of 8 poems and a closing phrase","desc_ca":"DIJOUS DE VEU I PARAULA amb Borja Zabala\r\n<div class=\"text aem-GridColumn aem-GridColumn--default--12\">\r\n<div id=\"text-55df683eec\" class=\"cmp-text margin-container\" data-cmp-data-layer=\"{&quot;text-55df683eec&quot;:{&quot;@type&quot;:&quot;aem-arts\/components\/content\/text\/v1\/text&quot;,&quot;repo:modifyDate&quot;:&quot;2026-03-17T19:25:29Z&quot;,&quot;xdm:text&quot;:&quot;&lt;p&gt;Una&lt;b&gt; tragicom\u00e8dia musical contempor\u00e0nia&lt;\/b&gt; que neix d\u2019una experi\u00e8ncia personal i pren la &lt;b&gt;samba&lt;\/b&gt; com a fil conductor: una m\u00fasica que uneix pena, alegria i resist\u00e8ncia. Des de la creaci\u00f3, els artistes posen el cos al centre i transformen mem\u00f2ries personals en danses i composicions musicals.&lt;\/p&gt;\\r\\n&lt;p&gt;&lt;b&gt;&lt;i&gt;Tiny DERROCHE&lt;\/i&gt;&lt;\/b&gt; \u00e9s una primera pe\u00e7a curta amb la qual es viuen en l\u2019escena can\u00e7ons d\u2019amor i viol\u00e8ncia.&lt;\/p&gt;\\r\\n&quot;}}\">\r\n<div class=\"text aem-GridColumn aem-GridColumn--default--12\">\r\n<div id=\"text-c691ac9d4d\" class=\"cmp-text margin-container\" data-cmp-data-layer=\"{&quot;text-c691ac9d4d&quot;:{&quot;@type&quot;:&quot;aem-arts\/components\/content\/text\/v1\/text&quot;,&quot;repo:modifyDate&quot;:&quot;2026-03-17T17:47:26Z&quot;,&quot;xdm:text&quot;:&quot;&lt;p&gt;&lt;i&gt;Disparar-se un tret al peu&lt;\/i&gt; t\u00e9 a veure amb una reflexi\u00f3 po\u00e8tica al voltant de tot all\u00f2 que no es troba en l\u2019ordre de ser dit. A vegades deixem de parlar per no perdre all\u00f2 que tenim: la posici\u00f3, el reconeixement, l\u2019estatus, la feina. A vegades deixem de parlar per dir la veritat, per\u00f2 seguim parlant: amb eufemismes, fal\u00b7l\u00e0cies, paraules trampa o clau, met\u00e0fores dolentes, mentides i veritats a mitges. A vegades, per\u00f2, alg\u00fa parla per dir la veritat.&lt;\/p&gt;\\r\\n&quot;}}\">\r\n<div class=\"text aem-GridColumn aem-GridColumn--default--12\">\r\n<div id=\"text-6fca8f3f61\" class=\"cmp-text margin-container\" data-cmp-data-layer=\"{&quot;text-6fca8f3f61&quot;:{&quot;@type&quot;:&quot;aem-arts\/components\/content\/text\/v1\/text&quot;,&quot;repo:modifyDate&quot;:&quot;2026-03-17T18:27:29Z&quot;,&quot;xdm:text&quot;:&quot;&lt;p&gt;&lt;b&gt;Borja Zabala &lt;\/b&gt;explora la relaci\u00f3 entre poesia i espai, un mateix camp d\u2019acci\u00f3 en qu\u00e8 pensament, veu i lloc es conformen i es confonen. La seva acci\u00f3 neix d\u2019aquesta reflexi\u00f3 i es concreta en actes: dir els poemes lentament en veu alta i repetir gestos errants. D\u2019aqu\u00ed sorgeix un llenguatge sobri, l\u00facid i combatiu, travessat per la consci\u00e8ncia del l\u00edmit: llibertat i contenci\u00f3, veu i silenci, quietud i moviment. Aquestes accions no busquen representar el m\u00f3n, sin\u00f3 activar-lo: generar pres\u00e8ncia i obrir esquerdes en els discursos establerts.&lt;\/p&gt;\\r\\n&quot;}}\">\r\n\r\n<b>Borja Zabala\u00a0<\/b>explora la relaci\u00f3 entre poesia i espai, un mateix camp d\u2019acci\u00f3 en qu\u00e8 pensament, veu i lloc es conformen i es confonen. La seva acci\u00f3 neix d\u2019aquesta reflexi\u00f3 i es concreta en actes: dir els poemes lentament en veu alta i repetir gestos errants. D\u2019aqu\u00ed sorgeix un llenguatge sobri, l\u00facid i combatiu, travessat per la consci\u00e8ncia del l\u00edmit: llibertat i contenci\u00f3, veu i silenci, quietud i moviment. Aquestes accions no busquen representar el m\u00f3n, sin\u00f3 activar-lo: generar pres\u00e8ncia i obrir esquerdes en els discursos establerts.\r\n\r\n<\/div>\r\n<\/div>\r\n<\/div>\r\n<\/div>\r\n&nbsp;\r\n\r\n<\/div>\r\n<\/div>\r\nActivitat oberta a tothom i gratu\u00efta amb aforament limitat a 55 persones\r\n<b>Idioma:\u00a0<\/b>castell\u00e0","desc_es":"JUEVES DE VOZ Y PALABRA con Borja Zabala\r\n<div class=\"text aem-GridColumn aem-GridColumn--default--12\">\r\n<div id=\"text-ba32c857c7\" class=\"cmp-text margin-container\" data-cmp-data-layer=\"{&quot;text-ba32c857c7&quot;:{&quot;@type&quot;:&quot;aem-arts\/components\/content\/text\/v1\/text&quot;,&quot;repo:modifyDate&quot;:&quot;2026-03-24T00:49:25Z&quot;,&quot;xdm:text&quot;:&quot;&lt;p&gt;&lt;i&gt;Disparar-se un tret al peu&lt;\/i&gt; tiene que ver con una reflexi\u00f3n po\u00e9tica en torno a todo lo que no se encuentra en el orden de ser dicho. A veces dejamos de hablar para no perder lo que tenemos: la posici\u00f3n, el reconocimiento, el estatus, el trabajo. A veces dejamos de hablar para decir la verdad, pero seguimos hablando: con eufemismos, falacias, palabras trampa o clave, met\u00e1foras malas, mentiras y verdades a medias. A veces, sin embargo, alguien habla para decir la verdad.&lt;\/p&gt;\\r\\n&quot;}}\">\r\n<div class=\"text aem-GridColumn aem-GridColumn--default--12\">\r\n<div id=\"text-519397f943\" class=\"cmp-text margin-container\" data-cmp-data-layer=\"{&quot;text-519397f943&quot;:{&quot;@type&quot;:&quot;aem-arts\/components\/content\/text\/v1\/text&quot;,&quot;repo:modifyDate&quot;:&quot;2026-03-24T01:16:26Z&quot;,&quot;xdm:text&quot;:&quot;&lt;p&gt;&lt;b&gt;Borja Zabala &lt;\/b&gt;explora la relaci\u00f3n entre poes\u00eda y espacio, un mismo campo de acci\u00f3n en el que pensamiento, voz y lugar se conforman y se confunden. Su acci\u00f3n nace de esta reflexi\u00f3n y se concreta en actos: decir los poemas lentamente en voz alta y repetir gestos errantes. De ah\u00ed surge un lenguaje sobrio, l\u00facido y combativo, atravesado por la conciencia del l\u00edmite: libertad y contenci\u00f3n, voz y silencio, quietud y movimiento. Estas acciones no buscan representar al mundo, sino activarlo: generar presencia y abrir grietas en los discursos establecidos.&lt;\/p&gt;\\r\\n&quot;}}\">\r\n\r\n<b>Borja Zabala\u00a0<\/b>explora la relaci\u00f3n entre poes\u00eda y espacio, un mismo campo de acci\u00f3n en el que pensamiento, voz y lugar se conforman y se confunden. Su acci\u00f3n nace de esta reflexi\u00f3n y se concreta en actos: decir los poemas lentamente en voz alta y repetir gestos errantes. De ah\u00ed surge un lenguaje sobrio, l\u00facido y combativo, atravesado por la conciencia del l\u00edmite: libertad y contenci\u00f3n, voz y silencio, quietud y movimiento. Estas acciones no buscan representar al mundo, sino activarlo: generar presencia y abrir grietas en los discursos establecidos.\r\n\r\n<\/div>\r\n<\/div>\r\n<\/div>\r\n<\/div>\r\n<div class=\"separator aem-GridColumn aem-GridColumn--default--12\">\r\n<div class=\"layout-container\">\r\n<div id=\"separator-d2a615ac7f\" class=\"cmp-separator\">\r\n\r\n&nbsp;\r\n\r\nActividad abierta a todo el mundo y gratuita con aforo limitado a 55 personas\r\n<b>Idioma:\u00a0<\/b>castellano\r\n\r\n<\/div>\r\n<\/div>\r\n<\/div>","desc_en":"THURSDAYS OF VOICE AND WORD with Borja Zabala\r\n<div class=\"text aem-GridColumn aem-GridColumn--default--12\">\r\n<div id=\"text-d640a11328\" class=\"cmp-text margin-container\" data-cmp-data-layer=\"{&quot;text-d640a11328&quot;:{&quot;@type&quot;:&quot;aem-arts\/components\/content\/text\/v1\/text&quot;,&quot;repo:modifyDate&quot;:&quot;2026-03-24T00:51:47Z&quot;,&quot;xdm:text&quot;:&quot;&lt;p&gt;&lt;i&gt;Disparar-se un tret al peu&lt;\/i&gt; has to do with a poetic reflection on everything that is not in the order of being said. Sometimes we stop talking so as not to lose what we have: position, recognition, status, work. Sometimes we go silent for the sake of telling the truth, but we keep on talking: with euphemisms, fallacies, trick or code words, bad metaphors, lies and half-truths. But sometimes someone speaks out to tell the truth.&lt;\/p&gt;\\r\\n&quot;}}\">\r\n<div class=\"text aem-GridColumn aem-GridColumn--default--12\">\r\n<div id=\"text-35579b6940\" class=\"cmp-text margin-container\" data-cmp-data-layer=\"{&quot;text-35579b6940&quot;:{&quot;@type&quot;:&quot;aem-arts\/components\/content\/text\/v1\/text&quot;,&quot;repo:modifyDate&quot;:&quot;2026-03-24T01:20:15Z&quot;,&quot;xdm:text&quot;:&quot;&lt;p&gt;&lt;b&gt;Borja Zabala &lt;\/b&gt;explores the relationship between poetry and space, the same field of action in which thought, voice and place are shaped and confused. His action stems from this reflection and takes concrete form in deeds: saying the poems slowly out loud and repeating wandering gestures. This gives rise to a sober, lucid and combative language, marked by an awareness of its limits: freedom and containment, voice and silence, stillness and movement. These actions do not seek to represent the world, but to activate it: to generate presence and open cracks in established discourses.&lt;\/p&gt;\\r\\n&quot;}}\">\r\n\r\n<b>Borja Zabala\u00a0<\/b>explores the relationship between poetry and space, the same field of action in which thought, voice and place are shaped and confused. His action stems from this reflection and takes concrete form in deeds: saying the poems slowly out loud and repeating wandering gestures. This gives rise to a sober, lucid and combative language, marked by an awareness of its limits: freedom and containment, voice and silence, stillness and movement. These actions do not seek to represent the world, but to activate it: to generate presence and open cracks in established discourses.\r\n\r\n<\/div>\r\n<\/div>\r\n&nbsp;\r\n\r\n<\/div>\r\n<\/div>\r\n<div class=\"separator aem-GridColumn aem-GridColumn--default--12\">\r\n<div class=\"cmp-separator\">\r\n<div class=\"cmp-richtext\">\r\n\r\nActivity open to all and free of charge, limited to 55 people\r\n<b>Language:<\/b> Spanish\r\n\r\n<\/div>\r\n<\/div>\r\n<\/div>","event_category":440,"event_show_only_own_date":false,"_event_confirmed":true,"_event_public":true,"_event_free":true,"_event_price-min":"","_event_price-max":"","_event_web_ca":"","_event_web_es":"","_event_web_en":"","event_contact_email":"","event_apply_email":"","is_online_event":false,"is_art_nou_event":false,"is_bgw_event":false,"date_text":"","register_deadline":null,"altres_organitzadors":""},"abe_event_venue":null,"abe_event_category":"Arts en Viu","start":"2026-06-11 19:00:00","end":"2026-06-11 20:15:00","schedule":"once","schedule_meta":"","frequency":1,"all_day":0,"until":"2026-06-11 19:00:00","include":[],"exclude":[],"_links":{"self":[{"href":"https:\/\/graf.cat\/es\/wp-json\/wp\/v2\/events\/56192","targetHints":{"allow":["GET"]}}],"collection":[{"href":"https:\/\/graf.cat\/es\/wp-json\/wp\/v2\/events"}],"about":[{"href":"https:\/\/graf.cat\/es\/wp-json\/wp\/v2\/types\/event"}],"author":[{"embeddable":true,"href":"https:\/\/graf.cat\/es\/wp-json\/wp\/v2\/users\/19"}],"occurrences":[{"embeddable":true,"href":"https:\/\/graf.cat\/es\/wp-json\/wp\/v2\/events\/56192\/occurrences"}],"acf:term":[{"embeddable":true,"taxonomy":"event-category","href":"https:\/\/graf.cat\/es\/wp-json\/wp\/v2\/event-category\/440"}],"wp:featuredmedia":[{"embeddable":true,"href":"https:\/\/graf.cat\/es\/wp-json\/wp\/v2\/media\/56194"}],"wp:attachment":[{"href":"https:\/\/graf.cat\/es\/wp-json\/wp\/v2\/media?parent=56192"}],"wp:term":[{"taxonomy":"event-venue","embeddable":true,"href":"https:\/\/graf.cat\/es\/wp-json\/wp\/v2\/event-venues?post=56192"},{"taxonomy":"event-tag","embeddable":true,"href":"https:\/\/graf.cat\/es\/wp-json\/wp\/v2\/event-tags?post=56192"}],"curies":[{"name":"wp","href":"https:\/\/api.w.org\/{rel}","templated":true}]}}

DIJOUS DE VEU I PARAULA amb Borja Zabala
<div class="text aem-GridColumn aem-GridColumn--default--12">
<div id="text-55df683eec" class="cmp-text margin-container" data-cmp-data-layer="{&quot;text-55df683eec&quot;:{&quot;@type&quot;:&quot;aem-arts/components/content/text/v1/text&quot;,&quot;repo:modifyDate&quot;:&quot;2026-03-17T19:25:29Z&quot;,&quot;xdm:text&quot;:&quot;&lt;p&gt;Una&lt;b&gt; tragicomèdia musical contemporània&lt;/b&gt; que neix d’una experiència personal i pren la &lt;b&gt;samba&lt;/b&gt; com a fil conductor: una música que uneix pena, alegria i resistència. Des de la creació, els artistes posen el cos al centre i transformen memòries personals en danses i composicions musicals.&lt;/p&gt;\r\n&lt;p&gt;&lt;b&gt;&lt;i&gt;Tiny DERROCHE&lt;/i&gt;&lt;/b&gt; és una primera peça curta amb la qual es viuen en l’escena cançons d’amor i violència.&lt;/p&gt;\r\n&quot;}}">
<div class="text aem-GridColumn aem-GridColumn--default--12">
<div id="text-c691ac9d4d" class="cmp-text margin-container" data-cmp-data-layer="{&quot;text-c691ac9d4d&quot;:{&quot;@type&quot;:&quot;aem-arts/components/content/text/v1/text&quot;,&quot;repo:modifyDate&quot;:&quot;2026-03-17T17:47:26Z&quot;,&quot;xdm:text&quot;:&quot;&lt;p&gt;&lt;i&gt;Disparar-se un tret al peu&lt;/i&gt; té a veure amb una reflexió poètica al voltant de tot allò que no es troba en l’ordre de ser dit. A vegades deixem de parlar per no perdre allò que tenim: la posició, el reconeixement, l’estatus, la feina. A vegades deixem de parlar per dir la veritat, però seguim parlant: amb eufemismes, fal·làcies, paraules trampa o clau, metàfores dolentes, mentides i veritats a mitges. A vegades, però, algú parla per dir la veritat.&lt;/p&gt;\r\n&quot;}}">
<div class="text aem-GridColumn aem-GridColumn--default--12">
<div id="text-6fca8f3f61" class="cmp-text margin-container" data-cmp-data-layer="{&quot;text-6fca8f3f61&quot;:{&quot;@type&quot;:&quot;aem-arts/components/content/text/v1/text&quot;,&quot;repo:modifyDate&quot;:&quot;2026-03-17T18:27:29Z&quot;,&quot;xdm:text&quot;:&quot;&lt;p&gt;&lt;b&gt;Borja Zabala &lt;/b&gt;explora la relació entre poesia i espai, un mateix camp d’acció en què pensament, veu i lloc es conformen i es confonen. La seva acció neix d’aquesta reflexió i es concreta en actes: dir els poemes lentament en veu alta i repetir gestos errants. D’aquí sorgeix un llenguatge sobri, lúcid i combatiu, travessat per la consciència del límit: llibertat i contenció, veu i silenci, quietud i moviment. Aquestes accions no busquen representar el món, sinó activar-lo: generar presència i obrir esquerdes en els discursos establerts.&lt;/p&gt;\r\n&quot;}}">

<b>Borja Zabala </b>explora la relació entre poesia i espai, un mateix camp d’acció en què pensament, veu i lloc es conformen i es confonen. La seva acció neix d’aquesta reflexió i es concreta en actes: dir els poemes lentament en veu alta i repetir gestos errants. D’aquí sorgeix un llenguatge sobri, lúcid i combatiu, travessat per la consciència del límit: llibertat i contenció, veu i silenci, quietud i moviment. Aquestes accions no busquen representar el món, sinó activar-lo: generar presència i obrir esquerdes en els discursos establerts.

</div>
</div>
</div>
</div>
&nbsp;

</div>
</div>
Activitat oberta a tothom i gratuïta amb aforament limitat a 55 persones
<b>Idioma: </b>castellà

JUEVES DE VOZ Y PALABRA con Borja Zabala
<div class="text aem-GridColumn aem-GridColumn--default--12">
<div id="text-ba32c857c7" class="cmp-text margin-container" data-cmp-data-layer="{&quot;text-ba32c857c7&quot;:{&quot;@type&quot;:&quot;aem-arts/components/content/text/v1/text&quot;,&quot;repo:modifyDate&quot;:&quot;2026-03-24T00:49:25Z&quot;,&quot;xdm:text&quot;:&quot;&lt;p&gt;&lt;i&gt;Disparar-se un tret al peu&lt;/i&gt; tiene que ver con una reflexión poética en torno a todo lo que no se encuentra en el orden de ser dicho. A veces dejamos de hablar para no perder lo que tenemos: la posición, el reconocimiento, el estatus, el trabajo. A veces dejamos de hablar para decir la verdad, pero seguimos hablando: con eufemismos, falacias, palabras trampa o clave, metáforas malas, mentiras y verdades a medias. A veces, sin embargo, alguien habla para decir la verdad.&lt;/p&gt;\r\n&quot;}}">
<div class="text aem-GridColumn aem-GridColumn--default--12">
<div id="text-519397f943" class="cmp-text margin-container" data-cmp-data-layer="{&quot;text-519397f943&quot;:{&quot;@type&quot;:&quot;aem-arts/components/content/text/v1/text&quot;,&quot;repo:modifyDate&quot;:&quot;2026-03-24T01:16:26Z&quot;,&quot;xdm:text&quot;:&quot;&lt;p&gt;&lt;b&gt;Borja Zabala &lt;/b&gt;explora la relación entre poesía y espacio, un mismo campo de acción en el que pensamiento, voz y lugar se conforman y se confunden. Su acción nace de esta reflexión y se concreta en actos: decir los poemas lentamente en voz alta y repetir gestos errantes. De ahí surge un lenguaje sobrio, lúcido y combativo, atravesado por la conciencia del límite: libertad y contención, voz y silencio, quietud y movimiento. Estas acciones no buscan representar al mundo, sino activarlo: generar presencia y abrir grietas en los discursos establecidos.&lt;/p&gt;\r\n&quot;}}">

<b>Borja Zabala </b>explora la relación entre poesía y espacio, un mismo campo de acción en el que pensamiento, voz y lugar se conforman y se confunden. Su acción nace de esta reflexión y se concreta en actos: decir los poemas lentamente en voz alta y repetir gestos errantes. De ahí surge un lenguaje sobrio, lúcido y combativo, atravesado por la conciencia del límite: libertad y contención, voz y silencio, quietud y movimiento. Estas acciones no buscan representar al mundo, sino activarlo: generar presencia y abrir grietas en los discursos establecidos.

</div>
</div>
</div>
</div>
<div class="separator aem-GridColumn aem-GridColumn--default--12">
<div class="layout-container">
<div id="separator-d2a615ac7f" class="cmp-separator">

&nbsp;

Actividad abierta a todo el mundo y gratuita con aforo limitado a 55 personas
<b>Idioma: </b>castellano

</div>
</div>
</div>
