{"id":56337,"guid":{"rendered":"https:\/\/graf.cat\/?post_type=event&#038;p=56337"},"modified":"2026-04-18T18:34:19","modified_gmt":"2026-04-18T16:34:19","slug":"jordi-mitja-ma-brac-ansa-truc-opening","status":"publish","type":"event","link":"https:\/\/graf.cat\/es\/events\/event\/jordi-mitja-ma-brac-ansa-truc-opening\/","title":{"rendered":"M\u00e0 Bra\u00e7 Ansa Truc. Jordi Mitj\u00e0"},"content":{"rendered":"","protected":false},"excerpt":{"rendered":"","protected":false},"author":52,"featured_media":56333,"template":"","meta":{"_acf_changed":false,"_monsterinsights_skip_tracking":false,"_monsterinsights_sitenote_active":false,"_monsterinsights_sitenote_note":"","_monsterinsights_sitenote_category":0},"event-venues":[53],"event-tags":[],"class_list":["post-56337","event","type-event","status-publish","has-post-thumbnail","hentry","event-venue-bombon-projects","event-category-inauguracio"],"acf":{"title_ca":"M\u00e0 Bra\u00e7 Ansa Truc. Jordi Mitj\u00e0","title_es":"M\u00e0 Bra\u00e7 Ansa Truc. Jordi Mitj\u00e0","title_en":"M\u00e0 Bra\u00e7 Ansa Truc. Jordi Mitj\u00e0","desc_ca":"L'obra de Jordi Mitj\u00e0 sorgeix de l'estudi de materials particulars de la zona on viu i en la qual va cr\u00e9ixer, fruit d'un proc\u00e9s ambivalent d'acumulaci\u00f3 i rebuig del coneixement. La seva pr\u00e0ctica opera des d\u2019una l\u00f2gica apropiacionista, que reflexiona sobre l\u2019acte creatiu i difumina els conceptes d\u2019autoria i anonimat, construcci\u00f3 i destrucci\u00f3, rel\u00edquia i vestigi.\r\n\r\nA trav\u00e9s de les seves obres ret homenatge a la seva fascinaci\u00f3 per el vestigi local, sovint imperceptible des d'una perspectiva global. Mitj\u00e0 recull residus i objectes descartats i rastreja el territori etnogr\u00e0ficament com si intent\u00e9s descriure el paisatge que l'envolta.","desc_es":"La obra de Jordi Mitj\u00e0 surge del estudio de materiales particulares de la zona donde vive y en la que creci\u00f3, fruto de un proceso ambivalente de acumulaci\u00f3n y rechazo del conocimiento. Su pr\u00e1ctica opera desde una l\u00f3gica apropiacionista, que reflexiona sobre el acto creativo y difumina los conceptos de autor\u00eda y anonimato, construcci\u00f3n y destrucci\u00f3n, reliquia y vestigio.\r\n\r\nA trav\u00e9s de sus obras de arte rinde homenaje a su fascinaci\u00f3n por el vestigio local, a menudo imperceptible desde una perspectiva global. Mitj\u00e0 recoge residuos y objetos descartados y rastrea el territorio etnogr\u00e1ficamente como si intentase describir el paisaje que le envuelve.","desc_en":"This content is not available in English.\r\nYou can consult it in Catalan or Spanish.","event_category":189,"event_show_only_own_date":true,"_event_confirmed":true,"_event_public":true,"_event_free":true,"_event_price-min":"","_event_price-max":"","_event_web_ca":"https:\/\/www.bombonprojects.com\/exhibitions\/ma-brac-ansa-truc\/","_event_web_es":"https:\/\/www.bombonprojects.com\/exhibitions\/ma-brac-ansa-truc\/","_event_web_en":"https:\/\/www.bombonprojects.com\/exhibitions\/ma-brac-ansa-truc\/","event_contact_email":"","event_apply_email":"","is_online_event":false,"is_art_nou_event":false,"is_bgw_event":false,"date_text":"","register_deadline":null,"altres_organitzadors":""},"abe_event_venue":"Bombon projects","abe_event_category":"Inauguraci\u00f3","start":"2026-04-23 18:00:00","end":"2026-04-23 21:00:00","schedule":"once","schedule_meta":"","frequency":1,"all_day":0,"until":"2026-04-23 18:00:00","include":[],"exclude":[],"_links":{"self":[{"href":"https:\/\/graf.cat\/es\/wp-json\/wp\/v2\/events\/56337","targetHints":{"allow":["GET"]}}],"collection":[{"href":"https:\/\/graf.cat\/es\/wp-json\/wp\/v2\/events"}],"about":[{"href":"https:\/\/graf.cat\/es\/wp-json\/wp\/v2\/types\/event"}],"author":[{"embeddable":true,"href":"https:\/\/graf.cat\/es\/wp-json\/wp\/v2\/users\/52"}],"occurrences":[{"embeddable":true,"href":"https:\/\/graf.cat\/es\/wp-json\/wp\/v2\/events\/56337\/occurrences"}],"acf:term":[{"embeddable":true,"taxonomy":"event-category","href":"https:\/\/graf.cat\/es\/wp-json\/wp\/v2\/event-category\/189"}],"wp:featuredmedia":[{"embeddable":true,"href":"https:\/\/graf.cat\/es\/wp-json\/wp\/v2\/media\/56333"}],"wp:attachment":[{"href":"https:\/\/graf.cat\/es\/wp-json\/wp\/v2\/media?parent=56337"}],"wp:term":[{"taxonomy":"event-venue","embeddable":true,"href":"https:\/\/graf.cat\/es\/wp-json\/wp\/v2\/event-venues?post=56337"},{"taxonomy":"event-tag","embeddable":true,"href":"https:\/\/graf.cat\/es\/wp-json\/wp\/v2\/event-tags?post=56337"}],"curies":[{"name":"wp","href":"https:\/\/api.w.org\/{rel}","templated":true}]}}

Mà Braç Ansa Truc. Jordi Mitjà

L'obra de Jordi Mitjà sorgeix de l'estudi de materials particulars de la zona on viu i en la qual va créixer, fruit d'un procés ambivalent d'acumulació i rebuig del coneixement. La seva pràctica opera des d’una lògica apropiacionista, que reflexiona sobre l’acte creatiu i difumina els conceptes d’autoria i anonimat, construcció i destrucció, relíquia i vestigi.

A través de les seves obres ret homenatge a la seva fascinació per el vestigi local, sovint imperceptible des d'una perspectiva global. Mitjà recull residus i objectes descartats i rastreja el territori etnogràficament com si intentés descriure el paisatge que l'envolta.

La obra de Jordi Mitjà surge del estudio de materiales particulares de la zona donde vive y en la que creció, fruto de un proceso ambivalente de acumulación y rechazo del conocimiento. Su práctica opera desde una lógica apropiacionista, que reflexiona sobre el acto creativo y difumina los conceptos de autoría y anonimato, construcción y destrucción, reliquia y vestigio.

A través de sus obras de arte rinde homenaje a su fascinación por el vestigio local, a menudo imperceptible desde una perspectiva global. Mitjà recoge residuos y objetos descartados y rastrea el territorio etnográficamente como si intentase describir el paisaje que le envuelve.

Inauguració
