{"id":56653,"guid":{"rendered":"https:\/\/graf.cat\/?post_type=event&#038;p=56653"},"modified":"2026-04-25T21:29:34","modified_gmt":"2026-04-25T19:29:34","slug":"el-vitalismo-del-color-teresa-vall-palou","status":"publish","type":"event","link":"https:\/\/graf.cat\/es\/events\/event\/el-vitalismo-del-color-teresa-vall-palou\/","title":{"rendered":"El vitalismo del color. Teresa Vall Palou"},"content":{"rendered":"","protected":false},"excerpt":{"rendered":"","protected":false},"author":80,"featured_media":56654,"template":"","meta":{"_acf_changed":false,"_monsterinsights_skip_tracking":false,"_monsterinsights_sitenote_active":false,"_monsterinsights_sitenote_note":"","_monsterinsights_sitenote_category":0},"event-venues":[465],"event-tags":[],"class_list":["post-56653","event","type-event","status-publish","has-post-thumbnail","hentry","event-venue-galeria-miguel-marcos","event-category-exposicio"],"acf":{"title_ca":"El vitalismo del color. Teresa Vall Palou","title_es":"El vitalismo del color. Teresa Vall Palou","title_en":"El vitalismo del color. Teresa Vall Palou","desc_ca":"La Galeria Miguel Marcos acull per primera vegada l\u2019obra de <b>Teresa Vall Palou<\/b> (Lleida,\r\n1951) amb l\u2019exposici\u00f3 <em>El vitalisme del color<\/em>. Aquesta presentaci\u00f3 suposa una oportunitat per acostar-se a l\u2019univers d\u2019una creadora de traject\u00f2ria s\u00f2lida, la pr\u00e0ctica de la qual s\u2019ha\u00a0 desenvolupat des de mitjan d\u00e8cada de 1990 a partir de la recerca pl\u00e0stica, l\u2019experimentaci\u00f3 formal i una constant indagaci\u00f3 introspectiva. Tot i que va iniciar la seva formaci\u00f3 en l\u2019\u00e0mbit de les ci\u00e8ncies, en l\u2019especialitat de veterin\u00e0ria, aviat va decidir reorientar el seu cam\u00ed cap a la creaci\u00f3 art\u00edstica.\r\n\r\nLa seva obra s\u2019articula com un proc\u00e9s continu de cerca, on la intu\u00efci\u00f3 i la reflexi\u00f3 conviuen en equilibri. Amb un enfocament clarament interdisciplinari, Vall Palou transita per diversos llenguatges \u2014pintura, gravat, dibuix, escultura o cer\u00e0mica\u2014, mantenint en tots ells una coher\u00e8ncia tant conceptual com formal. En aquest recorregut, la natura s\u2019erigeix en un referent persistent, aix\u00ed com el desig de traslladar al pla pl\u00e0stic, mitjan\u00e7ant el color i la mat\u00e8ria, les tensions i emocions pr\u00f2pies de l\u2019experi\u00e8ncia humana.","desc_es":"La Galer\u00eda Miguel Marcos acoge por primera vez la obra de <b>Teresa Vall Palou<\/b> (Lleida,\r\n1951) con la exposici\u00f3n <em>El vitalismo del color<\/em>. Esta presentaci\u00f3n supone una oportunidad\r\npara acercarse al universo de una creadora de s\u00f3lida trayectoria, cuya pr\u00e1ctica se ha\r\ndesarrollado desde mediados de la d\u00e9cada de 1990 a partir de la investigaci\u00f3n pl\u00e1stica,\r\nla experimentaci\u00f3n formal y una constante indagaci\u00f3n introspectiva. Aunque inici\u00f3 su\r\nformaci\u00f3n en el \u00e1mbito de las ciencias, en la especialidad de veterinaria, pronto decidi\u00f3\r\nreorientar su camino hacia la creaci\u00f3n art\u00edstica.\r\n\r\nSu trabajo se articula como un proceso continuo de b\u00fasqueda, donde la intuici\u00f3n y la\r\nreflexi\u00f3n conviven en equilibrio. Con un enfoque claramente interdisciplinar, Vall Palou transita\r\npor distintos lenguajes \u2014pintura, grabado, dibujo, escultura o cer\u00e1mica\u2014, manteniendo en\r\ntodos ellos una coherencia tanto conceptual como formal. En este recorrido, la naturaleza\r\nse erige como un referente persistente, as\u00ed como el deseo de trasladar al plano pl\u00e1stico,\r\nmediante el color y la materia, las tensiones y emociones propias de la experiencia humana.","desc_en":"Miguel Marcos Gallery presents, for the first time, the work of <b>Teresa Vall Palou<\/b> (Lleida, 1951) with the exhibition The Vitalism of Color. This presentation offers an opportunity to approach the universe of an artist with a solid career, whose practice has developed since the mid-1990s through plastic research, formal experimentation, and a constant introspective inquiry. Although she began her studies in the field of sciences, specializing in veterinary medicine, she soon decided to redirect her path toward artistic creation.\r\n\r\nHer work is articulated as a continuous process of search, where intuition and reflection coexist in balance. With a clearly interdisciplinary approach, Vall Palou moves through\r\ndifferent languages\u2014painting, printmaking, drawing, sculpture, and ceramics\u2014maintaining\r\nin all of them both conceptual and formal coherence. Throughout this journey, nature\r\nstands as a persistent reference, as does the desire to translate into the plastic plane,\r\nthrough color and matter, the tensions and emotions inherent to human experience.","event_category":103,"event_show_only_own_date":true,"_event_confirmed":true,"_event_public":true,"_event_free":true,"_event_price-min":"","_event_price-max":"","_event_web_ca":"https:\/\/www.miguelmarcos.com\/","_event_web_es":"https:\/\/www.miguelmarcos.com\/","_event_web_en":"https:\/\/www.miguelmarcos.com\/","event_contact_email":"","event_apply_email":"","is_online_event":false,"is_art_nou_event":false,"is_bgw_event":false,"date_text":"","register_deadline":null,"altres_organitzadors":""},"abe_event_venue":"Galer\u00eda Miguel Marcos","abe_event_category":"Exposici\u00f3","start":"2026-05-12 00:00:00","end":"2026-06-30 23:59:00","schedule":"once","schedule_meta":"","frequency":1,"all_day":1,"until":"2026-05-12 00:00:00","include":[],"exclude":[],"_links":{"self":[{"href":"https:\/\/graf.cat\/es\/wp-json\/wp\/v2\/events\/56653","targetHints":{"allow":["GET"]}}],"collection":[{"href":"https:\/\/graf.cat\/es\/wp-json\/wp\/v2\/events"}],"about":[{"href":"https:\/\/graf.cat\/es\/wp-json\/wp\/v2\/types\/event"}],"author":[{"embeddable":true,"href":"https:\/\/graf.cat\/es\/wp-json\/wp\/v2\/users\/80"}],"occurrences":[{"embeddable":true,"href":"https:\/\/graf.cat\/es\/wp-json\/wp\/v2\/events\/56653\/occurrences"}],"acf:term":[{"embeddable":true,"taxonomy":"event-category","href":"https:\/\/graf.cat\/es\/wp-json\/wp\/v2\/event-category\/103"}],"wp:featuredmedia":[{"embeddable":true,"href":"https:\/\/graf.cat\/es\/wp-json\/wp\/v2\/media\/56654"}],"wp:attachment":[{"href":"https:\/\/graf.cat\/es\/wp-json\/wp\/v2\/media?parent=56653"}],"wp:term":[{"taxonomy":"event-venue","embeddable":true,"href":"https:\/\/graf.cat\/es\/wp-json\/wp\/v2\/event-venues?post=56653"},{"taxonomy":"event-tag","embeddable":true,"href":"https:\/\/graf.cat\/es\/wp-json\/wp\/v2\/event-tags?post=56653"}],"curies":[{"name":"wp","href":"https:\/\/api.w.org\/{rel}","templated":true}]}}

La Galeria Miguel Marcos acull per primera vegada l’obra de <b>Teresa Vall Palou</b> (Lleida,
1951) amb l’exposició <em>El vitalisme del color</em>. Aquesta presentació suposa una oportunitat per acostar-se a l’univers d’una creadora de trajectòria sòlida, la pràctica de la qual s’ha  desenvolupat des de mitjan dècada de 1990 a partir de la recerca plàstica, l’experimentació formal i una constant indagació introspectiva. Tot i que va iniciar la seva formació en l’àmbit de les ciències, en l’especialitat de veterinària, aviat va decidir reorientar el seu camí cap a la creació artística.

La seva obra s’articula com un procés continu de cerca, on la intuïció i la reflexió conviuen en equilibri. Amb un enfocament clarament interdisciplinari, Vall Palou transita per diversos llenguatges —pintura, gravat, dibuix, escultura o ceràmica—, mantenint en tots ells una coherència tant conceptual com formal. En aquest recorregut, la natura s’erigeix en un referent persistent, així com el desig de traslladar al pla plàstic, mitjançant el color i la matèria, les tensions i emocions pròpies de l’experiència humana.

La Galería Miguel Marcos acoge por primera vez la obra de <b>Teresa Vall Palou</b> (Lleida,
1951) con la exposición <em>El vitalismo del color</em>. Esta presentación supone una oportunidad
para acercarse al universo de una creadora de sólida trayectoria, cuya práctica se ha
desarrollado desde mediados de la década de 1990 a partir de la investigación plástica,
la experimentación formal y una constante indagación introspectiva. Aunque inició su
formación en el ámbito de las ciencias, en la especialidad de veterinaria, pronto decidió
reorientar su camino hacia la creación artística.

Su trabajo se articula como un proceso continuo de búsqueda, donde la intuición y la
reflexión conviven en equilibrio. Con un enfoque claramente interdisciplinar, Vall Palou transita
por distintos lenguajes —pintura, grabado, dibujo, escultura o cerámica—, manteniendo en
todos ellos una coherencia tanto conceptual como formal. En este recorrido, la naturaleza
se erige como un referente persistente, así como el deseo de trasladar al plano plástico,
mediante el color y la materia, las tensiones y emociones propias de la experiencia humana.

Galería Miguel Marcos

Exposició
