{"id":56809,"guid":{"rendered":"https:\/\/graf.cat\/?post_type=event&#038;p=56809"},"modified":"2026-04-30T11:53:47","modified_gmt":"2026-04-30T09:53:47","slug":"territoris-visuals-taller-dintervencio-creativa-amb-les-imatges-al-voltant-dels-paisatges-en-lobra-dangel-jove","status":"publish","type":"event","link":"https:\/\/graf.cat\/es\/events\/event\/territoris-visuals-taller-dintervencio-creativa-amb-les-imatges-al-voltant-dels-paisatges-en-lobra-dangel-jove\/","title":{"rendered":"Territoris visuals. Taller d\u2019intervenci\u00f3 creativa amb les imatges al voltant dels paisatges en l\u2019obra d\u2019\u00c0ngel Jov\u00e9"},"content":{"rendered":"","protected":false},"excerpt":{"rendered":"","protected":false},"author":8,"featured_media":56810,"template":"","meta":{"_acf_changed":false,"_monsterinsights_skip_tracking":false,"_monsterinsights_sitenote_active":false,"_monsterinsights_sitenote_note":"","_monsterinsights_sitenote_category":0},"event-venues":[734],"event-tags":[],"class_list":["post-56809","event","type-event","status-publish","has-post-thumbnail","hentry","event-venue-museu-tapies","event-category-taller"],"acf":{"title_ca":"Territoris visuals. Taller d\u2019intervenci\u00f3 creativa amb les imatges al voltant dels paisatges en l\u2019obra d\u2019\u00c0ngel Jov\u00e9","title_es":"Territorios visuales. Taller de intervenci\u00f3n creativa con las im\u00e1genes en torno a los paisajes en la obra de \u00c0ngel Jov\u00e9","title_en":"Visual Territories. Creative intervention workshop with images exploring landscapes in the work of \u00c0ngel Jov\u00e9","desc_ca":"<p class=\"p1\">Taller d\u2019intervenci\u00f3 creativa al voltant dels paisatges en l\u2019obra d\u2019\u00c0ngel Jov\u00e9, des de la narrativa fotogr\u00e0fica i la pr\u00e0ctica compartida, explorant imatges i materials dins la po\u00e8tica de l\u2019<i>arte povera.<\/i>\u00a0A c\u00e0rrec de M\u00f3n Casas (CliCme\u00b7educaci\u00f3).<\/p>\r\n<p class=\"p1\">M\u00f3n Casas \u00e9s fot\u00f2grafa, docent, investigadora, comiss\u00e0ria i mediadora cultural, que desenvolupa la seva faceta educativa i de mediaci\u00f3 art\u00edstica des de CliCme\u00b7educaci\u00f3, dissenyant projectes, exposicions i tallers per a museus, arxius i altres institucions culturals.<\/p>\r\n<p class=\"p1\">Activitat adre\u00e7ada a persones interessades en les arts i l\u2019educaci\u00f3. No cal experi\u00e8ncia pr\u00e8via.<\/p>","desc_es":"<p class=\"p1\">Taller de intervenci\u00f3n creativa en torno a los paisajes en la obra de \u00c0ngel Jov\u00e9, desde la narrativa fotogr\u00e1fica y la pr\u00e1ctica compartida, explorando im\u00e1genes y materiales dentro de la po\u00e9tica del\u00a0<i>arte povera<\/i>. A cargo de M\u00f3n Casas (CliCme\u00b7educaci\u00f3).<\/p>\r\n<p class=\"p1\">M\u00f3n Casas es fot\u00f3grafa, docente, investigadora, comisaria y mediadora cultural, que desarrolla su faceta educativa y de mediaci\u00f3n art\u00edstica desde CliCme\u00b7educaci\u00f3, dise\u00f1ando proyectos, exposiciones y talleres para museos, archivos y otras instituciones culturales.<\/p>\r\n<p class=\"p1\">Actividad dirigida a personas interesadas en las artes y la educaci\u00f3n. No se requiere experiencia previa.<\/p>","desc_en":"<p class=\"p1\">Creative intervention workshop focused on landscapes in the work of \u00c0ngel Jov\u00e9, using photographic narrative and shared practice, exploring images and materials within the poetics of<i>\u00a0Arte Povera. Led by M\u00f3n Casas (CliCme\u00b7educaci\u00f3).<\/i><\/p>\r\n<p class=\"p1\">M\u00f3n Casas is a photographer, educator, researcher, curator, and cultural mediator, who develops her educational and artistic mediation work through\u00a0<i>CliCme\u00b7educaci\u00f3<\/i>, designing projects, exhibitions, and workshops for museums, archives, and other cultural institutions.<\/p>\r\n<p class=\"p1\">This activity is aimed at people interested in the arts and education. No prior experience is required.<\/p>","event_category":235,"event_show_only_own_date":true,"_event_confirmed":true,"_event_public":true,"_event_free":false,"_event_price-min":10,"_event_price-max":"","_event_web_ca":"https:\/\/museutapies.org\/event\/territoris-visuals-taller-dintervencio-creativa-amb-les-imatges-al-voltant-dels-paisatges-en-lobra-dangel-jove\/","_event_web_es":"https:\/\/museutapies.org\/es\/event\/territorios-visuales-taller-de-intervencion-creativa-con-las-imagenes-en-torno-a-los-paisajes-en-la-obra-de-angel-jove-2\/","_event_web_en":"https:\/\/museutapies.org\/en\/event\/territoris-visuals-taller\/","event_contact_email":"","event_apply_email":"","is_online_event":false,"is_art_nou_event":false,"is_bgw_event":false,"date_text":"","register_deadline":null,"altres_organitzadors":""},"abe_event_venue":"Museu T\u00e0pies","abe_event_category":"Taller","start":"2026-05-09 11:00:00","end":"2026-05-09 13:00:00","schedule":"once","schedule_meta":"","frequency":1,"all_day":0,"until":"2026-05-09 11:00:00","include":[],"exclude":[],"_links":{"self":[{"href":"https:\/\/graf.cat\/es\/wp-json\/wp\/v2\/events\/56809","targetHints":{"allow":["GET"]}}],"collection":[{"href":"https:\/\/graf.cat\/es\/wp-json\/wp\/v2\/events"}],"about":[{"href":"https:\/\/graf.cat\/es\/wp-json\/wp\/v2\/types\/event"}],"author":[{"embeddable":true,"href":"https:\/\/graf.cat\/es\/wp-json\/wp\/v2\/users\/8"}],"occurrences":[{"embeddable":true,"href":"https:\/\/graf.cat\/es\/wp-json\/wp\/v2\/events\/56809\/occurrences"}],"acf:term":[{"embeddable":true,"taxonomy":"event-category","href":"https:\/\/graf.cat\/es\/wp-json\/wp\/v2\/event-category\/235"}],"wp:featuredmedia":[{"embeddable":true,"href":"https:\/\/graf.cat\/es\/wp-json\/wp\/v2\/media\/56810"}],"wp:attachment":[{"href":"https:\/\/graf.cat\/es\/wp-json\/wp\/v2\/media?parent=56809"}],"wp:term":[{"taxonomy":"event-venue","embeddable":true,"href":"https:\/\/graf.cat\/es\/wp-json\/wp\/v2\/event-venues?post=56809"},{"taxonomy":"event-tag","embeddable":true,"href":"https:\/\/graf.cat\/es\/wp-json\/wp\/v2\/event-tags?post=56809"}],"curies":[{"name":"wp","href":"https:\/\/api.w.org\/{rel}","templated":true}]}}

Territoris visuals. Taller d’intervenció creativa amb les imatges al voltant dels paisatges en l’obra d’Àngel Jové

Territorios visuales. Taller de intervención creativa con las imágenes en torno a los paisajes en la obra de Àngel Jové

Visual Territories. Creative intervention workshop with images exploring landscapes in the work of Àngel Jové

<p class="p1">Taller d’intervenció creativa al voltant dels paisatges en l’obra d’Àngel Jové, des de la narrativa fotogràfica i la pràctica compartida, explorant imatges i materials dins la poètica de l’<i>arte povera.</i> A càrrec de Món Casas (CliCme·educació).</p>
<p class="p1">Món Casas és fotògrafa, docent, investigadora, comissària i mediadora cultural, que desenvolupa la seva faceta educativa i de mediació artística des de CliCme·educació, dissenyant projectes, exposicions i tallers per a museus, arxius i altres institucions culturals.</p>
<p class="p1">Activitat adreçada a persones interessades en les arts i l’educació. No cal experiència prèvia.</p>

<p class="p1">Taller de intervención creativa en torno a los paisajes en la obra de Àngel Jové, desde la narrativa fotográfica y la práctica compartida, explorando imágenes y materiales dentro de la poética del <i>arte povera</i>. A cargo de Món Casas (CliCme·educació).</p>
<p class="p1">Món Casas es fotógrafa, docente, investigadora, comisaria y mediadora cultural, que desarrolla su faceta educativa y de mediación artística desde CliCme·educació, diseñando proyectos, exposiciones y talleres para museos, archivos y otras instituciones culturales.</p>
<p class="p1">Actividad dirigida a personas interesadas en las artes y la educación. No se requiere experiencia previa.</p>

<p class="p1">Creative intervention workshop focused on landscapes in the work of Àngel Jové, using photographic narrative and shared practice, exploring images and materials within the poetics of<i> Arte Povera. Led by Món Casas (CliCme·educació).</i></p>
<p class="p1">Món Casas is a photographer, educator, researcher, curator, and cultural mediator, who develops her educational and artistic mediation work through <i>CliCme·educació</i>, designing projects, exhibitions, and workshops for museums, archives, and other cultural institutions.</p>
<p class="p1">This activity is aimed at people interested in the arts and education. No prior experience is required.</p>

Museu Tàpies
