{"id":56817,"guid":{"rendered":"https:\/\/graf.cat\/?post_type=event&#038;p=56817"},"modified":"2026-04-30T12:05:07","modified_gmt":"2026-04-30T10:05:07","slug":"visita-comentada-a-lexposicio-dangel-jove-a-carrec-de-la-comissaria-maria-josep-balsach","status":"publish","type":"event","link":"https:\/\/graf.cat\/es\/events\/event\/visita-comentada-a-lexposicio-dangel-jove-a-carrec-de-la-comissaria-maria-josep-balsach\/","title":{"rendered":"Visita comentada a l&#8217;exposici\u00f3 d&#8217;\u00c0ngel Jov\u00e9 a c\u00e0rrec de la comiss\u00e0ria: Maria Josep Balsach"},"content":{"rendered":"","protected":false},"excerpt":{"rendered":"","protected":false},"author":8,"featured_media":56821,"template":"","meta":{"_acf_changed":false,"_monsterinsights_skip_tracking":false,"_monsterinsights_sitenote_active":false,"_monsterinsights_sitenote_note":"","_monsterinsights_sitenote_category":0},"event-venues":[734],"event-tags":[],"class_list":["post-56817","event","type-event","status-publish","has-post-thumbnail","hentry","event-venue-museu-tapies","event-category-visita-guiada"],"acf":{"title_ca":"Visita comentada a l'exposici\u00f3 d'\u00c0ngel Jov\u00e9 a c\u00e0rrec de la comiss\u00e0ria: Maria Josep Balsach","title_es":"Visita comentada a la exposici\u00f3n de \u00c0ngel Jov\u00e9 a cargo de la comisaria: Maria Josep Balsach","title_en":"Guided visit to the exhibition of \u00c0ngel Jov\u00e9 led by the curator: Maria Josep Balsach","desc_ca":"Cicle de visites comentades a c\u00e0rrec dels comissaris de les exposicions vigents al Museu T\u00e0pies. Una oportunitat \u00fanica per visitar les mostres de la m\u00e0 dels experts.\r\n\r\nDijous, 14 de maig de 2026, a les 18 h, tindr\u00e0 lloc la visita comentada a l\u2019exposici\u00f3\u00a0<em><a href=\"https:\/\/museutapies.org\/exposicio\/angel-jove-de-intactu\/\" target=\"_blank\" rel=\"noopener\" data-saferedirecturl=\"https:\/\/www.google.com\/url?q=https:\/\/museutapies.org\/exposicio\/angel-jove-de-intactu\/&amp;source=gmail&amp;ust=1777624993445000&amp;usg=AOvVaw0tU3g1q-5Vt0X3w8vd7ekJ\">\u00c0ngel Jov\u00e9. De intactu<\/a>,<\/em>\u00a0a c\u00e0rrec de Maria Josep Balsach, comiss\u00e0ria de la mostra.\u00a0Maria Josep Balsach \u00e9s historiadora de l'art, professora\u00a0i directora em\u00e8rita de la C\u00e0tedra d\u2019Art i Cultura\u00a0Contemporanis de la Universitat de Girona.","desc_es":"<p data-start=\"200\" data-end=\"399\">Ciclo de visitas comentadas a cargo de los comisarios de las exposiciones vigentes en el <span class=\"hover:entity-accent entity-underline inline cursor-pointer align-baseline\"><span class=\"whitespace-normal\">Museu T\u00e0pies<\/span><\/span>. Una oportunidad \u00fanica para visitar las muestras de la mano de expertos.<\/p>\r\n<p data-start=\"401\" data-end=\"726\">El jueves 14 de mayo de 2026, a las 18 h, tendr\u00e1 lugar la visita comentada a la exposici\u00f3n <em data-start=\"492\" data-end=\"516\">\u00c0ngel Jov\u00e9. De intactu<\/em>, a cargo de Maria Josep Balsach, comisaria de la muestra. Maria Josep Balsach es historiadora del arte, profesora y directora em\u00e9rita de la C\u00e1tedra de Arte y Cultura Contempor\u00e1neos de la Universidad de Girona.<\/p>","desc_en":"<p data-start=\"923\" data-end=\"1111\">A series of guided visits led by the curators of the current exhibitions at the <span class=\"hover:entity-accent entity-underline inline cursor-pointer align-baseline\"><span class=\"whitespace-normal\">Museu T\u00e0pies<\/span><\/span>. A unique opportunity to visit the exhibitions accompanied by experts.<\/p>\r\n<p data-start=\"1113\" data-end=\"1427\" data-is-last-node=\"\" data-is-only-node=\"\">On Thursday, May 14, 2026, at 6 p.m., a guided visit to the exhibition <em data-start=\"1184\" data-end=\"1208\">\u00c0ngel Jov\u00e9. De intactu<\/em> will take place, led by Maria Josep Balsach, curator of the exhibition. Maria Josep Balsach is an art historian, professor, and emerita director of the Chair in Contemporary Art and Culture at the University of Girona.<\/p>","event_category":245,"event_show_only_own_date":true,"_event_confirmed":true,"_event_public":true,"_event_free":true,"_event_price-min":"","_event_price-max":"","_event_web_ca":"https:\/\/museutapies.org\/event\/visites-comentades-a-les-exposicions-a-carrec-dels-comissaris\/","_event_web_es":"https:\/\/museutapies.org\/es\/event\/visitas-comentadas-a-las-exposiciones-a-cargo-de-los-comisarios\/","_event_web_en":"https:\/\/museutapies.org\/en\/event\/guided-tours-of-the-exhibitions-led-by-the-curators\/","event_contact_email":"","event_apply_email":"","is_online_event":false,"is_art_nou_event":false,"is_bgw_event":false,"date_text":"","register_deadline":null,"altres_organitzadors":""},"abe_event_venue":"Museu T\u00e0pies","abe_event_category":"Visita guiada","start":"2026-05-14 18:00:00","end":"2026-05-14 19:00:00","schedule":"once","schedule_meta":"","frequency":1,"all_day":0,"until":"2026-05-14 18:00:00","include":[],"exclude":[],"_links":{"self":[{"href":"https:\/\/graf.cat\/es\/wp-json\/wp\/v2\/events\/56817","targetHints":{"allow":["GET"]}}],"collection":[{"href":"https:\/\/graf.cat\/es\/wp-json\/wp\/v2\/events"}],"about":[{"href":"https:\/\/graf.cat\/es\/wp-json\/wp\/v2\/types\/event"}],"author":[{"embeddable":true,"href":"https:\/\/graf.cat\/es\/wp-json\/wp\/v2\/users\/8"}],"occurrences":[{"embeddable":true,"href":"https:\/\/graf.cat\/es\/wp-json\/wp\/v2\/events\/56817\/occurrences"}],"acf:term":[{"embeddable":true,"taxonomy":"event-category","href":"https:\/\/graf.cat\/es\/wp-json\/wp\/v2\/event-category\/245"}],"wp:featuredmedia":[{"embeddable":true,"href":"https:\/\/graf.cat\/es\/wp-json\/wp\/v2\/media\/56821"}],"wp:attachment":[{"href":"https:\/\/graf.cat\/es\/wp-json\/wp\/v2\/media?parent=56817"}],"wp:term":[{"taxonomy":"event-venue","embeddable":true,"href":"https:\/\/graf.cat\/es\/wp-json\/wp\/v2\/event-venues?post=56817"},{"taxonomy":"event-tag","embeddable":true,"href":"https:\/\/graf.cat\/es\/wp-json\/wp\/v2\/event-tags?post=56817"}],"curies":[{"name":"wp","href":"https:\/\/api.w.org\/{rel}","templated":true}]}}

Visita comentada a l&#8217;exposició d&#8217;Àngel Jové a càrrec de la comissària: Maria Josep Balsach

Visita comentada a l'exposició d'Àngel Jové a càrrec de la comissària: Maria Josep Balsach

Visita comentada a la exposición de Àngel Jové a cargo de la comisaria: Maria Josep Balsach

Guided visit to the exhibition of Àngel Jové led by the curator: Maria Josep Balsach

Cicle de visites comentades a càrrec dels comissaris de les exposicions vigents al Museu Tàpies. Una oportunitat única per visitar les mostres de la mà dels experts.

Dijous, 14 de maig de 2026, a les 18 h, tindrà lloc la visita comentada a l’exposició <em><a href="https://museutapies.org/exposicio/angel-jove-de-intactu/" target="_blank" rel="noopener" data-saferedirecturl="https://www.google.com/url?q=https://museutapies.org/exposicio/angel-jove-de-intactu/&amp;source=gmail&amp;ust=1777624993445000&amp;usg=AOvVaw0tU3g1q-5Vt0X3w8vd7ekJ">Àngel Jové. De intactu</a>,</em> a càrrec de Maria Josep Balsach, comissària de la mostra. Maria Josep Balsach és historiadora de l'art, professora i directora emèrita de la Càtedra d’Art i Cultura Contemporanis de la Universitat de Girona.

<p data-start="200" data-end="399">Ciclo de visitas comentadas a cargo de los comisarios de las exposiciones vigentes en el <span class="hover:entity-accent entity-underline inline cursor-pointer align-baseline"><span class="whitespace-normal">Museu Tàpies</span></span>. Una oportunidad única para visitar las muestras de la mano de expertos.</p>
<p data-start="401" data-end="726">El jueves 14 de mayo de 2026, a las 18 h, tendrá lugar la visita comentada a la exposición <em data-start="492" data-end="516">Àngel Jové. De intactu</em>, a cargo de Maria Josep Balsach, comisaria de la muestra. Maria Josep Balsach es historiadora del arte, profesora y directora emérita de la Cátedra de Arte y Cultura Contemporáneos de la Universidad de Girona.</p>

<p data-start="923" data-end="1111">A series of guided visits led by the curators of the current exhibitions at the <span class="hover:entity-accent entity-underline inline cursor-pointer align-baseline"><span class="whitespace-normal">Museu Tàpies</span></span>. A unique opportunity to visit the exhibitions accompanied by experts.</p>
<p data-start="1113" data-end="1427" data-is-last-node="" data-is-only-node="">On Thursday, May 14, 2026, at 6 p.m., a guided visit to the exhibition <em data-start="1184" data-end="1208">Àngel Jové. De intactu</em> will take place, led by Maria Josep Balsach, curator of the exhibition. Maria Josep Balsach is an art historian, professor, and emerita director of the Chair in Contemporary Art and Culture at the University of Girona.</p>

Museu Tàpies
