{"id":59603,"guid":{"rendered":"https:\/\/graf.cat\/?post_type=event&#038;p=59603"},"modified":"2026-09-03T11:07:59","modified_gmt":"2026-09-03T09:07:59","slug":"les-coses-com-son-3","status":"publish","type":"event","link":"https:\/\/graf.cat\/es\/events\/event\/les-coses-com-son-3\/","title":{"rendered":"les coses com s\u00f3n"},"content":{"rendered":"","protected":false},"excerpt":{"rendered":"","protected":false},"author":198,"featured_media":59600,"template":"","meta":{"_acf_changed":false,"_monsterinsights_skip_tracking":false},"event-venues":[],"event-tags":[],"class_list":["post-59603","event","type-event","status-publish","has-post-thumbnail","hentry","event-category-exposicio"],"acf":{"title_ca":"les coses com s\u00f3n","title_es":"les coses com s\u00f3n","title_en":"les coses com s\u00f3n","desc_ca":"<p class=\"PDq2pG_selectionAnchorContainer\"><em><strong>es coses com s\u00f3n<\/strong><\/em> \u00e9s el t\u00edtol de l'exposici\u00f3 comissariada per Mariella Franzoni, oberta del 18 de setembre al 19 de desembre del 2026 a Diputaci\u00f3 339, Barcelona.<\/p>\r\nLes artistes que formen aquesta mostra s\u00f3n Rosa Amor\u00f3s, Paula Art\u00e9s, Luc\u00eda C. Pino, Carmen Calvo, J\u00falia Creuheras, Agn\u00e8s Essonti Luque, Teresa Gancedo, Violeta Mayoral i Sejal Parekh.\r\n\r\nEn paraules de la comiss\u00e0ria Mariella Franzoni:\r\n\r\n\u201cL\u2019exposici\u00f3 reuneix nou projectes art\u00edstics que assagen noves relacions entre mat\u00e8ria, ficci\u00f3 po\u00e8tica i imaginaci\u00f3 pol\u00edtica. A trav\u00e9s del treball d\u2019artistes de diferents generacions, els recorreguts dels quals s\u2019han creuat en m\u00faltiples ocasions sense arribar, en molts casos, a trobar-se fins ara, l\u2019exposici\u00f3 ent\u00e9n la materialitat com una for\u00e7a relacional i dotada d\u2019ag\u00e8ncia, capa\u00e7 d\u2019activar noves percepcions i maneres d\u2019habitar el m\u00f3n, obrint noves possibilitats per a all\u00f2 sensible i all\u00f2 imaginable.\u201d","desc_es":"<p data-start=\"79\" data-end=\"252\"><em data-start=\"79\" data-end=\"102\"><strong data-start=\"80\" data-end=\"101\">les coses com s\u00f3n<\/strong><\/em> es el t\u00edtulo de la exposici\u00f3n comisariada por Mariella Franzoni, abierta del 18 de septiembre al 19 de diciembre de 2026 en Diputaci\u00f3 339, Barcelona.<\/p>\r\n<p data-start=\"254\" data-end=\"444\">Las artistas que forman parte de esta muestra son Rosa Amor\u00f3s, Paula Art\u00e9s, Luc\u00eda C. Pino, Carmen Calvo, J\u00falia Creuheras, Agn\u00e8s Essonti Luque, Teresa Gancedo, Violeta Mayoral y Sejal Parekh.<\/p>\r\n<p data-start=\"446\" data-end=\"493\">En palabras de la comisaria, Mariella Franzoni:<\/p>\r\n\r\n<div class=\"group relative clear-both my-4 w-full overflow-visible z-1\" data-writing-block-fullscreen-fallback-target=\"inline\">\r\n<div id=\"writing-block-234111f2-bada-4bfe-8a81-1406183df5ba\" class=\"group\/writing-block-surface relative isolate w-full min-w-0 overflow-clip rounded-[var(--oai-wb-radius)] [box-shadow:var(--oai-wb-shadow)] [color:var(--oai-wb-text-primary)] [contain:inline-size] [font-family:var(--oai-wb-font-sans)] [--wb-text-primary:var(--text-primary)] [--wb-text-secondary:var(--text-secondary)] [--wb-text-tertiary:var(--text-tertiary)] [--wb-surface-primary:var(--bg-primary)] [--wb-surface-secondary:var(--bg-tertiary)] [--wb-border:rgb(0_0_0\/7%)] [--wb-border-hover:rgb(0_0_0\/7%)] [--wb-divider:var(--border-light)] [--wb-focus:var(--border-strong)] [--wb-control-border:var(--interactive-border-focus)] [--wb-entity-accent:var(--theme-entity-accent)] [--wb-accent:var(--interactive-label-accent-default)] [--wb-on-accent:var(--bg-primary)] [--wb-interactive-background:var(--interactive-bg-accent-default)] [--wb-selection:var(--theme-user-selection-bg,var(--selection))] [--wb-radius-sm:var(--radius-sm)] [--wb-shadow-lg:var(--shadow-lg)] [--wb-font-sans:var(--font-sans)] [--wb-font-mono:var(--font-mono)] [--wb-shimmer-dark-contrast:var(--gray-550)] [--wb-shimmer-dark-secondary:var(--text-tertiary)] [--wb-radius:24px] [--wb-shadow:0_4px_80px_rgb(0_0_0\/2%)] [contain:none]\" data-oai-writing-block-surface=\"\" data-writing-block=\"true\" data-testid=\"writing-block-container\">\r\n<div class=\"pointer-events-none absolute inset-0 rounded-[inherit] z-[-1] [background:var(--oai-wb-surface-primary)] bg-token-bg-primary! dark:bg-[#2a2a2a]!\" data-writing-block-fullscreen-shell-surface=\"true\" aria-hidden=\"true\">\"La exposici\u00f3n re\u00fane nueve proyectos art\u00edsticos que ensayan nuevas relaciones entre materia, ficci\u00f3n po\u00e9tica e imaginaci\u00f3n pol\u00edtica. A trav\u00e9s del trabajo de artistas de diferentes generaciones, cuyas trayectorias se han cruzado en m\u00faltiples ocasiones sin llegar, en muchos casos, a encontrarse hasta ahora, la exposici\u00f3n entiende la materialidad como una fuerza relacional y dotada de agencia, capaz de activar nuevas percepciones y maneras de habitar el mundo, abriendo nuevas posibilidades para lo sensible y lo imaginable.\"<\/div>\r\n<div class=\"relative z-[1]\">\r\n<div class=\"z-1 relative md:sticky md:top-(--sticky-padding-top)\" data-testid=\"writing-block-header-sticky-container\">\r\n<div class=\"relative isolate flex w-full items-center justify-between gap-3 font-sans py-2.5 pe-3\" data-testid=\"writing-block-header-surface\">\r\n<div class=\"bg-token-bg-primary pointer-events-none absolute inset-0 -z-1 dark:bg-[#2a2a2a]\" aria-hidden=\"true\" data-writing-block-fullscreen-header-surface=\"true\"><\/div>\r\n<div class=\"relative z-1 flex w-full items-center justify-between gap-3\" data-writing-block-fullscreen-header-chrome=\"true\" data-writing-block-fullscreen-header-layout=\"inline\">\r\n<div class=\"flex min-w-0 grow gap-3 items-center\">\r\n<div class=\"flex min-w-0 grow items-center gap-1 self-start px-2\" data-testid=\"writing-block-header-magic-edit-layout\">\r\n<div class=\"z-2 relative flex min-w-0 items-center self-start shrink-0\" data-testid=\"writing-block-header-magic-edit-entrypoint\" data-header-magic-edit-entrypoint-version=\"v1\">\r\n<div class=\"pointer-events-none absolute inset-y-0 z-3 flex items-center\" data-testid=\"writing-block-header-magic-edit-leading-icon-slot\">\r\n<div class=\"[&amp;_svg]:h-full [&amp;_svg]:w-full icon icon size-5 shrink-0 grow-0 [color:var(--oai-wb-text-primary)]\"><\/div>\r\n<\/div>\r\n<div class=\"relative z-2 flex shrink-0 items-center gap-0.5 overflow-visible transition-opacity duration-200 ease-out opacity-100\" data-testid=\"writing-block-header-magic-edit-controls\" aria-hidden=\"false\"><\/div>\r\n<div class=\"absolute top-1\/2 z-1 flex h-9 min-w-0 shrink-0 -translate-y-1\/2 items-center overflow-hidden rounded-full border [border-color:var(--oai-wb-divider)] [background-color:var(--oai-wb-surface-primary)] transition-[width,background-color,border-color,box-shadow,opacity] duration-200 ease-out dark:bg-[#2a2a2a] pointer-events-none shadow-none\" data-testid=\"writing-block-header-magic-edit-composer\" data-state=\"collapsed\"><\/div>\r\n<\/div>\r\n<div class=\"min-w-0 flex-1\" aria-hidden=\"false\" data-testid=\"writing-block-header-magic-edit-trailing-content\"><\/div>\r\n<\/div>\r\n<\/div>\r\n<div class=\"flex shrink-0 items-center\">\r\n<div class=\"flex items-center gap-1\"><\/div>\r\n<\/div>\r\n<\/div>\r\n<\/div>\r\n<\/div>\r\n<div class=\"mt4SwW_editor [--wb-text-primary:var(--text-primary)] [--wb-text-secondary:var(--text-secondary)] [--wb-text-tertiary:var(--text-tertiary)] [--wb-surface-primary:var(--bg-primary)] [--wb-surface-secondary:var(--bg-tertiary)] [--wb-border:rgb(0_0_0\/7%)] [--wb-border-hover:rgb(0_0_0\/7%)] [--wb-divider:var(--border-light)] [--wb-focus:var(--border-strong)] [--wb-control-border:var(--interactive-border-focus)] [--wb-entity-accent:var(--theme-entity-accent)] [--wb-accent:var(--interactive-label-accent-default)] [--wb-on-accent:var(--bg-primary)] [--wb-interactive-background:var(--interactive-bg-accent-default)] [--wb-selection:var(--theme-user-selection-bg,var(--selection))] [--wb-radius-sm:var(--radius-sm)] [--wb-shadow-lg:var(--shadow-lg)] [--wb-font-sans:var(--font-sans)] [--wb-font-mono:var(--font-mono)] [--wb-shimmer-dark-contrast:var(--gray-550)] [--wb-shimmer-dark-secondary:var(--text-tertiary)] [--wb-radius:24px] [--wb-shadow:0_4px_80px_rgb(0_0_0\/2%)] [contain:none] writing-block-editor markdown-new-styling relative flow-root\" data-task-list-drag-label=\"Reordenar elemento de la lista\"><\/div>\r\n<\/div>\r\n<\/div>\r\n<\/div>","desc_en":"<p class=\"PDq2pG_selectionAnchorContainer\" data-start=\"1082\" data-end=\"1238\"><em data-start=\"1082\" data-end=\"1105\"><strong data-start=\"1083\" data-end=\"1104\">les coses com s\u00f3n<\/strong><\/em> is the title of the exhibition curated by Mariella Franzoni, open from 18 September to 19 December 2026 at Diputaci\u00f3 339, Barcelona.<\/p>\r\n<p data-start=\"1240\" data-end=\"1425\">The artists featured in the exhibition are Rosa Amor\u00f3s, Paula Art\u00e9s, Luc\u00eda C. Pino, Carmen Calvo, J\u00falia Creuheras, Agn\u00e8s Essonti Luque, Teresa Gancedo, Violeta Mayoral and Sejal Parekh.<\/p>\r\n<p data-start=\"1427\" data-end=\"1474\">In the words of the curator, Mariella Franzoni:<\/p>\r\n<p data-start=\"1427\" data-end=\"1474\">\u201cThe exhibition brings together nine artistic projects that explore new relationships between matter, poetic fiction and political imagination. Through the work of artists from different generations, whose trajectories have crossed paths on numerous occasions without, in many cases, actually meeting until now, the exhibition understands materiality as a relational force endowed with agency, capable of activating new perceptions and ways of inhabiting the world, opening up new possibilities for what can be sensed and imagined.\u201d<\/p>","event_category":103,"event_show_only_own_date":true,"_event_confirmed":true,"_event_public":true,"_event_free":true,"_event_price-min":"","_event_price-max":"","_event_web_ca":"https:\/\/fundaciouniques.art\/","_event_web_es":"https:\/\/fundaciouniques.art\/","_event_web_en":"https:\/\/fundaciouniques.art\/","event_contact_email":"hola@fundaciouniques.art","event_apply_email":"","is_online_event":false,"is_art_nou_event":false,"is_bgw_event":false,"date_text":"","register_deadline":null,"altres_organitzadors":""},"abe_event_venue":null,"abe_event_category":"Exposici\u00f3","start":"2026-09-18 00:00:00","end":"2026-12-19 23:59:00","schedule":"once","schedule_meta":"","frequency":1,"all_day":1,"until":"2026-09-18 00:00:00","include":[],"exclude":[],"_links":{"self":[{"href":"https:\/\/graf.cat\/es\/wp-json\/wp\/v2\/events\/59603","targetHints":{"allow":["GET"]}}],"collection":[{"href":"https:\/\/graf.cat\/es\/wp-json\/wp\/v2\/events"}],"about":[{"href":"https:\/\/graf.cat\/es\/wp-json\/wp\/v2\/types\/event"}],"author":[{"embeddable":true,"href":"https:\/\/graf.cat\/es\/wp-json\/wp\/v2\/users\/198"}],"occurrences":[{"embeddable":true,"href":"https:\/\/graf.cat\/es\/wp-json\/wp\/v2\/events\/59603\/occurrences"}],"acf:term":[{"embeddable":true,"taxonomy":"event-category","href":"https:\/\/graf.cat\/es\/wp-json\/wp\/v2\/event-category\/103"}],"wp:featuredmedia":[{"embeddable":true,"href":"https:\/\/graf.cat\/es\/wp-json\/wp\/v2\/media\/59600"}],"wp:attachment":[{"href":"https:\/\/graf.cat\/es\/wp-json\/wp\/v2\/media?parent=59603"}],"wp:term":[{"taxonomy":"event-venue","embeddable":true,"href":"https:\/\/graf.cat\/es\/wp-json\/wp\/v2\/event-venues?post=59603"},{"taxonomy":"event-tag","embeddable":true,"href":"https:\/\/graf.cat\/es\/wp-json\/wp\/v2\/event-tags?post=59603"}],"curies":[{"name":"wp","href":"https:\/\/api.w.org\/{rel}","templated":true}]}}

les coses com són

<p class="PDq2pG_selectionAnchorContainer"><em><strong>es coses com són</strong></em> és el títol de l'exposició comissariada per Mariella Franzoni, oberta del 18 de setembre al 19 de desembre del 2026 a Diputació 339, Barcelona.</p>
Les artistes que formen aquesta mostra són Rosa Amorós, Paula Artés, Lucía C. Pino, Carmen Calvo, Júlia Creuheras, Agnès Essonti Luque, Teresa Gancedo, Violeta Mayoral i Sejal Parekh.

En paraules de la comissària Mariella Franzoni:

“L’exposició reuneix nou projectes artístics que assagen noves relacions entre matèria, ficció poètica i imaginació política. A través del treball d’artistes de diferents generacions, els recorreguts dels quals s’han creuat en múltiples ocasions sense arribar, en molts casos, a trobar-se fins ara, l’exposició entén la materialitat com una força relacional i dotada d’agència, capaç d’activar noves percepcions i maneres d’habitar el món, obrint noves possibilitats per a allò sensible i allò imaginable.”

<p data-start="79" data-end="252"><em data-start="79" data-end="102"><strong data-start="80" data-end="101">les coses com són</strong></em> es el título de la exposición comisariada por Mariella Franzoni, abierta del 18 de septiembre al 19 de diciembre de 2026 en Diputació 339, Barcelona.</p>
<p data-start="254" data-end="444">Las artistas que forman parte de esta muestra son Rosa Amorós, Paula Artés, Lucía C. Pino, Carmen Calvo, Júlia Creuheras, Agnès Essonti Luque, Teresa Gancedo, Violeta Mayoral y Sejal Parekh.</p>
<p data-start="446" data-end="493">En palabras de la comisaria, Mariella Franzoni:</p>

<div class="group relative clear-both my-4 w-full overflow-visible z-1" data-writing-block-fullscreen-fallback-target="inline">
<div id="writing-block-234111f2-bada-4bfe-8a81-1406183df5ba" class="group/writing-block-surface relative isolate w-full min-w-0 overflow-clip rounded-[var(--oai-wb-radius)] [box-shadow:var(--oai-wb-shadow)] [color:var(--oai-wb-text-primary)] [contain:inline-size] [font-family:var(--oai-wb-font-sans)] [--wb-text-primary:var(--text-primary)] [--wb-text-secondary:var(--text-secondary)] [--wb-text-tertiary:var(--text-tertiary)] [--wb-surface-primary:var(--bg-primary)] [--wb-surface-secondary:var(--bg-tertiary)] [--wb-border:rgb(0_0_0/7%)] [--wb-border-hover:rgb(0_0_0/7%)] [--wb-divider:var(--border-light)] [--wb-focus:var(--border-strong)] [--wb-control-border:var(--interactive-border-focus)] [--wb-entity-accent:var(--theme-entity-accent)] [--wb-accent:var(--interactive-label-accent-default)] [--wb-on-accent:var(--bg-primary)] [--wb-interactive-background:var(--interactive-bg-accent-default)] [--wb-selection:var(--theme-user-selection-bg,var(--selection))] [--wb-radius-sm:var(--radius-sm)] [--wb-shadow-lg:var(--shadow-lg)] [--wb-font-sans:var(--font-sans)] [--wb-font-mono:var(--font-mono)] [--wb-shimmer-dark-contrast:var(--gray-550)] [--wb-shimmer-dark-secondary:var(--text-tertiary)] [--wb-radius:24px] [--wb-shadow:0_4px_80px_rgb(0_0_0/2%)] [contain:none]" data-oai-writing-block-surface="" data-writing-block="true" data-testid="writing-block-container">
<div class="pointer-events-none absolute inset-0 rounded-[inherit] z-[-1] [background:var(--oai-wb-surface-primary)] bg-token-bg-primary! dark:bg-[#2a2a2a]!" data-writing-block-fullscreen-shell-surface="true" aria-hidden="true">"La exposición reúne nueve proyectos artísticos que ensayan nuevas relaciones entre materia, ficción poética e imaginación política. A través del trabajo de artistas de diferentes generaciones, cuyas trayectorias se han cruzado en múltiples ocasiones sin llegar, en muchos casos, a encontrarse hasta ahora, la exposición entiende la materialidad como una fuerza relacional y dotada de agencia, capaz de activar nuevas percepciones y maneras de habitar el mundo, abriendo nuevas posibilidades para lo sensible y lo imaginable."</div>
<div class="relative z-[1]">
<div class="z-1 relative md:sticky md:top-(--sticky-padding-top)" data-testid="writing-block-header-sticky-container">
<div class="relative isolate flex w-full items-center justify-between gap-3 font-sans py-2.5 pe-3" data-testid="writing-block-header-surface">
<div class="bg-token-bg-primary pointer-events-none absolute inset-0 -z-1 dark:bg-[#2a2a2a]" aria-hidden="true" data-writing-block-fullscreen-header-surface="true"></div>
<div class="relative z-1 flex w-full items-center justify-between gap-3" data-writing-block-fullscreen-header-chrome="true" data-writing-block-fullscreen-header-layout="inline">
<div class="flex min-w-0 grow gap-3 items-center">
<div class="flex min-w-0 grow items-center gap-1 self-start px-2" data-testid="writing-block-header-magic-edit-layout">
<div class="z-2 relative flex min-w-0 items-center self-start shrink-0" data-testid="writing-block-header-magic-edit-entrypoint" data-header-magic-edit-entrypoint-version="v1">
<div class="pointer-events-none absolute inset-y-0 z-3 flex items-center" data-testid="writing-block-header-magic-edit-leading-icon-slot">
<div class="[&amp;_svg]:h-full [&amp;_svg]:w-full icon icon size-5 shrink-0 grow-0 [color:var(--oai-wb-text-primary)]"></div>
</div>
<div class="relative z-2 flex shrink-0 items-center gap-0.5 overflow-visible transition-opacity duration-200 ease-out opacity-100" data-testid="writing-block-header-magic-edit-controls" aria-hidden="false"></div>
<div class="absolute top-1/2 z-1 flex h-9 min-w-0 shrink-0 -translate-y-1/2 items-center overflow-hidden rounded-full border [border-color:var(--oai-wb-divider)] [background-color:var(--oai-wb-surface-primary)] transition-[width,background-color,border-color,box-shadow,opacity] duration-200 ease-out dark:bg-[#2a2a2a] pointer-events-none shadow-none" data-testid="writing-block-header-magic-edit-composer" data-state="collapsed"></div>
</div>
<div class="min-w-0 flex-1" aria-hidden="false" data-testid="writing-block-header-magic-edit-trailing-content"></div>
</div>
</div>
<div class="flex shrink-0 items-center">
<div class="flex items-center gap-1"></div>
</div>
</div>
</div>
</div>
<div class="mt4SwW_editor [--wb-text-primary:var(--text-primary)] [--wb-text-secondary:var(--text-secondary)] [--wb-text-tertiary:var(--text-tertiary)] [--wb-surface-primary:var(--bg-primary)] [--wb-surface-secondary:var(--bg-tertiary)] [--wb-border:rgb(0_0_0/7%)] [--wb-border-hover:rgb(0_0_0/7%)] [--wb-divider:var(--border-light)] [--wb-focus:var(--border-strong)] [--wb-control-border:var(--interactive-border-focus)] [--wb-entity-accent:var(--theme-entity-accent)] [--wb-accent:var(--interactive-label-accent-default)] [--wb-on-accent:var(--bg-primary)] [--wb-interactive-background:var(--interactive-bg-accent-default)] [--wb-selection:var(--theme-user-selection-bg,var(--selection))] [--wb-radius-sm:var(--radius-sm)] [--wb-shadow-lg:var(--shadow-lg)] [--wb-font-sans:var(--font-sans)] [--wb-font-mono:var(--font-mono)] [--wb-shimmer-dark-contrast:var(--gray-550)] [--wb-shimmer-dark-secondary:var(--text-tertiary)] [--wb-radius:24px] [--wb-shadow:0_4px_80px_rgb(0_0_0/2%)] [contain:none] writing-block-editor markdown-new-styling relative flow-root" data-task-list-drag-label="Reordenar elemento de la lista"></div>
</div>
</div>
</div>

<p class="PDq2pG_selectionAnchorContainer" data-start="1082" data-end="1238"><em data-start="1082" data-end="1105"><strong data-start="1083" data-end="1104">les coses com són</strong></em> is the title of the exhibition curated by Mariella Franzoni, open from 18 September to 19 December 2026 at Diputació 339, Barcelona.</p>
<p data-start="1240" data-end="1425">The artists featured in the exhibition are Rosa Amorós, Paula Artés, Lucía C. Pino, Carmen Calvo, Júlia Creuheras, Agnès Essonti Luque, Teresa Gancedo, Violeta Mayoral and Sejal Parekh.</p>
<p data-start="1427" data-end="1474">In the words of the curator, Mariella Franzoni:</p>
<p data-start="1427" data-end="1474">“The exhibition brings together nine artistic projects that explore new relationships between matter, poetic fiction and political imagination. Through the work of artists from different generations, whose trajectories have crossed paths on numerous occasions without, in many cases, actually meeting until now, the exhibition understands materiality as a relational force endowed with agency, capable of activating new perceptions and ways of inhabiting the world, opening up new possibilities for what can be sensed and imagined.”</p>

Exposició
