{"id":59620,"guid":{"rendered":"https:\/\/graf.cat\/?post_type=event&#038;p=59620"},"modified":"2026-09-02T13:38:26","modified_gmt":"2026-09-02T11:38:26","slug":"una-forca-del-passat","status":"publish","type":"event","link":"https:\/\/graf.cat\/es\/events\/event\/una-forca-del-passat\/","title":{"rendered":"Una for\u00e7a del passat"},"content":{"rendered":"","protected":false},"excerpt":{"rendered":"","protected":false},"author":26,"featured_media":59621,"template":"","meta":{"_acf_changed":false,"_monsterinsights_skip_tracking":false},"event-venues":[],"event-tags":[],"class_list":["post-59620","event","type-event","status-publish","has-post-thumbnail","hentry","event-category-exposicio"],"acf":{"title_ca":"Una for\u00e7a del passat","title_es":"","title_en":"","desc_ca":"\u201cUna for\u00e7a del passat\u201d reuneix una selecci\u00f3 d\u2019obres procedents, sobretot, de la Col\u00b7lecci\u00f3 d\u2019Art Contemporani de la Fundaci\u00f3 \u201cLa Caixa\u201d, un conjunt ampli i divers que constitueix una font inesgotable d\u2019idees, relats i maneres d\u2019interpretar la nostra cultura i el nostre temps. Aquesta exposici\u00f3 pren el seu t\u00edtol d\u2019un poema de Pier Paolo Pasolini per plantejar una pregunta a la qual les diverses obres i artistes responen de formes sempre diferents.\r\n\r\nLa mostra reuneix obres que remeten a pintures, escultures, mitologies i iconografies anteriors mitjan\u00e7ant la cita, l\u2019apropiaci\u00f3, l\u2019homenatge o la confrontaci\u00f3 cr\u00edtica. No per establir genealogies tancades, sin\u00f3 per obrir un di\u00e0leg entre \u00e8poques des del qual pensar el present. Perqu\u00e8 la tradici\u00f3 no \u00e9s un refugi nost\u00e0lgic: \u00e9s una font viva i, sovint, imprevisible. \u201cUna for\u00e7a del passat\u201d planteja una pregunta senzilla per\u00f2 decisiva: qu\u00e8 significa mirar enrere en un temps que sembla condemnat al present continu?","desc_es":"","desc_en":"","event_category":103,"event_show_only_own_date":true,"_event_confirmed":true,"_event_public":true,"_event_free":false,"_event_price-min":"","_event_price-max":"","_event_web_ca":"https:\/\/caixaforum.org\/ca\/barcelona\/p\/una-forca-del-passat-barcelona","_event_web_es":"","_event_web_en":"","event_contact_email":"","event_apply_email":"","is_online_event":false,"is_art_nou_event":false,"is_bgw_event":false,"date_text":"23 setembre 2026 - 10 gener 2027","register_deadline":null,"altres_organitzadors":""},"abe_event_venue":null,"abe_event_category":"Exposici\u00f3","start":"2026-09-23 00:00:00","end":"2027-01-10 23:59:00","schedule":"once","schedule_meta":"","frequency":1,"all_day":1,"until":"2026-09-23 00:00:00","include":[],"exclude":[],"_links":{"self":[{"href":"https:\/\/graf.cat\/es\/wp-json\/wp\/v2\/events\/59620","targetHints":{"allow":["GET"]}}],"collection":[{"href":"https:\/\/graf.cat\/es\/wp-json\/wp\/v2\/events"}],"about":[{"href":"https:\/\/graf.cat\/es\/wp-json\/wp\/v2\/types\/event"}],"author":[{"embeddable":true,"href":"https:\/\/graf.cat\/es\/wp-json\/wp\/v2\/users\/26"}],"occurrences":[{"embeddable":true,"href":"https:\/\/graf.cat\/es\/wp-json\/wp\/v2\/events\/59620\/occurrences"}],"acf:term":[{"embeddable":true,"taxonomy":"event-category","href":"https:\/\/graf.cat\/es\/wp-json\/wp\/v2\/event-category\/103"}],"wp:featuredmedia":[{"embeddable":true,"href":"https:\/\/graf.cat\/es\/wp-json\/wp\/v2\/media\/59621"}],"wp:attachment":[{"href":"https:\/\/graf.cat\/es\/wp-json\/wp\/v2\/media?parent=59620"}],"wp:term":[{"taxonomy":"event-venue","embeddable":true,"href":"https:\/\/graf.cat\/es\/wp-json\/wp\/v2\/event-venues?post=59620"},{"taxonomy":"event-tag","embeddable":true,"href":"https:\/\/graf.cat\/es\/wp-json\/wp\/v2\/event-tags?post=59620"}],"curies":[{"name":"wp","href":"https:\/\/api.w.org\/{rel}","templated":true}]}}

Una força del passat

“Una força del passat” reuneix una selecció d’obres procedents, sobretot, de la Col·lecció d’Art Contemporani de la Fundació “La Caixa”, un conjunt ampli i divers que constitueix una font inesgotable d’idees, relats i maneres d’interpretar la nostra cultura i el nostre temps. Aquesta exposició pren el seu títol d’un poema de Pier Paolo Pasolini per plantejar una pregunta a la qual les diverses obres i artistes responen de formes sempre diferents.

La mostra reuneix obres que remeten a pintures, escultures, mitologies i iconografies anteriors mitjançant la cita, l’apropiació, l’homenatge o la confrontació crítica. No per establir genealogies tancades, sinó per obrir un diàleg entre èpoques des del qual pensar el present. Perquè la tradició no és un refugi nostàlgic: és una font viva i, sovint, imprevisible. “Una força del passat” planteja una pregunta senzilla però decisiva: què significa mirar enrere en un temps que sembla condemnat al present continu?

Exposició
