{"id":59628,"guid":{"rendered":"https:\/\/graf.cat\/?post_type=event&#038;p=59628"},"modified":"2026-09-02T13:47:28","modified_gmt":"2026-09-02T11:47:28","slug":"martyn-live-just-claudia-dj-set","status":"publish","type":"event","link":"https:\/\/graf.cat\/es\/events\/event\/martyn-live-just-claudia-dj-set\/","title":{"rendered":"Martyn (Live) + just claudia (DJ Set)"},"content":{"rendered":"","protected":false},"excerpt":{"rendered":"","protected":false},"author":26,"featured_media":59629,"template":"","meta":{"_acf_changed":false,"_monsterinsights_skip_tracking":false},"event-venues":[],"event-tags":[],"class_list":["post-59628","event","type-event","status-publish","has-post-thumbnail","hentry","event-category-concert"],"acf":{"title_ca":"Martyn (Live) + just claudia (DJ Set)","title_es":"","title_en":"","desc_ca":"Martyn, una de les figures m\u00e9s singulars de l\u2019electr\u00f2nica contempor\u00e0nia, presenta\u00a0<em>Music for Existing<\/em>, el seu primer \u00e0lbum en vuit anys. En aquest treball abandona les estructures m\u00e9s convencionals de l\u2019electr\u00f2nica per explorar un format m\u00e9s obert, en qu\u00e8 la improvisaci\u00f3, els instruments ac\u00fastics i la interacci\u00f3 entre m\u00fasics tenen un paper protagonista.\r\n\r\nEn directe, el projecte es presenta en format banda, traslladant a l\u2019escenari una combinaci\u00f3 d\u2019electr\u00f2nica i jazz marcada per l\u2019espontane\u00eftat, les textures org\u00e0niques i els ritmes complexos. Cada interpretaci\u00f3 evoluciona de manera \u00fanica, convertint el concert en una experi\u00e8ncia viva i canviant.\r\n\r\nM\u00e9s que la presentaci\u00f3 d\u2019un disc, la proposta de Martyn \u00e9s una celebraci\u00f3 de la creaci\u00f3 musical compartida i de l\u2019escolta col\u00b7lectiva, tot reafirmant la seva traject\u00f2ria com un dels artistes m\u00e9s innovadors de l\u2019electr\u00f2nica de les \u00faltimes d\u00e8cades.\r\n\r\nLa sessi\u00f3 d\u2019obertura va a c\u00e0rrec de just claudia, DJ i resident a Barcelona vinculada a la plataforma Canino. Aquesta ocasi\u00f3 oferir\u00e0 un\u00a0<em>set<\/em>\u00a0m\u00e9s introspectiu i contemplatiu que l\u2019allunya de l\u2019enfocament centrat en la pista de ball per explorar sons, influ\u00e8ncies i detalls que amplien el seu univers musical.","desc_es":"","desc_en":"","event_category":76,"event_show_only_own_date":true,"_event_confirmed":true,"_event_public":true,"_event_free":false,"_event_price-min":10,"_event_price-max":10,"_event_web_ca":"https:\/\/caixaforum.org\/ca\/barcelona\/p\/martyn-live-just-claudia-dj-set-barcelona","_event_web_es":"","_event_web_en":"","event_contact_email":"","event_apply_email":"","is_online_event":false,"is_art_nou_event":false,"is_bgw_event":false,"date_text":"","register_deadline":null,"altres_organitzadors":""},"abe_event_venue":null,"abe_event_category":"Concert","start":"2026-11-27 21:00:00","end":"2026-11-27 21:00:00","schedule":"once","schedule_meta":"","frequency":1,"all_day":0,"until":"2026-11-27 21:00:00","include":[],"exclude":[],"_links":{"self":[{"href":"https:\/\/graf.cat\/es\/wp-json\/wp\/v2\/events\/59628","targetHints":{"allow":["GET"]}}],"collection":[{"href":"https:\/\/graf.cat\/es\/wp-json\/wp\/v2\/events"}],"about":[{"href":"https:\/\/graf.cat\/es\/wp-json\/wp\/v2\/types\/event"}],"author":[{"embeddable":true,"href":"https:\/\/graf.cat\/es\/wp-json\/wp\/v2\/users\/26"}],"occurrences":[{"embeddable":true,"href":"https:\/\/graf.cat\/es\/wp-json\/wp\/v2\/events\/59628\/occurrences"}],"acf:term":[{"embeddable":true,"taxonomy":"event-category","href":"https:\/\/graf.cat\/es\/wp-json\/wp\/v2\/event-category\/76"}],"wp:featuredmedia":[{"embeddable":true,"href":"https:\/\/graf.cat\/es\/wp-json\/wp\/v2\/media\/59629"}],"wp:attachment":[{"href":"https:\/\/graf.cat\/es\/wp-json\/wp\/v2\/media?parent=59628"}],"wp:term":[{"taxonomy":"event-venue","embeddable":true,"href":"https:\/\/graf.cat\/es\/wp-json\/wp\/v2\/event-venues?post=59628"},{"taxonomy":"event-tag","embeddable":true,"href":"https:\/\/graf.cat\/es\/wp-json\/wp\/v2\/event-tags?post=59628"}],"curies":[{"name":"wp","href":"https:\/\/api.w.org\/{rel}","templated":true}]}}

Martyn, una de les figures més singulars de l’electrònica contemporània, presenta <em>Music for Existing</em>, el seu primer àlbum en vuit anys. En aquest treball abandona les estructures més convencionals de l’electrònica per explorar un format més obert, en què la improvisació, els instruments acústics i la interacció entre músics tenen un paper protagonista.

En directe, el projecte es presenta en format banda, traslladant a l’escenari una combinació d’electrònica i jazz marcada per l’espontaneïtat, les textures orgàniques i els ritmes complexos. Cada interpretació evoluciona de manera única, convertint el concert en una experiència viva i canviant.

Més que la presentació d’un disc, la proposta de Martyn és una celebració de la creació musical compartida i de l’escolta col·lectiva, tot reafirmant la seva trajectòria com un dels artistes més innovadors de l’electrònica de les últimes dècades.

La sessió d’obertura va a càrrec de just claudia, DJ i resident a Barcelona vinculada a la plataforma Canino. Aquesta ocasió oferirà un <em>set</em> més introspectiu i contemplatiu que l’allunya de l’enfocament centrat en la pista de ball per explorar sons, influències i detalls que amplien el seu univers musical.
