{"id":4393,"date":"2017-12-28T13:37:19","date_gmt":"2017-12-28T12:37:19","guid":{"rendered":"https:\/\/graf.cat\/info\/que-es-graf\/"},"modified":"2018-04-23T14:49:27","modified_gmt":"2018-04-23T13:49:27","slug":"que-es-graf","status":"publish","type":"page","link":"https:\/\/graf.cat\/es\/info\/que-es-graf\/","title":{"rendered":"GRAF es"},"content":{"rendered":"<p><span style=\"font-weight: 400;\">La plataforma que re\u00fane la programaci\u00f3n de creaci\u00f3n contempor\u00e1nea en Catalu\u00f1a. <\/span><\/p>\n<p><span style=\"font-weight: 400;\">Una comunidad abierta, plural e interdisciplinar en la que los espacios se conectan para fortalecer un contexto cultural com\u00fan. <\/span><\/p>\n<p><span style=\"font-weight: 400;\">Una herramienta que coordina con los espacios una programaci\u00f3n consensuada que se comparte en la agenda GRAF. <\/span><\/p>\n<p><span style=\"font-weight: 400;\">La agenda que suma todas las agendas. <\/span><\/p>\n","protected":false},"excerpt":{"rendered":"<p>La plataforma que re\u00fane la programaci\u00f3n de creaci\u00f3n contempor\u00e1nea en Catalu\u00f1a. Una comunidad abierta, plural e interdisciplinar en la que los espacios se conectan para fortalecer un contexto cultural com\u00fan. Una herramienta que coordina con los espacios una programaci\u00f3n consensuada que se comparte en la agenda GRAF. La agenda que suma todas las agendas.<\/p>\n","protected":false},"author":1,"featured_media":0,"parent":4389,"menu_order":2,"comment_status":"closed","ping_status":"closed","template":"","meta":{"_acf_changed":false,"_monsterinsights_skip_tracking":false,"_monsterinsights_sitenote_active":false,"_monsterinsights_sitenote_note":"","_monsterinsights_sitenote_category":0,"footnotes":""},"class_list":["post-4393","page","type-page","status-publish","hentry"],"acf":[],"_links":{"self":[{"href":"https:\/\/graf.cat\/es\/wp-json\/wp\/v2\/pages\/4393","targetHints":{"allow":["GET"]}}],"collection":[{"href":"https:\/\/graf.cat\/es\/wp-json\/wp\/v2\/pages"}],"about":[{"href":"https:\/\/graf.cat\/es\/wp-json\/wp\/v2\/types\/page"}],"author":[{"embeddable":true,"href":"https:\/\/graf.cat\/es\/wp-json\/wp\/v2\/users\/1"}],"replies":[{"embeddable":true,"href":"https:\/\/graf.cat\/es\/wp-json\/wp\/v2\/comments?post=4393"}],"version-history":[{"count":2,"href":"https:\/\/graf.cat\/es\/wp-json\/wp\/v2\/pages\/4393\/revisions"}],"predecessor-version":[{"id":4502,"href":"https:\/\/graf.cat\/es\/wp-json\/wp\/v2\/pages\/4393\/revisions\/4502"}],"up":[{"embeddable":true,"href":"https:\/\/graf.cat\/es\/wp-json\/wp\/v2\/pages\/4389"}],"wp:attachment":[{"href":"https:\/\/graf.cat\/es\/wp-json\/wp\/v2\/media?parent=4393"}],"curies":[{"name":"wp","href":"https:\/\/api.w.org\/{rel}","templated":true}]}}

<p><span style="font-weight: 400;">La plataforma que reúne la programación de creación contemporánea en Cataluña. </span></p>
<p><span style="font-weight: 400;">Una comunidad abierta, plural e interdisciplinar en la que los espacios se conectan para fortalecer un contexto cultural común. </span></p>
<p><span style="font-weight: 400;">Una herramienta que coordina con los espacios una programación consensuada que se comparte en la agenda GRAF. </span></p>
<p><span style="font-weight: 400;">La agenda que suma todas las agendas. </span></p>

<p>La plataforma que reúne la programación de creación contemporánea en Cataluña. Una comunidad abierta, plural e interdisciplinar en la que los espacios se conectan para fortalecer un contexto cultural común. Una herramienta que coordina con los espacios una programación consensuada que se comparte en la agenda GRAF. La agenda que suma todas las agendas.</p>
